819
CDUS46 KSGX 161419
CLIRAL


CLIMATE REPORT
NATIONAL WEATHER SERVICE SAN DIEGO, CA
718 AM PDT WED APR 16 2014


...................................

...THE RIVERSIDE MUNI AIRPORT CA CLIMATE SUMMARY FOR APRIL 15 2014...

CLIMATE NORMAL PERIOD 1981 TO 2010
CLIMATE RECORD PERIOD 1893 TO 2014


WEATHER ITEM   OBSERVED TIME   RECORD YEAR NORMAL DEPARTURE LAST
                VALUE   (LST)  VALUE       VALUE  FROM      YEAR
                                                  NORMAL
..................................................................
TEMPERATURE (F)
 YESTERDAY
  MAXIMUM         85    149 PM  99    1987  75     10       68
  MINIMUM         54    537 AM  32    1913  50      4       53
  AVERAGE         70                        63      7       61

PRECIPITATION (IN)
  YESTERDAY        0.00          0.95 1988   0.03  -0.03     0.00
  MONTH TO DATE    0.14                      0.36  -0.22      T
  SINCE JUL 1      2.65                     11.56  -8.91     4.02
  SINCE JAN 1      1.50                      8.35  -6.85     2.11

SNOWFALL (IN)
  YESTERDAY        0.0
  MONTH TO DATE    0.0
  SINCE JAN 1      0.0
  SINCE JUL 1      0.0
  SNOW DEPTH       0

DEGREE DAYS
 HEATING
  YESTERDAY        0                         4     -4        4
  MONTH TO DATE   45                        66    -21       28
  SINCE MAR 1    120                       271   -151      128
  SINCE JUL 1    782                      1379   -597     1144

 COOLING
  YESTERDAY        5                         1      4        0
  MONTH TO DATE   51                        14     37        9
  SINCE MAR 1     81                        26     55       44
  SINCE JAN 1    110                        35     75       47
..................................................................


WIND (MPH)
  RESULTANT WIND SPEED   4   RESULTANT WIND DIRECTION   W (270)
  HIGHEST WIND SPEED    16   HIGHEST WIND DIRECTION     W (280)
  HIGHEST GUST SPEED    22   HIGHEST GUST DIRECTION     W (280)
  AVERAGE WIND SPEED     5.6


SKY COVER
  POSSIBLE SUNSHINE  MM
  AVERAGE SKY COVER 0.0


WEATHER CONDITIONS
 THE FOLLOWING WEATHER WAS RECORDED YESTERDAY.
  NO SIGNIFICANT WEATHER WAS OBSERVED.


RELATIVE HUMIDITY (PERCENT)
 HIGHEST    60          1100 PM
 LOWEST     19          1000 AM
 AVERAGE    40

..........................................................


THE RIVERSIDE MUNI AIRPORT CA CLIMATE NORMALS FOR TODAY
                         NORMAL    RECORD    YEAR
 MAXIMUM TEMPERATURE (F)   75        96      1948
 MINIMUM TEMPERATURE (F)   50        33      1921


SUNRISE AND SUNSET
APRIL 16 2014.........SUNRISE   618 AM PDT   SUNSET   722 PM PDT
APRIL 17 2014.........SUNRISE   616 AM PDT   SUNSET   723 PM PDT


-  INDICATES NEGATIVE NUMBERS.
R  INDICATES RECORD WAS SET OR TIED.
MM INDICATES DATA IS MISSING.
T  INDICATES TRACE AMOUNT.




$$





U.S. Dept. of Commerce
NOAA National Weather Service
1325 East West Highway
Silver Spring, MD 20910
E-mail: w-nws.webmaster@noaa.gov
Page last modified: May 16, 2007
NATIONAL WEATHER SERVICE: for Safety, for Work, for Fun - FOR LIFE