775
CDUS46 KSGX 221418
CLIRAL


CLIMATE REPORT
NATIONAL WEATHER SERVICE SAN DIEGO, CA
617 AM PST MON DEC 22 2014


...................................

...THE RIVERSIDE MUNI AIRPORT CA CLIMATE SUMMARY FOR DECEMBER 21 2014...

CLIMATE NORMAL PERIOD 1981 TO 2010
CLIMATE RECORD PERIOD 1893 TO 2014


WEATHER ITEM   OBSERVED TIME   RECORD YEAR NORMAL DEPARTURE LAST
                VALUE   (LST)  VALUE       VALUE  FROM      YEAR
                                                  NORMAL
..................................................................
TEMPERATURE (F)
 YESTERDAY
  MAXIMUM         67    244 PM  90    1917  66      1       58
  MINIMUM         43    712 AM  25    1968  42      1       40
                                      1949
  AVERAGE         55                        54      1       49

PRECIPITATION (IN)
  YESTERDAY        0.00          2.51 2010   0.05  -0.05     0.00
  MONTH TO DATE    2.89                      0.82   2.07     0.16
  SINCE JUL 1      3.54                      2.50   1.04     1.15
  SINCE JAN 1      5.26                     11.69  -6.43     3.36

SNOWFALL (IN)
  YESTERDAY        0.0
  MONTH TO DATE    0.0
  SINCE JAN 1      0.0
  SINCE JUL 1      0.0
  SNOW DEPTH       0

DEGREE DAYS
 HEATING
  YESTERDAY       10                        11     -1       16
  MONTH TO DATE  141                       217    -76      196
  SINCE DEC 1    141                       217    -76      196
  SINCE JUL 1    205                       417   -212      339

 COOLING
  YESTERDAY        0                         0      0        0
  MONTH TO DATE    1                         0      1       10
  SINCE DEC 1      1                         0      1       10
  SINCE JAN 1   2344                      1754    590     1996
..................................................................


WIND (MPH)
  RESULTANT WIND SPEED   1   RESULTANT WIND DIRECTION  NE (60)
  HIGHEST WIND SPEED     7   HIGHEST WIND DIRECTION     E (70)
  HIGHEST GUST SPEED     8   HIGHEST GUST DIRECTION     E (70)
  AVERAGE WIND SPEED     1.9


SKY COVER
  POSSIBLE SUNSHINE  MM
  AVERAGE SKY COVER 0.0


WEATHER CONDITIONS
 THE FOLLOWING WEATHER WAS RECORDED YESTERDAY.
  FOG
  HAZE


RELATIVE HUMIDITY (PERCENT)
 HIGHEST    93           200 AM
 LOWEST     52           300 PM
 AVERAGE    73

..........................................................


THE RIVERSIDE MUNI AIRPORT CA CLIMATE NORMALS FOR TODAY
                         NORMAL    RECORD    YEAR
 MAXIMUM TEMPERATURE (F)   66        85      1915
 MINIMUM TEMPERATURE (F)   42        25      1930


SUNRISE AND SUNSET
DECEMBER 22 2014......SUNRISE   652 AM PST   SUNSET   445 PM PST
DECEMBER 23 2014......SUNRISE   652 AM PST   SUNSET   446 PM PST


-  INDICATES NEGATIVE NUMBERS.
R  INDICATES RECORD WAS SET OR TIED.
MM INDICATES DATA IS MISSING.
T  INDICATES TRACE AMOUNT.




$$





U.S. Dept. of Commerce
NOAA National Weather Service
1325 East West Highway
Silver Spring, MD 20910
E-mail: w-nws.webmaster@noaa.gov
Page last modified: May 16, 2007
NATIONAL WEATHER SERVICE: for Safety, for Work, for Fun - FOR LIFE