841
CDUS41 KGYX 232048
CLIPWM


CLIMATE REPORT
NATIONAL WEATHER SERVICE GRAY ME
448 PM EDT WED APR 23 2014


...................................

...THE PORTLAND ME CLIMATE SUMMARY FOR APRIL 23 2014...
VALID TODAY AS OF 0400 PM LOCAL TIME.

CLIMATE NORMAL PERIOD 1981 TO 2010
CLIMATE RECORD PERIOD 1941 TO 2014


WEATHER ITEM   OBSERVED TIME   RECORD YEAR NORMAL DEPARTURE LAST
                VALUE   (LST)  VALUE       VALUE  FROM      YEAR
                                                  NORMAL
..................................................................
TEMPERATURE (F)
 TODAY
  MAXIMUM         59   1039 AM  81    2007  56      3       42
  MINIMUM         44    508 AM  22    1947  37      7       32
  AVERAGE         52                        47      5       37

PRECIPITATION (IN)
  TODAY            0.02          3.13 2012   0.14  -0.12     0.01
  MONTH TO DATE    2.44                      3.31  -0.87     2.04
  SINCE MAR 1      6.75                      7.55  -0.80     3.73
  SINCE JAN 1     15.07                     14.18   0.89    11.16

SNOWFALL (IN)
  TODAY            0.0           6.1  1956   0.0    0.0      0.0
  MONTH TO DATE    1.2                       2.6   -1.4      0.2
  SINCE MAR 1      4.9                      15.3  -10.4     13.4
  SINCE JUL 1     83.4                      61.7   21.7     98.0
  SNOW DEPTH       0

DEGREE DAYS
 HEATING
  TODAY           13                        18     -5       28
  MONTH TO DATE  510                       510      0      506
  SINCE MAR 1   1680                      1486    194     1434
  SINCE JUL 1   6919                      6528    391     6033

 COOLING
  TODAY            0                         0      0        0
  MONTH TO DATE    0                         0      0        0
  SINCE MAR 1      0                         0      0        0
  SINCE JAN 1      0                         0      0        0
..................................................................


WIND (MPH)
  HIGHEST WIND SPEED    22   HIGHEST WIND DIRECTION    NW (330)
  HIGHEST GUST SPEED    29   HIGHEST GUST DIRECTION     N (350)
  AVERAGE WIND SPEED     7.5


SKY COVER
  POSSIBLE SUNSHINE  MM
  AVERAGE SKY COVER 1.0


WEATHER CONDITIONS
 THE FOLLOWING WEATHER WAS RECORDED TODAY.
  RAIN
  FOG
  FOG W/VISIBILITY <= 1/4 MILE


RELATIVE HUMIDITY (PERCENT)
 HIGHEST   100           200 AM
 LOWEST     54           100 PM
 AVERAGE    77

..........................................................


THE PORTLAND ME CLIMATE NORMALS FOR TOMORROW
                         NORMAL    RECORD    YEAR
 MAXIMUM TEMPERATURE (F)   57        75      2001
                                             1994
 MINIMUM TEMPERATURE (F)   37        25      1945


SUNRISE AND SUNSET
APRIL 23 2014.........SUNRISE   546 AM EDT   SUNSET   734 PM EDT
APRIL 24 2014.........SUNRISE   544 AM EDT   SUNSET   735 PM EDT


-  INDICATES NEGATIVE NUMBERS.
R  INDICATES RECORD WAS SET OR TIED.
MM INDICATES DATA IS MISSING.
T  INDICATES TRACE AMOUNT.




$$





U.S. Dept. of Commerce
NOAA National Weather Service
1325 East West Highway
Silver Spring, MD 20910
E-mail: w-nws.webmaster@noaa.gov
Page last modified: May 16, 2007
NATIONAL WEATHER SERVICE: for Safety, for Work, for Fun - FOR LIFE