681
CDUS41 KGYX 230908
CLIPWM


CLIMATE REPORT
NATIONAL WEATHER SERVICE GRAY ME
408 AM EST SUN NOV 23 2014


...................................

...THE PORTLAND ME CLIMATE SUMMARY FOR NOVEMBER 22 2014...

CLIMATE NORMAL PERIOD 1981 TO 2010
CLIMATE RECORD PERIOD 1941 TO 2014


WEATHER ITEM   OBSERVED TIME   RECORD YEAR NORMAL DEPARTURE LAST
                VALUE   (LST)  VALUE       VALUE  FROM      YEAR
                                                  NORMAL
..................................................................
TEMPERATURE (F)
 YESTERDAY
  MAXIMUM         41   1159 PM  64    1992  46     -5       40
  MINIMUM         21    115 AM  13    1972  29     -8       32
  AVERAGE         31                        38     -7       36

PRECIPITATION (IN)
  YESTERDAY        0.00          2.35 2005   0.16  -0.16     0.03
  MONTH TO DATE    1.85                      3.69  -1.84     0.82
  SINCE SEP 1      9.29                     12.25  -2.96     8.62
  SINCE JAN 1     47.49                     41.99   5.50    36.84

SNOWFALL (IN)
  YESTERDAY        0.0           6.0  1920   0.1   -0.1       T
  MONTH TO DATE    1.7                       0.9    0.8       T
  SINCE SEP 1      1.7                       0.9    0.8       T
  SINCE JUL 1      1.7                       0.9    0.8       T
  SNOW DEPTH       0

DEGREE DAYS
 HEATING
  YESTERDAY       34                        28      6       29
  MONTH TO DATE  569                       534     35      531
  SINCE SEP 1   1079                      1213   -134     1145
  SINCE JUL 1   1103                      1258   -155     1163

 COOLING
  YESTERDAY        0                         0      0        0
  MONTH TO DATE    0                         0      0        0
  SINCE SEP 1     53                        31     22       37
  SINCE JAN 1    351                       359     -8      454
..................................................................


WIND (MPH)
  RESULTANT WIND SPEED   9   RESULTANT WIND DIRECTION  SW (240)
  HIGHEST WIND SPEED    16   HIGHEST WIND DIRECTION    SW (220)
  HIGHEST GUST SPEED    22   HIGHEST GUST DIRECTION    SW (210)
  AVERAGE WIND SPEED     9.9


SKY COVER
  AVERAGE SKY COVER 0.6


WEATHER CONDITIONS
 THE FOLLOWING WEATHER WAS RECORDED YESTERDAY.
  NO SIGNIFICANT WEATHER WAS OBSERVED.


RELATIVE HUMIDITY (PERCENT)
 HIGHEST    57           500 AM
 LOWEST     29           400 PM
 AVERAGE    43

..........................................................


THE PORTLAND ME CLIMATE NORMALS FOR TODAY
                         NORMAL    RECORD    YEAR
 MAXIMUM TEMPERATURE (F)   45        70      1999
 MINIMUM TEMPERATURE (F)   29         7      1978


SUNRISE AND SUNSET
NOVEMBER 23 2014......SUNRISE   645 AM EST   SUNSET   410 PM EST
NOVEMBER 24 2014......SUNRISE   647 AM EST   SUNSET   409 PM EST


-  INDICATES NEGATIVE NUMBERS.
R  INDICATES RECORD WAS SET OR TIED.
MM INDICATES DATA IS MISSING.
T  INDICATES TRACE AMOUNT.




$$





U.S. Dept. of Commerce
NOAA National Weather Service
1325 East West Highway
Silver Spring, MD 20910
E-mail: w-nws.webmaster@noaa.gov
Page last modified: May 16, 2007
NATIONAL WEATHER SERVICE: for Safety, for Work, for Fun - FOR LIFE