370
CDUS41 KGYX 210803
CLIPWM


CLIMATE REPORT
NATIONAL WEATHER SERVICE GRAY ME
403 AM EDT MON APR 21 2014


...................................

...THE PORTLAND ME CLIMATE SUMMARY FOR APRIL 20 2014...

CLIMATE NORMAL PERIOD 1981 TO 2010
CLIMATE RECORD PERIOD 1941 TO 2014


WEATHER ITEM   OBSERVED TIME   RECORD YEAR NORMAL DEPARTURE LAST
                VALUE   (LST)  VALUE       VALUE  FROM      YEAR
                                                  NORMAL
..................................................................
TEMPERATURE (F)
 YESTERDAY
  MAXIMUM         50   1114 AM  85    2005  55     -5       57
  MINIMUM         28    333 AM  24    1960  36     -8       41
  AVERAGE         39                        46     -7       49

PRECIPITATION (IN)
  YESTERDAY        0.00          0.95 1978   0.14  -0.14     0.18
  MONTH TO DATE    2.32                      2.90  -0.58     2.03
  SINCE MAR 1      6.63                      7.14  -0.51     3.72
  SINCE JAN 1     14.95                     13.77   1.18    11.15

SNOWFALL (IN)
  YESTERDAY        0.0           3.2  1925   0.0    0.0      0.0
  MONTH TO DATE    1.2                       2.5   -1.3      0.2
  SINCE MAR 1      4.9                      15.2  -10.3     13.4
  SINCE JUL 1     83.4                      61.6   21.8     98.0
  SNOW DEPTH       0

DEGREE DAYS
 HEATING
  YESTERDAY       26                        19      7       16
  MONTH TO DATE  462                       454      8      429
  SINCE MAR 1   1632                      1430    202     1357
  SINCE JUL 1   6871                      6472    399     5956

 COOLING
  YESTERDAY        0                         0      0        0
  MONTH TO DATE    0                         0      0        0
  SINCE MAR 1      0                         0      0        0
  SINCE JAN 1      0                         0      0        0
..................................................................


WIND (MPH)
  RESULTANT WIND SPEED   3   RESULTANT WIND DIRECTION   S (180)
  HIGHEST WIND SPEED    17   HIGHEST WIND DIRECTION     S (160)
  HIGHEST GUST SPEED    22   HIGHEST GUST DIRECTION     S (200)
  AVERAGE WIND SPEED     8.4


SKY COVER
  AVERAGE SKY COVER 0.1


WEATHER CONDITIONS
 THE FOLLOWING WEATHER WAS RECORDED YESTERDAY.
  NO SIGNIFICANT WEATHER WAS OBSERVED.


RELATIVE HUMIDITY (PERCENT)
 HIGHEST    76           900 PM
 LOWEST     29          1100 AM
 AVERAGE    53

..........................................................


THE PORTLAND ME CLIMATE NORMALS FOR TODAY
                         NORMAL    RECORD    YEAR
 MAXIMUM TEMPERATURE (F)   56        85      1957
 MINIMUM TEMPERATURE (F)   37        23      1962


SUNRISE AND SUNSET
APRIL 21 2014.........SUNRISE   549 AM EDT   SUNSET   732 PM EDT
APRIL 22 2014.........SUNRISE   547 AM EDT   SUNSET   733 PM EDT


-  INDICATES NEGATIVE NUMBERS.
R  INDICATES RECORD WAS SET OR TIED.
MM INDICATES DATA IS MISSING.
T  INDICATES TRACE AMOUNT.




$$





U.S. Dept. of Commerce
NOAA National Weather Service
1325 East West Highway
Silver Spring, MD 20910
E-mail: w-nws.webmaster@noaa.gov
Page last modified: May 16, 2007
NATIONAL WEATHER SERVICE: for Safety, for Work, for Fun - FOR LIFE