378
CDUS43 KLOT 230631
CLIPWK


CLIMATE REPORT
NATIONAL WEATHER SERVICE CHICAGO IL
131 AM CDT THU OCT 23 2014


...................................

...THE CHICAGO EXECUTIVE CLIMATE SUMMARY FOR OCTOBER 22 2014...

CLIMATE NORMAL PERIOD 1981 TO 2010
CLIMATE RECORD PERIOD 1996 TO 2014


WEATHER ITEM   OBSERVED TIME   RECORD YEAR NORMAL DEPARTURE LAST
                VALUE   (LST)  VALUE       VALUE  FROM      YEAR
                                                  NORMAL
..................................................................
TEMPERATURE (F)
 YESTERDAY
  MAXIMUM         56    153 PM  68    2007  59     -3       44
  MINIMUM         36   1141 PM  31    2013  41     -5       31
  AVERAGE         46                        50     -4       38

PRECIPITATION (IN)
  YESTERDAY        0.00          1.12 2009   0.10  -0.10     0.00
  MONTH TO DATE    3.42                      2.15   1.27     2.00
  SINCE SEP 1      5.33                      5.36  -0.03     4.03
  SINCE JAN 1     30.85                     27.84   3.01    24.90

DEGREE DAYS
 HEATING
  YESTERDAY       19                        15      4       27
  MONTH TO DATE  257                       258     -1      199
  SINCE SEP 1    372                       360     12      279
  SINCE JUL 1    376                       370      6      289

 COOLING
  YESTERDAY        0                         0      0        0
  MONTH TO DATE    4                        11     -7       22
  SINCE SEP 1     92                        92      0      158
  SINCE JAN 1    780                       789     -9      918
..................................................................


WIND (MPH)
  RESULTANT WIND SPEED   2   RESULTANT WIND DIRECTION   E (70)
  HIGHEST WIND SPEED    10   HIGHEST WIND DIRECTION     E (80)
  HIGHEST GUST SPEED    13   HIGHEST GUST DIRECTION     E (100)
  AVERAGE WIND SPEED     3.7



WEATHER CONDITIONS
 THE FOLLOWING WEATHER WAS RECORDED YESTERDAY.
  NO SIGNIFICANT WEATHER WAS OBSERVED.


..........................................................


THE CHICAGO EXECUTIVE CLIMATE NORMALS FOR TODAY
                         NORMAL    RECORD    YEAR
 MAXIMUM TEMPERATURE (F)   59        76      2004
 MINIMUM TEMPERATURE (F)   41        31      2013


SUNRISE AND SUNSET
OCTOBER 23 2014.......SUNRISE   713 AM CDT   SUNSET   558 PM CDT
OCTOBER 24 2014.......SUNRISE   715 AM CDT   SUNSET   556 PM CDT


-  INDICATES NEGATIVE NUMBERS.
R  INDICATES RECORD WAS SET OR TIED.
MM INDICATES DATA IS MISSING.
T  INDICATES TRACE AMOUNT.




$$





U.S. Dept. of Commerce
NOAA National Weather Service
1325 East West Highway
Silver Spring, MD 20910
E-mail: w-nws.webmaster@noaa.gov
Page last modified: May 16, 2007
NATIONAL WEATHER SERVICE: for Safety, for Work, for Fun - FOR LIFE