024
CDUS43 KLOT 190632
CLIPWK


CLIMATE REPORT
NATIONAL WEATHER SERVICE CHICAGO IL
1232 AM CST FRI DEC 19 2014


...................................

...THE CHICAGO EXECUTIVE CLIMATE SUMMARY FOR DECEMBER 18 2014...

CLIMATE NORMAL PERIOD 1981 TO 2010
CLIMATE RECORD PERIOD 1996 TO 2014


WEATHER ITEM   OBSERVED TIME   RECORD YEAR NORMAL DEPARTURE LAST
                VALUE   (LST)  VALUE       VALUE  FROM      YEAR
                                                  NORMAL
..................................................................
TEMPERATURE (F)
 YESTERDAY
  MAXIMUM         28   1159 PM  55    2002  34     -6       36
  MINIMUM         19    729 AM   0    2000  20     -1       16
  AVERAGE         24                        27     -3       26

PRECIPITATION (IN)
  YESTERDAY        0.00          0.79 2002   0.05  -0.05     0.00
  MONTH TO DATE    0.26                      1.13  -0.87     0.17
  SINCE DEC 1      0.26                      1.13  -0.87     0.17
  SINCE JAN 1     32.37                     32.65  -0.28    28.54

DEGREE DAYS
 HEATING
  YESTERDAY       41                        38      3       39
  MONTH TO DATE  584                       636    -52      753
  SINCE DEC 1    584                       636    -52      753
  SINCE JUL 1   1987                      1906     81     2024

 COOLING
  YESTERDAY        0                         0      0        0
  MONTH TO DATE    0                         0      0        0
  SINCE DEC 1      0                         0      0        0
  SINCE JAN 1    780                       789     -9      918
..................................................................


WIND (MPH)
  RESULTANT WIND SPEED   4   RESULTANT WIND DIRECTION  NW (300)
  HIGHEST WIND SPEED     9   HIGHEST WIND DIRECTION    NW (330)
  HIGHEST GUST SPEED    11   HIGHEST GUST DIRECTION     W (280)
  AVERAGE WIND SPEED     5.1



WEATHER CONDITIONS
 THE FOLLOWING WEATHER WAS RECORDED YESTERDAY.
  NO SIGNIFICANT WEATHER WAS OBSERVED.


..........................................................


THE CHICAGO EXECUTIVE CLIMATE NORMALS FOR TODAY
                         NORMAL    RECORD    YEAR
 MAXIMUM TEMPERATURE (F)   34        56      2002
 MINIMUM TEMPERATURE (F)   20         0      2005


SUNRISE AND SUNSET
DECEMBER 19 2014......SUNRISE   715 AM CST   SUNSET   422 PM CST
DECEMBER 20 2014......SUNRISE   716 AM CST   SUNSET   422 PM CST


-  INDICATES NEGATIVE NUMBERS.
R  INDICATES RECORD WAS SET OR TIED.
MM INDICATES DATA IS MISSING.
T  INDICATES TRACE AMOUNT.




$$





U.S. Dept. of Commerce
NOAA National Weather Service
1325 East West Highway
Silver Spring, MD 20910
E-mail: w-nws.webmaster@noaa.gov
Page last modified: May 16, 2007
NATIONAL WEATHER SERVICE: for Safety, for Work, for Fun - FOR LIFE