696
CDUS43 KLOT 240633
CLIPWK


CLIMATE REPORT
NATIONAL WEATHER SERVICE CHICAGO IL
132 AM CDT THU APR 24 2014


...................................

...THE CHICAGO EXECUTIVE CLIMATE SUMMARY FOR APRIL 23 2014...

CLIMATE NORMAL PERIOD 1981 TO 2010
CLIMATE RECORD PERIOD 1996 TO 2014


WEATHER ITEM   OBSERVED TIME   RECORD YEAR NORMAL DEPARTURE LAST
                VALUE   (LST)  VALUE       VALUE  FROM      YEAR
                                                  NORMAL
..................................................................
TEMPERATURE (F)
 YESTERDAY
  MAXIMUM         49    116 PM  72    2008  61    -12       58
                                      2001
                                      1998
  MINIMUM         33    511 AM  31    2003  40     -7       39
  AVERAGE         41                        50     -9       49

PRECIPITATION (IN)
  YESTERDAY        0.01          0.79 1999   0.10  -0.09    MM
  MONTH TO DATE    1.38                      1.99  -0.61     0.67
  SINCE MAR 1      1.93                      4.24  -2.31     1.49
  SINCE JAN 1      4.06                      6.82  -2.76     6.45

DEGREE DAYS
 HEATING
  YESTERDAY       24                        15      9       16
  MONTH TO DATE  409                       428    -19      484
  SINCE MAR 1   1456                      1281    175     1509
  SINCE JUL 1   6815                      6019    796     6016

 COOLING
  YESTERDAY        0                         0      0        0
  MONTH TO DATE    0                         0      0        0
  SINCE MAR 1      0                         0      0        0
  SINCE JAN 1      0                         0      0        0
..................................................................


WIND (MPH)
  RESULTANT WIND SPEED   7   RESULTANT WIND DIRECTION  NE (60)
  HIGHEST WIND SPEED    15   HIGHEST WIND DIRECTION    NE (40)
  HIGHEST GUST SPEED    20   HIGHEST GUST DIRECTION     N (20)
  AVERAGE WIND SPEED     7.3



WEATHER CONDITIONS
 THE FOLLOWING WEATHER WAS RECORDED YESTERDAY.
  LIGHT RAIN


..........................................................


THE CHICAGO EXECUTIVE CLIMATE NORMALS FOR TODAY
                         NORMAL    RECORD    YEAR
 MAXIMUM TEMPERATURE (F)   61        84      2009
 MINIMUM TEMPERATURE (F)   40        32      2012


SUNRISE AND SUNSET
APRIL 24 2014.........SUNRISE   557 AM CDT   SUNSET   743 PM CDT
APRIL 25 2014.........SUNRISE   556 AM CDT   SUNSET   744 PM CDT


-  INDICATES NEGATIVE NUMBERS.
R  INDICATES RECORD WAS SET OR TIED.
MM INDICATES DATA IS MISSING.
T  INDICATES TRACE AMOUNT.




$$





U.S. Dept. of Commerce
NOAA National Weather Service
1325 East West Highway
Silver Spring, MD 20910
E-mail: w-nws.webmaster@noaa.gov
Page last modified: May 16, 2007
NATIONAL WEATHER SERVICE: for Safety, for Work, for Fun - FOR LIFE