798
CDUS43 KLOT 270634
CLIPWK


CLIMATE REPORT
NATIONAL WEATHER SERVICE CHICAGO IL
1233 AM CST TUE JAN 27 2015


...................................

...THE CHICAGO EXECUTIVE CLIMATE SUMMARY FOR JANUARY 26 2015...

CLIMATE NORMAL PERIOD 1981 TO 2010
CLIMATE RECORD PERIOD 1996 TO 2015


WEATHER ITEM   OBSERVED TIME   RECORD YEAR NORMAL DEPARTURE LAST
                VALUE   (LST)  VALUE       VALUE  FROM      YEAR
                                                  NORMAL
..................................................................
TEMPERATURE (F)
 YESTERDAY
  MAXIMUM         27   1159 PM  53    2002  31     -4       30
  MINIMUM         15    719 AM   0    2003  17     -2        7
                                      1997
  AVERAGE         21                        24     -3       19

PRECIPITATION (IN)
  YESTERDAY        T             0.05 2004   0.06  -0.06    MM
  MONTH TO DATE    0.69                      1.38  -0.69     1.21
  SINCE DEC 1      1.40                      3.21  -1.81     2.08
  SINCE JAN 1      0.69                      1.38  -0.69     1.21

DEGREE DAYS
 HEATING
  YESTERDAY       44                        41      3       46
  MONTH TO DATE 1125                      1078     47     1202
  SINCE DEC 1   2143                      2225    -82     2495
  SINCE JUL 1   3546                      3495     51     3766

 COOLING
  YESTERDAY        0                         0      0        0
  MONTH TO DATE    0                         0      0        0
  SINCE DEC 1      0                         0      0        0
  SINCE JAN 1      0                         0      0        0
..................................................................


WIND (MPH)
  RESULTANT WIND SPEED   1   RESULTANT WIND DIRECTION   E (110)
  HIGHEST WIND SPEED    12   HIGHEST WIND DIRECTION    NE (40)
  HIGHEST GUST SPEED    16   HIGHEST GUST DIRECTION    NE (50)
  AVERAGE WIND SPEED     4.3



WEATHER CONDITIONS
 THE FOLLOWING WEATHER WAS RECORDED YESTERDAY.
  LIGHT SNOW
  FOG
  HAZE


..........................................................


THE CHICAGO EXECUTIVE CLIMATE NORMALS FOR TODAY
                         NORMAL    RECORD    YEAR
 MAXIMUM TEMPERATURE (F)   31        60      2002
 MINIMUM TEMPERATURE (F)   17        -7      2014


SUNRISE AND SUNSET
JANUARY 27 2015.......SUNRISE   710 AM CST   SUNSET   500 PM CST
JANUARY 28 2015.......SUNRISE   709 AM CST   SUNSET   501 PM CST


-  INDICATES NEGATIVE NUMBERS.
R  INDICATES RECORD WAS SET OR TIED.
MM INDICATES DATA IS MISSING.
T  INDICATES TRACE AMOUNT.




$$





U.S. Dept. of Commerce
NOAA National Weather Service
1325 East West Highway
Silver Spring, MD 20910
E-mail: w-nws.webmaster@noaa.gov
Page last modified: May 16, 2007
NATIONAL WEATHER SERVICE: for Safety, for Work, for Fun - FOR LIFE