666
CDUS43 KLOT 240637
CLIPWK


CLIMATE REPORT
NATIONAL WEATHER SERVICE CHICAGO IL
136 AM CDT THU JUL 24 2014


...................................

...THE CHICAGO EXECUTIVE CLIMATE SUMMARY FOR JULY 23 2014...

CLIMATE NORMAL PERIOD 1981 TO 2010
CLIMATE RECORD PERIOD 1996 TO 2014


WEATHER ITEM   OBSERVED TIME   RECORD YEAR NORMAL DEPARTURE LAST
                VALUE   (LST)  VALUE       VALUE  FROM      YEAR
                                                  NORMAL
..................................................................
TEMPERATURE (F)
 YESTERDAY
  MAXIMUM         74   1239 PM  97    2012  83     -9       77
  MINIMUM         58   1159 PM  53    2000  64     -6       63
  AVERAGE         66                        74     -8       70

PRECIPITATION (IN)
  YESTERDAY        0.00          3.38 2011   0.14  -0.14     0.02
  MONTH TO DATE    1.43                      2.45  -1.02     1.76
  SINCE JUN 1      9.16                      6.16   3.00     8.74
  SINCE JAN 1     18.36                     17.65   0.71    18.70

DEGREE DAYS
 HEATING
  YESTERDAY        0                         0      0        0
  MONTH TO DATE    3                         0      3        1
  SINCE JUN 1     23                        52    -29       58
  SINCE JUL 1      3                         0      3        1

 COOLING
  YESTERDAY        1                         9     -8        5
  MONTH TO DATE  141                       201    -60      256
  SINCE JUN 1    319                       355    -36      407
  SINCE JAN 1    377                       397    -20      488
..................................................................


WIND (MPH)
  RESULTANT WIND SPEED  13   RESULTANT WIND DIRECTION   N (20)
  HIGHEST WIND SPEED    23   HIGHEST WIND DIRECTION     N (10)
  HIGHEST GUST SPEED    34   HIGHEST GUST DIRECTION     N (360)
  AVERAGE WIND SPEED    12.6



WEATHER CONDITIONS
 THE FOLLOWING WEATHER WAS RECORDED YESTERDAY.
  NO SIGNIFICANT WEATHER WAS OBSERVED.


..........................................................


THE CHICAGO EXECUTIVE CLIMATE NORMALS FOR TODAY
                         NORMAL    RECORD    YEAR
 MAXIMUM TEMPERATURE (F)   83       102      2005
 MINIMUM TEMPERATURE (F)   64        50      2000


SUNRISE AND SUNSET
JULY 24 2014..........SUNRISE   537 AM CDT   SUNSET   819 PM CDT
JULY 25 2014..........SUNRISE   538 AM CDT   SUNSET   818 PM CDT


-  INDICATES NEGATIVE NUMBERS.
R  INDICATES RECORD WAS SET OR TIED.
MM INDICATES DATA IS MISSING.
T  INDICATES TRACE AMOUNT.




$$





U.S. Dept. of Commerce
NOAA National Weather Service
1325 East West Highway
Silver Spring, MD 20910
E-mail: w-nws.webmaster@noaa.gov
Page last modified: May 16, 2007
NATIONAL WEATHER SERVICE: for Safety, for Work, for Fun - FOR LIFE