896
CDUS43 KLOT 250632
CLIPWK


CLIMATE REPORT
NATIONAL WEATHER SERVICE CHICAGO IL
132 AM CDT SAT OCT 25 2014


...................................

...THE CHICAGO EXECUTIVE CLIMATE SUMMARY FOR OCTOBER 24 2014...

CLIMATE NORMAL PERIOD 1981 TO 2010
CLIMATE RECORD PERIOD 1996 TO 2014


WEATHER ITEM   OBSERVED TIME   RECORD YEAR NORMAL DEPARTURE LAST
                VALUE   (LST)  VALUE       VALUE  FROM      YEAR
                                                  NORMAL
..................................................................
TEMPERATURE (F)
 YESTERDAY
  MAXIMUM         69    232 PM  78    2012  59     10       45
  MINIMUM         49    358 AM  27    1999  40      9       33
  AVERAGE         59                        49     10       39

PRECIPITATION (IN)
  YESTERDAY        T             0.72 2001   0.10  -0.10      T
  MONTH TO DATE    3.42                      2.35   1.07     2.00
  SINCE SEP 1      5.33                      5.56  -0.23     4.03
  SINCE JAN 1     30.85                     28.04   2.81    24.90

DEGREE DAYS
 HEATING
  YESTERDAY        6                        16    -10       26
  MONTH TO DATE  280                       289     -9      250
  SINCE SEP 1    395                       391      4      330
  SINCE JUL 1    399                       401     -2      340

 COOLING
  YESTERDAY        0                         0      0        0
  MONTH TO DATE    4                        11     -7       22
  SINCE SEP 1     92                        92      0      158
  SINCE JAN 1    780                       789     -9      918
..................................................................


WIND (MPH)
  RESULTANT WIND SPEED   3   RESULTANT WIND DIRECTION  SW (210)
  HIGHEST WIND SPEED    10   HIGHEST WIND DIRECTION    SW (220)
  HIGHEST GUST SPEED    12   HIGHEST GUST DIRECTION    SW (230)
  AVERAGE WIND SPEED     4.5



WEATHER CONDITIONS
 THE FOLLOWING WEATHER WAS RECORDED YESTERDAY.
  FOG
  HAZE


..........................................................


THE CHICAGO EXECUTIVE CLIMATE NORMALS FOR TODAY
                         NORMAL    RECORD    YEAR
 MAXIMUM TEMPERATURE (F)   58        75      2012
                                             2004
 MINIMUM TEMPERATURE (F)   40        27      2006


SUNRISE AND SUNSET
OCTOBER 25 2014.......SUNRISE   716 AM CDT   SUNSET   555 PM CDT
OCTOBER 26 2014.......SUNRISE   717 AM CDT   SUNSET   553 PM CDT


-  INDICATES NEGATIVE NUMBERS.
R  INDICATES RECORD WAS SET OR TIED.
MM INDICATES DATA IS MISSING.
T  INDICATES TRACE AMOUNT.




$$





U.S. Dept. of Commerce
NOAA National Weather Service
1325 East West Highway
Silver Spring, MD 20910
E-mail: w-nws.webmaster@noaa.gov
Page last modified: May 16, 2007
NATIONAL WEATHER SERVICE: for Safety, for Work, for Fun - FOR LIFE