837
CDUS41 KBOX 200541
CLIPVD


CLIMATE REPORT
NATIONAL WEATHER SERVICE TAUNTON MA
1238 AM EST SAT DEC 20 2014


...................................

...THE PROVIDENCE RI CLIMATE SUMMARY FOR DECEMBER 19 2014...

CLIMATE NORMAL PERIOD 1981 TO 2010
CLIMATE RECORD PERIOD 1904 TO 2014


WEATHER ITEM   OBSERVED TIME   RECORD YEAR NORMAL DEPARTURE LAST
                VALUE   (LST)  VALUE       VALUE  FROM      YEAR
                                                  NORMAL
..................................................................
TEMPERATURE (F)
 YESTERDAY
  MAXIMUM         37        MM  57    1990  41     -4       45
  MINIMUM         29        MM  -4    1942  25      4       25
  AVERAGE         33                        33      0       35

PRECIPITATION (IN)
  YESTERDAY        0.00          1.34 1934   0.13  -0.13     0.00
  MONTH TO DATE    4.92                      2.75   2.17     2.89
  SINCE DEC 1      4.92                      2.75   2.17     2.89
  SINCE JAN 1     45.86                     45.71   0.15    43.53

SNOWFALL (IN)
  YESTERDAY        0.0          10.6  1945   0.3   -0.3      0.0
  MONTH TO DATE    T                         4.9   -4.9      7.0
  SINCE DEC 1      T                         4.9   -4.9      7.0
  SINCE JUL 1      1.6                       6.4   -4.8      7.1
  SNOW DEPTH       0

DEGREE DAYS
 HEATING
  YESTERDAY       32                        32      0       30
  MONTH TO DATE  516                       549    -33      626
  SINCE DEC 1    516                       549    -33      626
  SINCE JUL 1   1552                      1624    -72     1729

 COOLING
  YESTERDAY        0                         0      0        0
  MONTH TO DATE    0                         0      0        0
  SINCE DEC 1      0                         0      0        0
  SINCE JAN 1    709                       744    -35      892
..................................................................


WIND (MPH)
  RESULTANT WIND SPEED   9   RESULTANT WIND DIRECTION  NW (310)
  HIGHEST WIND SPEED    13   HIGHEST WIND DIRECTION    NW (320)
  HIGHEST GUST SPEED    21   HIGHEST GUST DIRECTION    NW (310)
  AVERAGE WIND SPEED     9.2


SKY COVER
  POSSIBLE SUNSHINE  MM
  AVERAGE SKY COVER 0.8


WEATHER CONDITIONS
 THE FOLLOWING WEATHER WAS RECORDED YESTERDAY.
  NO SIGNIFICANT WEATHER WAS OBSERVED.


RELATIVE HUMIDITY (PERCENT)
 HIGHEST    70           100 AM
 LOWEST     54          1000 AM
 AVERAGE    62

..........................................................


THE PROVIDENCE RI CLIMATE NORMALS FOR TODAY
                         NORMAL    RECORD    YEAR
 MAXIMUM TEMPERATURE (F)   41        60      2002
 MINIMUM TEMPERATURE (F)   25       -10      1942


SUNRISE AND SUNSET
DECEMBER 20 2014......SUNRISE   709 AM EST   SUNSET   418 PM EST
DECEMBER 21 2014......SUNRISE   709 AM EST   SUNSET   418 PM EST


-  INDICATES NEGATIVE NUMBERS.
R  INDICATES RECORD WAS SET OR TIED.
MM INDICATES DATA IS MISSING.
T  INDICATES TRACE AMOUNT.




$$





U.S. Dept. of Commerce
NOAA National Weather Service
1325 East West Highway
Silver Spring, MD 20910
E-mail: w-nws.webmaster@noaa.gov
Page last modified: May 16, 2007
NATIONAL WEATHER SERVICE: for Safety, for Work, for Fun - FOR LIFE