238
CDUS41 KBOX 220550
CLIPVD


CLIMATE REPORT
NATIONAL WEATHER SERVICE TAUNTON MA
149 AM EDT WED OCT 22 2014


...................................

...THE PROVIDENCE RI CLIMATE SUMMARY FOR OCTOBER 21 2014...

CLIMATE NORMAL PERIOD 1981 TO 2010
CLIMATE RECORD PERIOD 1904 TO 2014


WEATHER ITEM   OBSERVED TIME   RECORD YEAR NORMAL DEPARTURE LAST
                VALUE   (LST)  VALUE       VALUE  FROM      YEAR
                                                  NORMAL
..................................................................
TEMPERATURE (F)
 YESTERDAY
  MAXIMUM         65    230 PM  81    1920  62      3       67
  MINIMUM         45   1242 AM  23    1972  42      3       41
  AVERAGE         55                        52      3       54

PRECIPITATION (IN)
  YESTERDAY        0.11          2.40 1944   0.12  -0.01     0.00
  MONTH TO DATE    2.12                      2.62  -0.50     0.51
  SINCE SEP 1      2.86                      6.54  -3.68     5.10
  SINCE JAN 1     34.31                     37.14  -2.83    35.91

SNOWFALL (IN)
  YESTERDAY        0.0           0.0  2009   0.0    0.0      0.0
  MONTH TO DATE    0.0                       0.0    0.0      0.0
  SINCE SEP 1      0.0                       0.0    0.0      0.0
  SINCE JUL 1      0.0                       0.0    0.0      0.0
  SNOW DEPTH       0

DEGREE DAYS
 HEATING
  YESTERDAY       10                        13     -3       11
  MONTH TO DATE  168                       214    -46      131
  SINCE SEP 1    242                       302    -60      234
  SINCE JUL 1    242                       311    -69      234

 COOLING
  YESTERDAY        0                         0      0        0
  MONTH TO DATE   12                         6      6        7
  SINCE SEP 1    127                        86     41       70
  SINCE JAN 1    709                       742    -33      892
..................................................................


WIND (MPH)
  RESULTANT WIND SPEED   4   RESULTANT WIND DIRECTION  NE (30)
  HIGHEST WIND SPEED    15   HIGHEST WIND DIRECTION    SE (150)
  HIGHEST GUST SPEED    19   HIGHEST GUST DIRECTION    SE (150)
  AVERAGE WIND SPEED     5.9


SKY COVER
  POSSIBLE SUNSHINE  MM
  AVERAGE SKY COVER 0.7


WEATHER CONDITIONS
 THE FOLLOWING WEATHER WAS RECORDED YESTERDAY.
  LIGHT RAIN
  FOG


RELATIVE HUMIDITY (PERCENT)
 HIGHEST   100           600 PM
 LOWEST     72           300 PM
 AVERAGE    86

..........................................................


THE PROVIDENCE RI CLIMATE NORMALS FOR TODAY
                         NORMAL    RECORD    YEAR
 MAXIMUM TEMPERATURE (F)   61        86      1979
 MINIMUM TEMPERATURE (F)   42        27      1974
                                             1940


SUNRISE AND SUNSET
OCTOBER 22 2014.......SUNRISE   706 AM EDT   SUNSET   554 PM EDT
OCTOBER 23 2014.......SUNRISE   707 AM EDT   SUNSET   552 PM EDT


-  INDICATES NEGATIVE NUMBERS.
R  INDICATES RECORD WAS SET OR TIED.
MM INDICATES DATA IS MISSING.
T  INDICATES TRACE AMOUNT.




$$






U.S. Dept. of Commerce
NOAA National Weather Service
1325 East West Highway
Silver Spring, MD 20910
E-mail: w-nws.webmaster@noaa.gov
Page last modified: May 16, 2007
NATIONAL WEATHER SERVICE: for Safety, for Work, for Fun - FOR LIFE