390
CDUS41 KBOX 310551
CLIPVD


CLIMATE REPORT
NATIONAL WEATHER SERVICE TAUNTON MA
1241 AM EST SAT JAN 31 2015


...................................

...THE PROVIDENCE RI CLIMATE SUMMARY FOR JANUARY 30 2015...

CLIMATE NORMAL PERIOD 1981 TO 2010
CLIMATE RECORD PERIOD 1904 TO 2015


WEATHER ITEM   OBSERVED TIME   RECORD YEAR NORMAL DEPARTURE LAST
                VALUE   (LST)  VALUE       VALUE  FROM      YEAR
                                                  NORMAL
..................................................................
TEMPERATURE (F)
 YESTERDAY
  MAXIMUM         35    215 PM  62    1914  38     -3       28
  MINIMUM         19   1159 PM  -2    1965  21     -2        7
                                      1948
  AVERAGE         27                        30     -3       18

PRECIPITATION (IN)
  YESTERDAY        0.09          0.80 1939   0.12  -0.03     0.00
  MONTH TO DATE    3.62                      3.73  -0.11     3.69
  SINCE DEC 1      9.87                      7.95   1.92     8.51
  SINCE JAN 1      3.62                      3.73  -0.11     3.69

SNOWFALL (IN)
  YESTERDAY        0.5           5.2  1966   0.3    0.2      0.0
  MONTH TO DATE   25.6                       8.7   16.9     15.0
  SINCE DEC 1     26.5                      17.4    9.1     22.0
  SINCE JUL 1     28.1                      18.9    9.2     22.1
  SNOW DEPTH      12

DEGREE DAYS
 HEATING
  YESTERDAY       38                        35      3       47
  MONTH TO DATE 1148                      1074     74     1143
  SINCE DEC 1   1983                      2026    -43     2119
  SINCE JUL 1   3019                      3101    -82     3222

 COOLING
  YESTERDAY        0                         0      0        0
  MONTH TO DATE    0                         0      0        0
  SINCE DEC 1      0                         0      0        0
  SINCE JAN 1      0                         0      0        0
..................................................................


WIND (MPH)
  RESULTANT WIND SPEED   7   RESULTANT WIND DIRECTION  NW (320)
  HIGHEST WIND SPEED    28   HIGHEST WIND DIRECTION    NW (330)
  HIGHEST GUST SPEED    37   HIGHEST GUST DIRECTION    NW (320)
  AVERAGE WIND SPEED     7.9


SKY COVER
  POSSIBLE SUNSHINE  MM
  AVERAGE SKY COVER 0.9


WEATHER CONDITIONS
 THE FOLLOWING WEATHER WAS RECORDED YESTERDAY.
  LIGHT SNOW
  FOG


RELATIVE HUMIDITY (PERCENT)
 HIGHEST    96          1100 AM
 LOWEST     55          1000 PM
 AVERAGE    76

..........................................................


THE PROVIDENCE RI CLIMATE NORMALS FOR TODAY
                         NORMAL    RECORD    YEAR
 MAXIMUM TEMPERATURE (F)   38        62      2013
                                             1988
                                             1947
 MINIMUM TEMPERATURE (F)   22        -6      1920


SUNRISE AND SUNSET
JANUARY 31 2015.......SUNRISE   659 AM EST   SUNSET   500 PM EST
FEBRUARY  1 2015......SUNRISE   658 AM EST   SUNSET   501 PM EST


-  INDICATES NEGATIVE NUMBERS.
R  INDICATES RECORD WAS SET OR TIED.
MM INDICATES DATA IS MISSING.
T  INDICATES TRACE AMOUNT.




$$





U.S. Dept. of Commerce
NOAA National Weather Service
1325 East West Highway
Silver Spring, MD 20910
E-mail: w-nws.webmaster@noaa.gov
Page last modified: May 16, 2007
NATIONAL WEATHER SERVICE: for Safety, for Work, for Fun - FOR LIFE