413
CDUS46 KOTX 220828
CLIPUW


CLIMATE REPORT
NATIONAL WEATHER SERVICE SPOKANE, WA
1227 AM PST SAT NOV 22 2014


...................................

...THE PULLMAN-MOSCOW  AIRPORT CLIMATE SUMMARY FOR NOVEMBER 21 2014...

CLIMATE NORMAL PERIOD 1981 TO 2010
CLIMATE RECORD PERIOD 9999 TO 9999


WEATHER ITEM   OBSERVED TIME   RECORD YEAR NORMAL DEPARTURE LAST
                VALUE   (LST)  VALUE       VALUE  FROM      YEAR
                                                  NORMAL
..................................................................
TEMPERATURE (F)
 YESTERDAY
  MAXIMUM         45    126 PM  59    2002  41      4       34
  MINIMUM         33    507 AM   7    2003  30      3       13
  AVERAGE         39                        35      4       24

PRECIPITATION (IN)
  YESTERDAY        0.27          0.85 1998   0.08   0.19     0.00
  MONTH TO DATE    0.85                      1.61  -0.76     1.77
  SINCE OCT 1      1.87                      2.95  -1.08     1.92
  SINCE JAN 1     13.75                     14.64  -0.89    13.46

SNOWFALL (IN)
  YESTERDAY       MM

DEGREE DAYS
 HEATING
  YESTERDAY       26                        30     -4       41
  MONTH TO DATE  612                       555     57      556
  SINCE SEP 1   1076                      1328   -252     1353
  SINCE JUL 1   1101                      1461   -360     1393

 COOLING
  YESTERDAY        0                         0      0        0
  MONTH TO DATE    0                         0      0        0
  SINCE SEP 1     19                        23     -4       72
  SINCE JAN 1    346                       213    133      334
..................................................................


WIND (MPH)
  HIGHEST WIND SPEED    26   HIGHEST WIND DIRECTION    SE (150)
  HIGHEST GUST SPEED    32   HIGHEST GUST DIRECTION     S (160)
  AVERAGE WIND SPEED    11.1


SKY COVER
  POSSIBLE SUNSHINE  MM
  AVERAGE SKY COVER 0.9


WEATHER CONDITIONS
 THE FOLLOWING WEATHER WAS RECORDED YESTERDAY.
  RAIN
  LIGHT RAIN
  FOG


RELATIVE HUMIDITY (PERCENT)
 HIGHEST    92           100 AM
 LOWEST     70          1200 PM
 AVERAGE    81

..........................................................


THE PULLMAN-MOSCOW  AIRPORT CLIMATE NORMALS FOR TODAY
                         NORMAL    RECORD    YEAR
 MAXIMUM TEMPERATURE (F)   40        57      1974
 MINIMUM TEMPERATURE (F)   29         3      2003


SUNRISE AND SUNSET
NOVEMBER 22 2014......SUNRISE   701 AM PST   SUNSET   408 PM PST
NOVEMBER 23 2014......SUNRISE   702 AM PST   SUNSET   407 PM PST


-  INDICATES NEGATIVE NUMBERS.
R  INDICATES RECORD WAS SET OR TIED.
MM INDICATES DATA IS MISSING.
T  INDICATES TRACE AMOUNT.




$$





U.S. Dept. of Commerce
NOAA National Weather Service
1325 East West Highway
Silver Spring, MD 20910
E-mail: w-nws.webmaster@noaa.gov
Page last modified: May 16, 2007
NATIONAL WEATHER SERVICE: for Safety, for Work, for Fun - FOR LIFE