425
CDUS46 KOTX 210829
CLIPUW


CLIMATE REPORT
NATIONAL WEATHER SERVICE SPOKANE, WA
129 AM PDT SUN SEP 21 2014


...................................

...THE PULLMAN-MOSCOW  AIRPORT CLIMATE SUMMARY FOR SEPTEMBER 20 2014...

CLIMATE NORMAL PERIOD 1981 TO 2010
CLIMATE RECORD PERIOD 9999 TO 9999


WEATHER ITEM   OBSERVED TIME   RECORD YEAR NORMAL DEPARTURE LAST
                VALUE   (LST)  VALUE       VALUE  FROM      YEAR
                                                  NORMAL
..................................................................
TEMPERATURE (F)
 YESTERDAY
  MAXIMUM         86    317 PM  87    1991  72     14       83
  MINIMUM         48   1250 AM  30    2007  42      6       52
                                      1983
  AVERAGE         67                        57     10       68

PRECIPITATION (IN)
  YESTERDAY        0.00          0.93 1998   0.03  -0.03     0.00
  MONTH TO DATE    0.03                      0.48  -0.45     0.79
  SINCE OCT 1     14.81                     16.59  -1.78    17.21
  SINCE JAN 1     11.47                     11.39   0.08     9.67

SNOWFALL (IN)
  YESTERDAY       MM            MM      MM  MM     MM       MM
  MONTH TO DATE   MM                        MM     MM       MM
  SINCE SEP 1     MM                        MM     MM       MM
  SINCE JUL 1     MM                        MM     MM       MM
  SNOW DEPTH      MM

DEGREE DAYS
 HEATING
  YESTERDAY        0                         9     -9        0
  MONTH TO DATE   83                       123    -40       43
  SINCE SEP 1     83                       123    -40       43
  SINCE JUL 1    108                       256   -148       83

 COOLING
  YESTERDAY        2                         0      2        3
  MONTH TO DATE    9                        21    -12       72
  SINCE SEP 1      9                        21    -12       72
  SINCE JAN 1    336                       211    125      334
..................................................................


WIND (MPH)
  HIGHEST WIND SPEED    14   HIGHEST WIND DIRECTION     E (110)
  HIGHEST GUST SPEED    16   HIGHEST GUST DIRECTION     E (100)
  AVERAGE WIND SPEED     3.8


SKY COVER
  POSSIBLE SUNSHINE  MM
  AVERAGE SKY COVER 0.0


WEATHER CONDITIONS
 THE FOLLOWING WEATHER WAS RECORDED YESTERDAY.
  NO SIGNIFICANT WEATHER WAS OBSERVED.


RELATIVE HUMIDITY (PERCENT)
 HIGHEST    66           100 AM
 LOWEST     18           500 PM
 AVERAGE    42

..........................................................


THE PULLMAN-MOSCOW  AIRPORT CLIMATE NORMALS FOR TODAY
                         NORMAL    RECORD    YEAR
 MAXIMUM TEMPERATURE (F)   71        93      1967
 MINIMUM TEMPERATURE (F)   42        27      2002
                                             1960


SUNRISE AND SUNSET
SEPTEMBER 21 2014.....SUNRISE   634 AM PDT   SUNSET   648 PM PDT
SEPTEMBER 22 2014.....SUNRISE   635 AM PDT   SUNSET   646 PM PDT


-  INDICATES NEGATIVE NUMBERS.
R  INDICATES RECORD WAS SET OR TIED.
MM INDICATES DATA IS MISSING.
T  INDICATES TRACE AMOUNT.




$$





U.S. Dept. of Commerce
NOAA National Weather Service
1325 East West Highway
Silver Spring, MD 20910
E-mail: w-nws.webmaster@noaa.gov
Page last modified: May 16, 2007
NATIONAL WEATHER SERVICE: for Safety, for Work, for Fun - FOR LIFE