399
CDUS45 KPUB 231027
CLIPUB


CLIMATE REPORT
NATIONAL WEATHER SERVICE PUEBLO
427 AM MDT THU OCT 23 2014


...................................

...THE PUEBLO CO CLIMATE SUMMARY FOR OCTOBER 22 2014...

CLIMATE NORMAL PERIOD 1981 TO 2010
CLIMATE RECORD PERIOD 1888 TO 2014


WEATHER ITEM   OBSERVED TIME   RECORD YEAR NORMAL DEPARTURE LAST
                VALUE   (LST)  VALUE       VALUE  FROM      YEAR
                                                  NORMAL
..................................................................
TEMPERATURE (F)
 YESTERDAY
  MAXIMUM         74    333 PM  85    2003  67      7       66
  MINIMUM         45    643 AM  10    1996  32     13       33
  AVERAGE         60                        50     10       50

PRECIPITATION (IN)
  YESTERDAY        0.00          0.35 1935   0.02  -0.02     0.00
  MONTH TO DATE    0.91                      0.53   0.38     0.24
  SINCE SEP 1      1.53                      1.30   0.23     1.51
  SINCE JAN 1     11.13                     11.53  -0.40     9.31

SNOWFALL (IN)
  YESTERDAY        0.0           2.6  1908   0.1   -0.1      0.0
                                      2001
  MONTH TO DATE    0.0                       0.7   -0.7      0.1
  SINCE SEP 1      0.0                       1.0   -1.0      0.1
  SINCE JUL 1      T                         1.0   -1.0      0.1
  SNOW DEPTH       0

DEGREE DAYS
 HEATING
  YESTERDAY        5                        15    -10       15
  MONTH TO DATE  182                       256    -74      284
  SINCE SEP 1    235                       349   -114      309
  SINCE JUL 1    236                       354   -118      309

 COOLING
  YESTERDAY        0                         0      0        0
  MONTH TO DATE    0                         0      0        3
  SINCE SEP 1    127                        83     44      170
  SINCE JAN 1   1002                       894    108     1230
..................................................................


WIND (MPH)
  HIGHEST WIND SPEED    14   HIGHEST WIND DIRECTION    SE (150)
  HIGHEST GUST SPEED    16   HIGHEST GUST DIRECTION    SE (150)
  AVERAGE WIND SPEED     5.2


SKY COVER
  POSSIBLE SUNSHINE  MM
  AVERAGE SKY COVER 0.2


WEATHER CONDITIONS
 THE FOLLOWING WEATHER WAS RECORDED YESTERDAY.
  NO SIGNIFICANT WEATHER WAS OBSERVED.


RELATIVE HUMIDITY (PERCENT)
 HIGHEST    77           500 AM
 LOWEST     27           200 PM
 AVERAGE    52

..........................................................


THE PUEBLO CO CLIMATE NORMALS FOR TODAY
                         NORMAL    RECORD    YEAR
 MAXIMUM TEMPERATURE (F)   67        92      2003
 MINIMUM TEMPERATURE (F)   32        16      1906


SUNRISE AND SUNSET
OCTOBER 23 2014.......SUNRISE   715 AM MDT   SUNSET   609 PM MDT
OCTOBER 24 2014.......SUNRISE   716 AM MDT   SUNSET   608 PM MDT


-  INDICATES NEGATIVE NUMBERS.
R  INDICATES RECORD WAS SET OR TIED.
MM INDICATES DATA IS MISSING.
T  INDICATES TRACE AMOUNT.




$$





U.S. Dept. of Commerce
NOAA National Weather Service
1325 East West Highway
Silver Spring, MD 20910
E-mail: w-nws.webmaster@noaa.gov
Page last modified: May 16, 2007
NATIONAL WEATHER SERVICE: for Safety, for Work, for Fun - FOR LIFE