038
CDUS45 KPUB 241034
CLIPUB


CLIMATE REPORT
NATIONAL WEATHER SERVICE PUEBLO
434 AM MDT FRI OCT 24 2014


...................................

...THE PUEBLO CO CLIMATE SUMMARY FOR OCTOBER 23 2014...

CLIMATE NORMAL PERIOD 1981 TO 2010
CLIMATE RECORD PERIOD 1888 TO 2014


WEATHER ITEM   OBSERVED TIME   RECORD YEAR NORMAL DEPARTURE LAST
                VALUE   (LST)  VALUE       VALUE  FROM      YEAR
                                                  NORMAL
..................................................................
TEMPERATURE (F)
 YESTERDAY
  MAXIMUM         78    220 PM  92    2003  67     11       72
  MINIMUM         41    533 AM  16    1906  32      9       32
  AVERAGE         60                        49     11       52

PRECIPITATION (IN)
  YESTERDAY        0.00          1.71 1941   0.03  -0.03     0.00
  MONTH TO DATE    0.91                      0.56   0.35     0.24
  SINCE SEP 1      1.53                      1.33   0.20     1.51
  SINCE JAN 1     11.13                     11.56  -0.43     9.31

SNOWFALL (IN)
  YESTERDAY        0.0           3.8  1935   0.0    0.0      0.0
  MONTH TO DATE    0.0                       0.7   -0.7      0.1
  SINCE SEP 1      0.0                       1.0   -1.0      0.1
  SINCE JUL 1      T                         1.0   -1.0      0.1
  SNOW DEPTH       0

DEGREE DAYS
 HEATING
  YESTERDAY        5                        16    -11       13
  MONTH TO DATE  187                       272    -85      297
  SINCE SEP 1    240                       365   -125      322
  SINCE JUL 1    241                       370   -129      322

 COOLING
  YESTERDAY        0                         0      0        0
  MONTH TO DATE    0                         0      0        3
  SINCE SEP 1    127                        83     44      170
  SINCE JAN 1   1002                       894    108     1230
..................................................................


WIND (MPH)
  HIGHEST WIND SPEED    14   HIGHEST WIND DIRECTION     E (110)
  HIGHEST GUST SPEED    16   HIGHEST GUST DIRECTION     E (100)
  AVERAGE WIND SPEED     5.4


SKY COVER
  POSSIBLE SUNSHINE  MM
  AVERAGE SKY COVER 0.0


WEATHER CONDITIONS
 THE FOLLOWING WEATHER WAS RECORDED YESTERDAY.
  NO SIGNIFICANT WEATHER WAS OBSERVED.


RELATIVE HUMIDITY (PERCENT)
 HIGHEST    89           500 AM
 LOWEST     16           200 PM
 AVERAGE    53

..........................................................


THE PUEBLO CO CLIMATE NORMALS FOR TODAY
                         NORMAL    RECORD    YEAR
 MAXIMUM TEMPERATURE (F)   67        83      2011
                                             1915
 MINIMUM TEMPERATURE (F)   31        16      1995


SUNRISE AND SUNSET
OCTOBER 24 2014.......SUNRISE   716 AM MDT   SUNSET   608 PM MDT
OCTOBER 25 2014.......SUNRISE   717 AM MDT   SUNSET   607 PM MDT


-  INDICATES NEGATIVE NUMBERS.
R  INDICATES RECORD WAS SET OR TIED.
MM INDICATES DATA IS MISSING.
T  INDICATES TRACE AMOUNT.




$$





U.S. Dept. of Commerce
NOAA National Weather Service
1325 East West Highway
Silver Spring, MD 20910
E-mail: w-nws.webmaster@noaa.gov
Page last modified: May 16, 2007
NATIONAL WEATHER SERVICE: for Safety, for Work, for Fun - FOR LIFE