960
CDUS45 KPUB 230033
CLIPUB


CLIMATE REPORT
NATIONAL WEATHER SERVICE PUEBLO
532 PM MST SAT NOV 22 2014


...................................

...THE PUEBLO CO CLIMATE SUMMARY FOR NOVEMBER 22 2014...
VALID TODAY AS OF 0500 PM LOCAL TIME.

CLIMATE NORMAL PERIOD 1981 TO 2010
CLIMATE RECORD PERIOD 1888 TO 2014


WEATHER ITEM   OBSERVED TIME   RECORD YEAR NORMAL DEPARTURE LAST
                VALUE   (LST)  VALUE       VALUE  FROM      YEAR
                                                  NORMAL
..................................................................
TEMPERATURE (F)
 TODAY
  MAXIMUM         65    242 PM  80    2002  53     12       28
                                      1998
  MINIMUM         24    657 AM  -2    1957  20      4       17
  AVERAGE         45                        36      9       23

PRECIPITATION (IN)
  TODAY            0.00          0.29 1986   0.02  -0.02     0.21
  MONTH TO DATE    0.44                      0.35   0.09     0.22
  SINCE SEP 1      1.97                      1.84   0.13     1.73
  SINCE JAN 1     11.57                     12.07  -0.50     9.53

SNOWFALL (IN)
  TODAY            0.0           4.4  1991   0.1   -0.1      2.6
  MONTH TO DATE    9.1                       2.9    6.2      2.6
  SINCE SEP 1      9.1                       4.5    4.6      2.7
  SINCE JUL 1      9.1                       4.5    4.6      2.7
  SNOW DEPTH       0

DEGREE DAYS
 HEATING
  TODAY           20                        29     -9       42
  MONTH TO DATE  649                       525    124      498
  SINCE SEP 1    974                      1030    -56      952
  SINCE JUL 1    975                      1035    -60      952

 COOLING
  TODAY            0                         0      0        0
  MONTH TO DATE    0                         0      0        0
  SINCE SEP 1    127                        86     41      170
  SINCE JAN 1   1002                       897    105     1230
..................................................................


WIND (MPH)
  HIGHEST WIND SPEED    30   HIGHEST WIND DIRECTION     W (290)
  HIGHEST GUST SPEED    36   HIGHEST GUST DIRECTION     W (290)
  AVERAGE WIND SPEED     8.8


SKY COVER
  POSSIBLE SUNSHINE  MM
  AVERAGE SKY COVER 0.0


WEATHER CONDITIONS
 THE FOLLOWING WEATHER WAS RECORDED TODAY.
  NO SIGNIFICANT WEATHER WAS OBSERVED.


RELATIVE HUMIDITY (PERCENT)
 HIGHEST    88           700 AM
 LOWEST     14           400 PM
 AVERAGE    51

..........................................................


THE PUEBLO CO CLIMATE NORMALS FOR TOMORROW
                         NORMAL    RECORD    YEAR
 MAXIMUM TEMPERATURE (F)   52        73      1925
 MINIMUM TEMPERATURE (F)   19        -6      2003


SUNRISE AND SUNSET
NOVEMBER 22 2014......SUNRISE   647 AM MST   SUNSET   441 PM MST
NOVEMBER 23 2014......SUNRISE   648 AM MST   SUNSET   441 PM MST


-  INDICATES NEGATIVE NUMBERS.
R  INDICATES RECORD WAS SET OR TIED.
MM INDICATES DATA IS MISSING.
T  INDICATES TRACE AMOUNT.




$$





U.S. Dept. of Commerce
NOAA National Weather Service
1325 East West Highway
Silver Spring, MD 20910
E-mail: w-nws.webmaster@noaa.gov
Page last modified: May 16, 2007
NATIONAL WEATHER SERVICE: for Safety, for Work, for Fun - FOR LIFE