424
CDUS45 KPUB 200020
CLIPUB


CLIMATE REPORT
NATIONAL WEATHER SERVICE PUEBLO
620 PM MDT SUN OCT 19 2014


...................................

...THE PUEBLO CO CLIMATE SUMMARY FOR OCTOBER 19 2014...
VALID TODAY AS OF 0500 PM LOCAL TIME.

CLIMATE NORMAL PERIOD 1981 TO 2010
CLIMATE RECORD PERIOD 1888 TO 2014


WEATHER ITEM   OBSERVED TIME   RECORD YEAR NORMAL DEPARTURE LAST
                VALUE   (LST)  VALUE       VALUE  FROM      YEAR
                                                  NORMAL
..................................................................
TEMPERATURE (F)
 TODAY
  MAXIMUM         79    250 PM  91    2003  68     11       65
  MINIMUM         44    128 AM  18    1966  33     11       24
  AVERAGE         62                        51     11       45

PRECIPITATION (IN)
  TODAY            0.00          0.53 1949   0.02  -0.02     0.00
  MONTH TO DATE    0.91                      0.46   0.45     0.24
  SINCE SEP 1      1.53                      1.23   0.30     1.51
  SINCE JAN 1     11.13                     11.46  -0.33     9.31

SNOWFALL (IN)
  TODAY            0.0           1.5  1916   0.1   -0.1      0.0
  MONTH TO DATE    0.0                       0.5   -0.5      0.1
  SINCE SEP 1      0.0                       0.8   -0.8      0.1
  SINCE JUL 1      T                         0.8   -0.8      0.1
  SNOW DEPTH       0

DEGREE DAYS
 HEATING
  TODAY            3                        14    -11       20
  MONTH TO DATE  166                       211    -45      233
  SINCE SEP 1    219                       304    -85      258
  SINCE JUL 1    220                       309    -89      258

 COOLING
  TODAY            0                         0      0        0
  MONTH TO DATE    0                         0      0        3
  SINCE SEP 1    127                        83     44      170
  SINCE JAN 1   1002                       894    108     1230
..................................................................


WIND (MPH)
  HIGHEST WIND SPEED    13   HIGHEST WIND DIRECTION    SE (140)
  HIGHEST GUST SPEED    16   HIGHEST GUST DIRECTION    SE (130)
  AVERAGE WIND SPEED     3.5


SKY COVER
  POSSIBLE SUNSHINE  MM
  AVERAGE SKY COVER 0.2


WEATHER CONDITIONS
 THE FOLLOWING WEATHER WAS RECORDED TODAY.
  NO SIGNIFICANT WEATHER WAS OBSERVED.


RELATIVE HUMIDITY (PERCENT)
 HIGHEST    89           300 AM
 LOWEST     17           100 PM
 AVERAGE    53

..........................................................


THE PUEBLO CO CLIMATE NORMALS FOR TOMORROW
                         NORMAL    RECORD    YEAR
 MAXIMUM TEMPERATURE (F)   68        86      2007
                                             2003
 MINIMUM TEMPERATURE (F)   33        15      1995


SUNRISE AND SUNSET
OCTOBER 19 2014.......SUNRISE   711 AM MDT   SUNSET   615 PM MDT
OCTOBER 20 2014.......SUNRISE   712 AM MDT   SUNSET   613 PM MDT


-  INDICATES NEGATIVE NUMBERS.
R  INDICATES RECORD WAS SET OR TIED.
MM INDICATES DATA IS MISSING.
T  INDICATES TRACE AMOUNT.




$$





U.S. Dept. of Commerce
NOAA National Weather Service
1325 East West Highway
Silver Spring, MD 20910
E-mail: w-nws.webmaster@noaa.gov
Page last modified: May 16, 2007
NATIONAL WEATHER SERVICE: for Safety, for Work, for Fun - FOR LIFE