047
CDUS45 KPUB 312326
CLIPUB


CLIMATE REPORT
NATIONAL WEATHER SERVICE PUEBLO
526 PM MDT FRI OCT 31 2014


...................................

...THE PUEBLO CO CLIMATE SUMMARY FOR OCTOBER 31 2014...
VALID TODAY AS OF 0500 PM LOCAL TIME.

CLIMATE NORMAL PERIOD 1981 TO 2010
CLIMATE RECORD PERIOD 1888 TO 2014


WEATHER ITEM   OBSERVED TIME   RECORD YEAR NORMAL DEPARTURE LAST
                VALUE   (LST)  VALUE       VALUE  FROM      YEAR
                                                  NORMAL
..................................................................
TEMPERATURE (F)
 TODAY
  MAXIMUM         61    256 PM  82    1950  64     -3       65
                                      1933
  MINIMUM         32    548 AM  14    1991  29      3       29
  AVERAGE         47                        46      1       47

PRECIPITATION (IN)
  TODAY            0.00          0.80 1889   0.02  -0.02      T
  MONTH TO DATE    0.91                      0.72   0.19     0.24
  SINCE SEP 1      1.53                      1.49   0.04     1.51
  SINCE JAN 1     11.13                     11.72  -0.59     9.31

SNOWFALL (IN)
  TODAY            0.0          12.6  1972   0.1   -0.1      0.0
  MONTH TO DATE    0.0                       1.3   -1.3      0.1
  SINCE SEP 1      0.0                       1.6   -1.6      0.1
  SINCE JUL 1      T                         1.6   -1.6      0.1
  SNOW DEPTH       0

DEGREE DAYS
 HEATING
  TODAY           18                        19     -1       18
  MONTH TO DATE  272                       412   -140      429
  SINCE SEP 1    325                       505   -180      454
  SINCE JUL 1    326                       510   -184      454

 COOLING
  TODAY            0                         0      0        0
  MONTH TO DATE    0                         3     -3        3
  SINCE SEP 1    127                        86     41      170
  SINCE JAN 1   1002                       897    105     1230
..................................................................


WIND (MPH)
  HIGHEST WIND SPEED    16   HIGHEST WIND DIRECTION     E (100)
  HIGHEST GUST SPEED    20   HIGHEST GUST DIRECTION     E (110)
  AVERAGE WIND SPEED     4.7


SKY COVER
  POSSIBLE SUNSHINE  MM
  AVERAGE SKY COVER 0.0


WEATHER CONDITIONS
 THE FOLLOWING WEATHER WAS RECORDED TODAY.
  NO SIGNIFICANT WEATHER WAS OBSERVED.


RELATIVE HUMIDITY (PERCENT)
 HIGHEST    70           200 AM
 LOWEST     29           300 PM
 AVERAGE    50

..........................................................


THE PUEBLO CO CLIMATE NORMALS FOR TOMORROW
                         NORMAL    RECORD    YEAR
 MAXIMUM TEMPERATURE (F)   63        80      1988
 MINIMUM TEMPERATURE (F)   28         8      1991


SUNRISE AND SUNSET
OCTOBER 31 2014.......SUNRISE   723 AM MDT   SUNSET   600 PM MDT
NOVEMBER  1 2014......SUNRISE   724 AM MDT   SUNSET   559 PM MDT


-  INDICATES NEGATIVE NUMBERS.
R  INDICATES RECORD WAS SET OR TIED.
MM INDICATES DATA IS MISSING.
T  INDICATES TRACE AMOUNT.




$$





U.S. Dept. of Commerce
NOAA National Weather Service
1325 East West Highway
Silver Spring, MD 20910
E-mail: w-nws.webmaster@noaa.gov
Page last modified: May 16, 2007
NATIONAL WEATHER SERVICE: for Safety, for Work, for Fun - FOR LIFE