098
CDUS45 KPUB 260032
CLIPUB


CLIMATE REPORT
NATIONAL WEATHER SERVICE PUEBLO
632 PM MDT SAT OCT 25 2014


...................................

...THE PUEBLO CO CLIMATE SUMMARY FOR OCTOBER 25 2014...
VALID TODAY AS OF 0500 PM LOCAL TIME.

CLIMATE NORMAL PERIOD 1981 TO 2010
CLIMATE RECORD PERIOD 1888 TO 2014


WEATHER ITEM   OBSERVED TIME   RECORD YEAR NORMAL DEPARTURE LAST
                VALUE   (LST)  VALUE       VALUE  FROM      YEAR
                                                  NORMAL
..................................................................
TEMPERATURE (F)
 TODAY
  MAXIMUM         83    345 PM  87    1959  66     17       63
  MINIMUM         42    546 AM  14    1975  31     11       30
  AVERAGE         63                        48     15       47

PRECIPITATION (IN)
  TODAY            0.00          0.91 1907   0.02  -0.02     0.00
  MONTH TO DATE    0.91                      0.60   0.31     0.24
  SINCE SEP 1      1.53                      1.37   0.16     1.51
  SINCE JAN 1     11.13                     11.60  -0.47     9.31

SNOWFALL (IN)
  TODAY            0.0           4.6  1997   0.1   -0.1      0.0
  MONTH TO DATE    0.0                       0.9   -0.9      0.1
  SINCE SEP 1      0.0                       1.2   -1.2      0.1
  SINCE JUL 1      T                         1.2   -1.2      0.1
  SNOW DEPTH       0

DEGREE DAYS
 HEATING
  TODAY            2                        17    -15       18
  MONTH TO DATE  192                       305   -113      333
  SINCE SEP 1    245                       398   -153      358
  SINCE JUL 1    246                       403   -157      358

 COOLING
  TODAY            0                         0      0        0
  MONTH TO DATE    0                         0      0        3
  SINCE SEP 1    127                        83     44      170
  SINCE JAN 1   1002                       894    108     1230
..................................................................


WIND (MPH)
  HIGHEST WIND SPEED    16   HIGHEST WIND DIRECTION     W (290)
  HIGHEST GUST SPEED    18   HIGHEST GUST DIRECTION     W (290)
  AVERAGE WIND SPEED     6.8


SKY COVER
  POSSIBLE SUNSHINE  MM
  AVERAGE SKY COVER 0.0


WEATHER CONDITIONS
 THE FOLLOWING WEATHER WAS RECORDED TODAY.
  NO SIGNIFICANT WEATHER WAS OBSERVED.


RELATIVE HUMIDITY (PERCENT)
 HIGHEST    53           500 AM
 LOWEST     10           100 PM
 AVERAGE    32

..........................................................


THE PUEBLO CO CLIMATE NORMALS FOR TOMORROW
                         NORMAL    RECORD    YEAR
 MAXIMUM TEMPERATURE (F)   66        84      1979
 MINIMUM TEMPERATURE (F)   30         4      1997


SUNRISE AND SUNSET
OCTOBER 25 2014.......SUNRISE   717 AM MDT   SUNSET   607 PM MDT
OCTOBER 26 2014.......SUNRISE   718 AM MDT   SUNSET   606 PM MDT


-  INDICATES NEGATIVE NUMBERS.
R  INDICATES RECORD WAS SET OR TIED.
MM INDICATES DATA IS MISSING.
T  INDICATES TRACE AMOUNT.




$$





U.S. Dept. of Commerce
NOAA National Weather Service
1325 East West Highway
Silver Spring, MD 20910
E-mail: w-nws.webmaster@noaa.gov
Page last modified: May 16, 2007
NATIONAL WEATHER SERVICE: for Safety, for Work, for Fun - FOR LIFE