869
CDUS46 KSGX 251416
CLIPSP


CLIMATE REPORT
NATIONAL WEATHER SERVICE SAN DIEGO, CA
616 AM PST TUE NOV 25 2014


...................................

...THE PALM SPRINGS INTL AIRPORT CA CLIMATE SUMMARY FOR NOVEMBER 24 2014...

CLIMATE NORMAL PERIOD 1981 TO 2010
CLIMATE RECORD PERIOD 1893 TO 2014


WEATHER ITEM   OBSERVED TIME   RECORD YEAR NORMAL DEPARTURE LAST
                VALUE   (LST)  VALUE       VALUE  FROM      YEAR
                                                  NORMAL
..................................................................
TEMPERATURE (F)
 YESTERDAY
  MAXIMUM         80    230 PM  93    1933  73      7       67
  MINIMUM         50    552 AM  34    1941  49      1       48
                                      1931
  AVERAGE         65                        61      4       58

PRECIPITATION (IN)
  YESTERDAY        0.00          0.90 1978   0.02  -0.02     0.00
  MONTH TO DATE    0.07                      0.38  -0.31     0.10
  SINCE JUL 1      1.26                      1.77  -0.51     1.25
  SINCE JAN 1      2.01                      4.71  -2.70     2.22

SNOWFALL (IN)
  YESTERDAY        0.0
  MONTH TO DATE    0.0
  SINCE JAN 1      0.0
  SINCE JUL 1      0.0
  SNOW DEPTH       0

DEGREE DAYS
 HEATING
  YESTERDAY        0                         5     -5        7
  MONTH TO DATE   20                        56    -36       31
  SINCE SEP 1     20                        60    -40       41
  SINCE JUL 1     20                        60    -40       41

 COOLING
  YESTERDAY        0                         1     -1        0
  MONTH TO DATE   68                        72     -4       69
  SINCE SEP 1   1323                      1050    273     1010
  SINCE JAN 1   4920                      4134    786     4506
..................................................................


WIND (MPH)
  RESULTANT WIND SPEED   4   RESULTANT WIND DIRECTION   N (350)
  HIGHEST WIND SPEED    21   HIGHEST WIND DIRECTION     N (10)
  HIGHEST GUST SPEED    24   HIGHEST GUST DIRECTION     N (20)
  AVERAGE WIND SPEED     6.4


SKY COVER
  POSSIBLE SUNSHINE  MM
  AVERAGE SKY COVER 0.1


WEATHER CONDITIONS
 THE FOLLOWING WEATHER WAS RECORDED YESTERDAY.
  NO SIGNIFICANT WEATHER WAS OBSERVED.


RELATIVE HUMIDITY (PERCENT)
 HIGHEST    24           400 AM
 LOWEST      7          1100 AM
 AVERAGE    16

..........................................................


THE PALM SPRINGS INTL AIRPORT CA CLIMATE NORMALS FOR TODAY
                         NORMAL    RECORD    YEAR
 MAXIMUM TEMPERATURE (F)   73        93      1933
 MINIMUM TEMPERATURE (F)   48        32      1952


SUNRISE AND SUNSET
NOVEMBER 25 2014......SUNRISE   628 AM PST   SUNSET   438 PM PST
NOVEMBER 26 2014......SUNRISE   628 AM PST   SUNSET   438 PM PST


-  INDICATES NEGATIVE NUMBERS.
R  INDICATES RECORD WAS SET OR TIED.
MM INDICATES DATA IS MISSING.
T  INDICATES TRACE AMOUNT.




$$





U.S. Dept. of Commerce
NOAA National Weather Service
1325 East West Highway
Silver Spring, MD 20910
E-mail: w-nws.webmaster@noaa.gov
Page last modified: May 16, 2007
NATIONAL WEATHER SERVICE: for Safety, for Work, for Fun - FOR LIFE