648
CDUS46 KSGX 221418
CLIPSP


CLIMATE REPORT
NATIONAL WEATHER SERVICE SAN DIEGO, CA
617 AM PST MON DEC 22 2014


...................................

...THE PALM SPRINGS INTL AIRPORT CA CLIMATE SUMMARY FOR DECEMBER 21 2014...

CLIMATE NORMAL PERIOD 1981 TO 2010
CLIMATE RECORD PERIOD 1893 TO 2014


WEATHER ITEM   OBSERVED TIME   RECORD YEAR NORMAL DEPARTURE LAST
                VALUE   (LST)  VALUE       VALUE  FROM      YEAR
                                                  NORMAL
..................................................................
TEMPERATURE (F)
 YESTERDAY
  MAXIMUM         69    223 PM  82    1962  66      3       70
  MINIMUM         47    550 AM  28    1968  44      3       44
  AVERAGE         58                        55      3       57

PRECIPITATION (IN)
  YESTERDAY        0.00          0.84 1970   0.03  -0.03     0.00
  MONTH TO DATE    0.74                      0.49   0.25      T
  SINCE JUL 1      2.00                      2.41  -0.41     1.26
  SINCE JAN 1      2.75                      5.35  -2.60     2.23

SNOWFALL (IN)
  YESTERDAY        0.0
  MONTH TO DATE    0.0
  SINCE JAN 1      0.0
  SINCE JUL 1      0.0
  SNOW DEPTH       0

DEGREE DAYS
 HEATING
  YESTERDAY        7                        10     -3        8
  MONTH TO DATE  106                       193    -87      182
  SINCE DEC 1    106                       193    -87      182
  SINCE JUL 1    139                       289   -150      243

 COOLING
  YESTERDAY        0                         0      0        0
  MONTH TO DATE   19                         0     19        1
  SINCE DEC 1     19                         0     19        1
  SINCE JAN 1   4943                      4137    806     4507
..................................................................


WIND (MPH)
  RESULTANT WIND SPEED   1   RESULTANT WIND DIRECTION   N (340)
  HIGHEST WIND SPEED     9   HIGHEST WIND DIRECTION     N (350)
  HIGHEST GUST SPEED    10   HIGHEST GUST DIRECTION    NW (330)
  AVERAGE WIND SPEED     2.6


SKY COVER
  POSSIBLE SUNSHINE  MM
  AVERAGE SKY COVER 0.2


WEATHER CONDITIONS
 THE FOLLOWING WEATHER WAS RECORDED YESTERDAY.
  NO SIGNIFICANT WEATHER WAS OBSERVED.


RELATIVE HUMIDITY (PERCENT)
 HIGHEST    86           500 AM
 LOWEST     42           200 PM
 AVERAGE    64

..........................................................


THE PALM SPRINGS INTL AIRPORT CA CLIMATE NORMALS FOR TODAY
                         NORMAL    RECORD    YEAR
 MAXIMUM TEMPERATURE (F)   66        82      1950
 MINIMUM TEMPERATURE (F)   44        26      1992


SUNRISE AND SUNSET
DECEMBER 22 2014......SUNRISE   648 AM PST   SUNSET   442 PM PST
DECEMBER 23 2014......SUNRISE   648 AM PST   SUNSET   442 PM PST


-  INDICATES NEGATIVE NUMBERS.
R  INDICATES RECORD WAS SET OR TIED.
MM INDICATES DATA IS MISSING.
T  INDICATES TRACE AMOUNT.




$$





U.S. Dept. of Commerce
NOAA National Weather Service
1325 East West Highway
Silver Spring, MD 20910
E-mail: w-nws.webmaster@noaa.gov
Page last modified: May 16, 2007
NATIONAL WEATHER SERVICE: for Safety, for Work, for Fun - FOR LIFE