432
CDUS41 KALY 210622
CLIPSF


CLIMATE REPORT
NATIONAL WEATHER SERVICE ALBANY NY
222 AM EDT MON APR 21 2014


...................................

...THE PITTSFIELD MA CLIMATE SUMMARY FOR APRIL 20 2014...

CLIMATE NORMAL PERIOD 1981 TO 2010
CLIMATE RECORD PERIOD 9999 TO 9999


WEATHER ITEM   OBSERVED TIME   NORMAL DEPARTURE LAST
                VALUE   (LST)  VALUE  FROM      YEAR
                                      NORMAL
......................................................
TEMPERATURE (F)
 YESTERDAY
  MAXIMUM         60    329 PM  57      3       53
  MINIMUM         26    502 AM  36    -10       30
  AVERAGE         43            46     -3       42

PRECIPITATION (IN)
  YESTERDAY        0.00          0.11  -0.11     0.28
  MONTH TO DATE    1.73          2.85  -1.12     2.28
  SINCE MAR 1      4.86          6.22  -1.36     4.07
  SINCE JAN 1     11.24         11.82  -0.58     7.70

DEGREE DAYS
 HEATING
  YESTERDAY       22            19      3       23
  MONTH TO DATE  437           459    -22      461
  SINCE MAR 1   1668          1486    182     1516
  SINCE JUL 1   7220          6866    354     6455

 COOLING
  YESTERDAY        0             0      0        0
  MONTH TO DATE    1             0      1        0
  SINCE MAR 1      1             0      1        0
  SINCE JAN 1      1             0      1        0
......................................................


WIND (MPH)
  HIGHEST WIND SPEED    14   HIGHEST WIND DIRECTION    SE (150)
  HIGHEST GUST SPEED    18   HIGHEST GUST DIRECTION     S (160)
  AVERAGE WIND SPEED     4.5


SKY COVER
  AVERAGE SKY COVER 0.0



RELATIVE HUMIDITY (PERCENT)
 HIGHEST    85
 LOWEST     17
 AVERAGE    51

..........................................................


THE PITTSFIELD MA CLIMATE NORMALS FOR TODAY
                         NORMAL
 MAXIMUM TEMPERATURE (F)   57
 MINIMUM TEMPERATURE (F)   36


SUNRISE AND SUNSET
APRIL 21 2014.........SUNRISE   603 AM EDT   SUNSET   742 PM EDT
APRIL 22 2014.........SUNRISE   601 AM EDT   SUNSET   743 PM EDT


-  INDICATES NEGATIVE NUMBERS.
R  INDICATES RECORD WAS SET OR TIED.
MM INDICATES DATA IS MISSING.
T  INDICATES TRACE AMOUNT.




$$





U.S. Dept. of Commerce
NOAA National Weather Service
1325 East West Highway
Silver Spring, MD 20910
E-mail: w-nws.webmaster@noaa.gov
Page last modified: May 16, 2007
NATIONAL WEATHER SERVICE: for Safety, for Work, for Fun - FOR LIFE