827
CDUS41 KALY 010631
CLIPSF


CLIMATE REPORT
NATIONAL WEATHER SERVICE ALBANY NY
230 AM EDT FRI AUG 1 2014


...................................

...THE PITTSFIELD MA CLIMATE SUMMARY FOR JULY 31 2014...

CLIMATE NORMAL PERIOD 1981 TO 2010
CLIMATE RECORD PERIOD 9999 TO 9999


WEATHER ITEM   OBSERVED TIME   NORMAL DEPARTURE LAST
                VALUE   (LST)  VALUE  FROM      YEAR
                                      NORMAL
......................................................
TEMPERATURE (F)
 YESTERDAY
  MAXIMUM         75    410 PM  79     -4       77
  MINIMUM         51    349 AM  57     -6       53
  AVERAGE         63            68     -5       65

PRECIPITATION (IN)
  YESTERDAY        0.01          0.18  -0.17     0.00
  MONTH TO DATE    9.23          4.25   4.98     1.31
  SINCE JUN 1     14.58          8.65   5.93     8.68
  SINCE JAN 1     28.58         25.69   2.89    23.27

DEGREE DAYS
 HEATING
  YESTERDAY        2             1      1        0
  MONTH TO DATE   18            31    -13        8
  SINCE JUN 1     76           132    -56      116
  SINCE JUL 1     18            31    -13        8

 COOLING
  YESTERDAY        0             4     -4        0
  MONTH TO DATE  114           108      6      225
  SINCE JUN 1    157           164     -7      311
  SINCE JAN 1    163           177    -14      336
......................................................


WIND (MPH)
  HIGHEST WIND SPEED    17   HIGHEST WIND DIRECTION    SW (230)
  HIGHEST GUST SPEED    23   HIGHEST GUST DIRECTION    SW (210)
  AVERAGE WIND SPEED     4.3


SKY COVER
  AVERAGE SKY COVER 0.5



RELATIVE HUMIDITY (PERCENT)
 HIGHEST   100
 LOWEST     54
 AVERAGE    77

..........................................................


THE PITTSFIELD MA CLIMATE NORMALS FOR TODAY
                         NORMAL
 MAXIMUM TEMPERATURE (F)   79
 MINIMUM TEMPERATURE (F)   57


SUNRISE AND SUNSET
AUGUST  1 2014........SUNRISE   545 AM EDT   SUNSET   813 PM EDT
AUGUST  2 2014........SUNRISE   547 AM EDT   SUNSET   812 PM EDT


-  INDICATES NEGATIVE NUMBERS.
R  INDICATES RECORD WAS SET OR TIED.
MM INDICATES DATA IS MISSING.
T  INDICATES TRACE AMOUNT.




$$





U.S. Dept. of Commerce
NOAA National Weather Service
1325 East West Highway
Silver Spring, MD 20910
E-mail: w-nws.webmaster@noaa.gov
Page last modified: May 16, 2007
NATIONAL WEATHER SERVICE: for Safety, for Work, for Fun - FOR LIFE