649
CDUS46 KPDT 240858
CLIPSC

CLIMATE REPORT
NATIONAL WEATHER SERVICE PENDLETON OR
136 AM PDT FRI OCT 24 2014


...................................

...THE PASCO WA CLIMATE SUMMARY FOR OCTOBER 23 2014...

CLIMATE NORMAL PERIOD 1981 TO 2010
CLIMATE RECORD PERIOD 1948 TO 2014


WEATHER ITEM   OBSERVED TIME   RECORD YEAR NORMAL DEPARTURE LAST
                VALUE   (LST)  VALUE       VALUE  FROM      YEAR
                                                  NORMAL
..................................................................
TEMPERATURE (F)
 YESTERDAY
  MAXIMUM         63   1245 AM  73    1993  62      1       67
  MINIMUM         51   1032 PM  26    2008  36     15       32
                                      2002
  AVERAGE         57                        49      8       50

PRECIPITATION (IN)
  YESTERDAY        0.06          0.53 1982   0.02   0.04     0.00
  MONTH TO DATE    0.53                      0.49   0.04     0.03
  SINCE OCT 1      0.53                      0.49   0.04     0.03
  SINCE JAN 1      3.64                      6.37  -2.73     4.34

SNOWFALL (IN)
  YESTERDAY        0.0
  SNOW DEPTH       0

DEGREE DAYS
 HEATING
  YESTERDAY        8                        16     -8       15
  MONTH TO DATE  131                       269   -138      331
  SINCE SEP 1    173                       368   -195      399
  SINCE JUL 1    173                       380   -207      399

 COOLING
  YESTERDAY        0                         0      0        0
  MONTH TO DATE   11                         0     11        0
  SINCE SEP 1     73                        52     21      133
  SINCE JAN 1    991                       709    282      995
..................................................................


WIND (MPH)
  RESULTANT WIND SPEED   7   RESULTANT WIND DIRECTION  SW (210)
  HIGHEST WIND SPEED    18   HIGHEST WIND DIRECTION    SW (240)
  HIGHEST GUST SPEED    21   HIGHEST GUST DIRECTION     W (250)


SKY COVER
  POSSIBLE SUNSHINE  MM
  AVERAGE SKY COVER 0.6


WEATHER CONDITIONS
 THE FOLLOWING WEATHER WAS RECORDED YESTERDAY.
  RAIN
  LIGHT RAIN
  FOG


RELATIVE HUMIDITY (PERCENT)
 HIGHEST    93
 LOWEST     62
 AVERAGE    78

..........................................................


THE PASCO WA CLIMATE NORMALS FOR TODAY
                         NORMAL    RECORD    YEAR
 MAXIMUM TEMPERATURE (F)   62        77      2007
 MINIMUM TEMPERATURE (F)   36        22      2002


SUNRISE AND SUNSET
OCTOBER 24 2014.......SUNRISE   726 AM PDT   SUNSET   554 PM PDT
OCTOBER 25 2014.......SUNRISE   728 AM PDT   SUNSET   553 PM PDT


-  INDICATES NEGATIVE NUMBERS.
R  INDICATES RECORD WAS SET OR TIED.
MM INDICATES DATA IS MISSING.
T  INDICATES TRACE AMOUNT.




$$








U.S. Dept. of Commerce
NOAA National Weather Service
1325 East West Highway
Silver Spring, MD 20910
E-mail: w-nws.webmaster@noaa.gov
Page last modified: May 16, 2007
NATIONAL WEATHER SERVICE: for Safety, for Work, for Fun - FOR LIFE