778
CDUS46 KPDT 240836
CLIPSC

CLIMATE REPORT
NATIONAL WEATHER SERVICE PENDLETON OR
136 AM PDT THU APR 24 2014


...................................

...THE PASCO WA CLIMATE SUMMARY FOR APRIL 23 2014...

CLIMATE NORMAL PERIOD 1981 TO 2010
CLIMATE RECORD PERIOD 1948 TO 2014


WEATHER ITEM   OBSERVED TIME   RECORD YEAR NORMAL DEPARTURE LAST
                VALUE   (LST)  VALUE       VALUE  FROM      YEAR
                                                  NORMAL
..................................................................
TEMPERATURE (F)
 YESTERDAY
  MAXIMUM         57    928 AM  91    2012  69    -12       67
  MINIMUM         47    507 AM  27    2011  39      8       29
  AVERAGE         52                        54     -2       48

PRECIPITATION (IN)
  YESTERDAY        0.01          0.42 1974   0.02  -0.01     0.00
  MONTH TO DATE    0.28                      0.52  -0.24     0.55
  SINCE OCT 1      2.60                      6.34  -3.74     4.62
  SINCE JAN 1      2.02                      3.39  -1.37     1.26

SNOWFALL (IN)
  YESTERDAY        0.0
  SNOW DEPTH       0

DEGREE DAYS
 HEATING
  YESTERDAY       13                        11      2       17
  MONTH TO DATE  246                       293    -47      310
  SINCE MAR 1    805                       871    -66      875
  SINCE JUL 1   5034                      4754    280     4493

 COOLING
  YESTERDAY        0                         0      0        0
  MONTH TO DATE    0                         0      0        0
  SINCE MAR 1      0                         0      0        0
  SINCE JAN 1      0                         0      0        0
..................................................................


WIND (MPH)
  RESULTANT WIND SPEED   9   RESULTANT WIND DIRECTION  SW (210)
  HIGHEST WIND SPEED    28   HIGHEST WIND DIRECTION    SW (230)
  HIGHEST GUST SPEED    34   HIGHEST GUST DIRECTION    SW (220)


SKY COVER
  POSSIBLE SUNSHINE  MM
  AVERAGE SKY COVER 0.9


WEATHER CONDITIONS
 THE FOLLOWING WEATHER WAS RECORDED YESTERDAY.
  LIGHT RAIN


RELATIVE HUMIDITY (PERCENT)
 HIGHEST    83
 LOWEST     47
 AVERAGE    65

..........................................................


THE PASCO WA CLIMATE NORMALS FOR TODAY
                         NORMAL    RECORD    YEAR
 MAXIMUM TEMPERATURE (F)   70        83      2012
                                             1999
 MINIMUM TEMPERATURE (F)   39        26      2002


SUNRISE AND SUNSET
APRIL 24 2014.........SUNRISE   554 AM PDT   SUNSET   756 PM PDT
APRIL 25 2014.........SUNRISE   552 AM PDT   SUNSET   757 PM PDT


-  INDICATES NEGATIVE NUMBERS.
R  INDICATES RECORD WAS SET OR TIED.
MM INDICATES DATA IS MISSING.
T  INDICATES TRACE AMOUNT.


$$








U.S. Dept. of Commerce
NOAA National Weather Service
1325 East West Highway
Silver Spring, MD 20910
E-mail: w-nws.webmaster@noaa.gov
Page last modified: May 16, 2007
NATIONAL WEATHER SERVICE: for Safety, for Work, for Fun - FOR LIFE