490
CDUS46 KPDT 011412
CLIPSC

CLIMATE REPORT
NATIONAL WEATHER SERVICE PENDLETON OREGON
711 AM PDT MON SEP 01 2014

....................................

...THE PASCO WA CLIMATE SUMMARY FOR THE MONTH OF AUGUST 2014...

CLIMATE NORMAL PERIOD 1981 TO 2010
CLIMATE RECORD PERIOD 1942 TO 2014

WEATHER         OBSERVED          NORMAL  DEPART  LAST YEAR`S
                 VALUE   DATE(S)  VALUE   FROM    VALUE  DATE(S)
                                          NORMAL

................................................................

TEMPERATURE (F)
RECORD
 HIGH             111   8/ 4/1998
 LOW               40   8/31/2008
HIGHEST           103   8/ 4       45        58            99   8/ 6
LOWEST             51   8/ 9       15        36            50   8/21
AVG. MAXIMUM     91.8            89.9       1.9          91.3
AVG. MINUMUM     59.5            55.5       4.0          58.9
MEAN             75.6            72.7       2.9          75.1
DAYS MAX >= 90     19               8        11            21
DAYS MAX <= 32      0              18       -18             0
DAYS MIN <= 32      0              18       -18             0
DAYS MIN <= 0       0              18       -18             0


PRECIPITATION (INCHES)
RECORD
 MAXIMUM          0.38   2013
 MINIMUM          0.01   2006
TOTALS            0.47            0.27      0.20          0.38
DAILY AVG.        0.02            0.01      0.01          0.01
DAYS >=  0.01        3               1         2             4
DAYS >=  0.10        1               0         1             1
DAYS >=  0.50        0               0         0             0
DAYS >=  1.00        0               0         0             0
GREATEST
 24 HR. TOTAL     0.45   8/14



SNOWFALL (INCHES)
RECORD
 MAXIMUM           0.0   2013
 MINIMUM           0.0   2013
TOTALS             0.0             0.0       0.0           0.0
SINCE 7/1          0.0             0.0       0.0           0.0
DAYS >=  TRACE                       0         0
DAYS >=  1.0         0               0         0             0
GREATEST
 24 HR. TOTAL      0.0   8/31


DEGREE DAYS
HEATING TOTAL        0               6        -6             0
 SINCE 7/1           0               7        -7             0
COOLING TOTAL      337             247        90           321
 SINCE 1/1         918             655       263           862

.............................................................

WIND (MPH)
AVERAGE WIND SPEED                     5.9
RESULTANT WIND SPEED/DIRECTION         4/238
HIGHEST WIND SPEED/DIRECTION          49/200      DATE          08/12
HIGHEST GUST SPEED/DIRECTION          63/200      DATE          08/12


WEATHER CONDITIONS. NUMBER OF DAYS WITH
THUNDERSTORM               4    MIXED PRECIP                           0
HEAVY RAIN                 1    RAIN                                   1
LIGHT RAIN                 5    FREEZING RAIN                          0
LT FREEZING RAIN           0    HAIL                                   0
HEAVY SNOW                 0    SNOW                                   0
LIGHT SNOW                 0    SLEET                                  0
FOG                        1    FOG W/VIS <=1/4 MILE                   0
HAZE                       7

-  INDICATES NEGATIVE NUMBERS.
R  INDICATES RECORD WAS SET OR TIED.
MM INDICATES DATA IS MISSING.
T  INDICATES TRACE AMOUNT.

$$







U.S. Dept. of Commerce
NOAA National Weather Service
1325 East West Highway
Silver Spring, MD 20910
E-mail: w-nws.webmaster@noaa.gov
Page last modified: May 16, 2007
NATIONAL WEATHER SERVICE: for Safety, for Work, for Fun - FOR LIFE