367
CDUS45 KFGZ 230807
CLIPRC
CLIMATE REPORT
NATIONAL WEATHER SERVICE FLAGSTAFF, AZ
106 AM MST SAT AUG 23 2014


...................................

...THE PRESCOTT AZ AIRPORT CLIMATE SUMMARY FOR AUGUST 22 2014...

CLIMATE NORMAL PERIOD 1981 TO 2010
CLIMATE RECORD PERIOD 1948 TO 2014


WEATHER ITEM   OBSERVED TIME   RECORD YEAR NORMAL DEPARTURE LAST
                VALUE   (LST)  VALUE       VALUE  FROM      YEAR
                                                  NORMAL
..................................................................
TEMPERATURE (F)
 YESTERDAY
  MAXIMUM         76    407 PM  96    2011  86    -10       87
  MINIMUM         58   1155 PM  44    1968  60     -2       64
  AVERAGE         67                        73     -6

PRECIPITATION (IN)
  YESTERDAY        0.00          3.38 1992   0.08  -0.08     0.03
  MONTH TO DATE    3.65                      1.94   1.71     0.29
  SINCE SEP 1     11.17                     13.29  -2.12     8.08
  SINCE JAN 1      6.45                      8.98  -2.53     6.12

DEGREE DAYS
 HEATING
  YESTERDAY        0                                0
  MONTH TO DATE    3                                3
  SINCE JUL 1      3                                3

 COOLING
  YESTERDAY        2                               -6
  MONTH TO DATE  165                              -34
  SINCE JAN 1    845                               91
..................................................................


WIND (MPH)
  HIGHEST WIND SPEED    20   HIGHEST WIND DIRECTION    SW (240)
  HIGHEST GUST SPEED    23   HIGHEST GUST DIRECTION     W (250)
  AVERAGE WIND SPEED     5.7


SKY COVER
  AVERAGE SKY COVER 0.5


WEATHER CONDITIONS
 THE FOLLOWING WEATHER WAS RECORDED YESTERDAY.
  FOG


RELATIVE HUMIDITY (PERCENT)
 HIGHEST    90
 LOWEST     38

..........................................................


THE PRESCOTT AZ AIRPORT CLIMATE NORMALS FOR TODAY
                         NORMAL    RECORD    YEAR
 MAXIMUM TEMPERATURE (F)   86        98      2011
 MINIMUM TEMPERATURE (F)   60        37      1968


SUNRISE AND SUNSET
AUGUST 23 2014........SUNRISE   556 AM MST   SUNSET   708 PM MST
AUGUST 24 2014........SUNRISE   557 AM MST   SUNSET   706 PM MST


-  INDICATES NEGATIVE NUMBERS.
R  INDICATES RECORD WAS SET OR TIED.
MM INDICATES DATA IS MISSING.
T  INDICATES TRACE AMOUNT.




$$





U.S. Dept. of Commerce
NOAA National Weather Service
1325 East West Highway
Silver Spring, MD 20910
E-mail: w-nws.webmaster@noaa.gov
Page last modified: May 16, 2007
NATIONAL WEATHER SERVICE: for Safety, for Work, for Fun - FOR LIFE