029
CDUS45 KFGZ 200838
CLIPRC
CLIMATE REPORT
NATIONAL WEATHER SERVICE FLAGSTAFF, AZ
128 AM MST MON OCT 20 2014


...................................

...THE PRESCOTT AZ AIRPORT CLIMATE SUMMARY FOR OCTOBER 19 2014...

CLIMATE NORMAL PERIOD 1981 TO 2010
CLIMATE RECORD PERIOD 1948 TO 2014


WEATHER ITEM   OBSERVED TIME   RECORD YEAR NORMAL DEPARTURE LAST
                VALUE   (LST)  VALUE       VALUE  FROM      YEAR
                                                  NORMAL
..................................................................
TEMPERATURE (F)
 YESTERDAY
  MAXIMUM         76    421 PM  87    2003  71      5       74
  MINIMUM         49    720 AM  27    1971  40      9       34
  AVERAGE         63                        55      8

PRECIPITATION (IN)
  YESTERDAY        T             0.87 1972   0.03  -0.03     0.00
  MONTH TO DATE    0.14                      0.60  -0.46     0.23
  SINCE SEP 1      2.73                      2.11   0.62     2.71
  SINCE JAN 1     10.20                     11.77  -1.57    10.93

DEGREE DAYS
 HEATING
  YESTERDAY        2                               -8
  MONTH TO DATE   61                              -66
  SINCE JUL 1     86                              -79

 COOLING
  YESTERDAY        0                                0
  MONTH TO DATE    0                               -5
  SINCE JAN 1   1039                               99
..................................................................


WIND (MPH)
  HIGHEST WIND SPEED    17   HIGHEST WIND DIRECTION    SE (140)
  HIGHEST GUST SPEED    22   HIGHEST GUST DIRECTION    SE (140)
  AVERAGE WIND SPEED     5.9


SKY COVER
  AVERAGE SKY COVER 0.3


WEATHER CONDITIONS
 THE FOLLOWING WEATHER WAS RECORDED YESTERDAY.
  THUNDERSTORM
  LIGHT RAIN
  HAZE


RELATIVE HUMIDITY (PERCENT)
 HIGHEST    71
 LOWEST     23

..........................................................


THE PRESCOTT AZ AIRPORT CLIMATE NORMALS FOR TODAY
                         NORMAL    RECORD    YEAR
 MAXIMUM TEMPERATURE (F)   70        87      2003
 MINIMUM TEMPERATURE (F)   40        21      1949


SUNRISE AND SUNSET
OCTOBER 20 2014.......SUNRISE   640 AM MST   SUNSET   549 PM MST
OCTOBER 21 2014.......SUNRISE   640 AM MST   SUNSET   548 PM MST


-  INDICATES NEGATIVE NUMBERS.
R  INDICATES RECORD WAS SET OR TIED.
MM INDICATES DATA IS MISSING.
T  INDICATES TRACE AMOUNT.




$$






U.S. Dept. of Commerce
NOAA National Weather Service
1325 East West Highway
Silver Spring, MD 20910
E-mail: w-nws.webmaster@noaa.gov
Page last modified: May 16, 2007
NATIONAL WEATHER SERVICE: for Safety, for Work, for Fun - FOR LIFE