051
CDUS45 KFGZ 310804
CLIPRC
CLIMATE REPORT
NATIONAL WEATHER SERVICE FLAGSTAFF, AZ
103 AM MST FRI OCT 31 2014


...................................

...THE PRESCOTT AZ AIRPORT CLIMATE SUMMARY FOR OCTOBER 30 2014...

CLIMATE NORMAL PERIOD 1981 TO 2010
CLIMATE RECORD PERIOD 1948 TO 2014


WEATHER ITEM   OBSERVED TIME   RECORD YEAR NORMAL DEPARTURE LAST
                VALUE   (LST)  VALUE       VALUE  FROM      YEAR
                                                  NORMAL
..................................................................
TEMPERATURE (F)
 YESTERDAY
  MAXIMUM         77    200 PM  78    2008  67     10       57
  MINIMUM         41    714 AM  18    1971  37      4       30
  AVERAGE         59                        52      7

PRECIPITATION (IN)
  YESTERDAY        0.00          0.97 1951   0.03  -0.03      T
  MONTH TO DATE    0.14                      0.89  -0.75     0.23
  SINCE SEP 1      2.73                      2.40   0.33     2.71
  SINCE JAN 1     10.20                     12.06  -1.86    10.93

DEGREE DAYS
 HEATING
  YESTERDAY        6                               -7
  MONTH TO DATE  114                             -141
  SINCE JUL 1    139                             -154

 COOLING
  YESTERDAY        0                                0
  MONTH TO DATE    0                               -5
  SINCE JAN 1   1039                               99
..................................................................


WIND (MPH)
  HIGHEST WIND SPEED    18   HIGHEST WIND DIRECTION    SE (140)
  HIGHEST GUST SPEED    23   HIGHEST GUST DIRECTION    SE (150)
  AVERAGE WIND SPEED     6.2


SKY COVER
  AVERAGE SKY COVER 0.0


WEATHER CONDITIONS
 THE FOLLOWING WEATHER WAS RECORDED YESTERDAY.
  HAZE


RELATIVE HUMIDITY (PERCENT)
 HIGHEST    65
 LOWEST     15

..........................................................


THE PRESCOTT AZ AIRPORT CLIMATE NORMALS FOR TODAY
                         NORMAL    RECORD    YEAR
 MAXIMUM TEMPERATURE (F)   67        80      2008
 MINIMUM TEMPERATURE (F)   36        22      1991


SUNRISE AND SUNSET
OCTOBER 31 2014.......SUNRISE   649 AM MST   SUNSET   537 PM MST
NOVEMBER  1 2014......SUNRISE   650 AM MST   SUNSET   536 PM MST


-  INDICATES NEGATIVE NUMBERS.
R  INDICATES RECORD WAS SET OR TIED.
MM INDICATES DATA IS MISSING.
T  INDICATES TRACE AMOUNT.




$$






U.S. Dept. of Commerce
NOAA National Weather Service
1325 East West Highway
Silver Spring, MD 20910
E-mail: w-nws.webmaster@noaa.gov
Page last modified: May 16, 2007
NATIONAL WEATHER SERVICE: for Safety, for Work, for Fun - FOR LIFE