484
CDUS45 KFGZ 280747
CLIPRC
CLIMATE REPORT
NATIONAL WEATHER SERVICE FLAGSTAFF, AZ
1246 AM MST WED JAN 28 2015


...................................

...THE PRESCOTT AZ AIRPORT CLIMATE SUMMARY FOR JANUARY 27 2015...

CLIMATE NORMAL PERIOD 1981 TO 2010
CLIMATE RECORD PERIOD 1948 TO 2015


WEATHER ITEM   OBSERVED TIME   RECORD YEAR NORMAL DEPARTURE LAST
                VALUE   (LST)  VALUE       VALUE  FROM      YEAR
                                                  NORMAL
..................................................................
TEMPERATURE (F)
 YESTERDAY
  MAXIMUM         60    207 PM  67    2003  53      7       62
  MINIMUM         37   1159 PM   6    1979  26     11       32
  AVERAGE         49                        40      9

PRECIPITATION (IN)
  YESTERDAY        0.14          1.13 2008   0.04   0.10     0.00
  MONTH TO DATE    0.88                      0.98  -0.10     0.00
  SINCE SEP 1      5.56                      5.29   0.27     4.72
  SINCE JAN 1      0.88                      0.98  -0.10     0.00

DEGREE DAYS
 HEATING
  YESTERDAY       16                               -9
  MONTH TO DATE  635                              -78
  SINCE JUL 1   2020                             -396

 COOLING
  YESTERDAY        0                                0
  MONTH TO DATE    0                                0
  SINCE JAN 1      0                                0
..................................................................


WIND (MPH)
  HIGHEST WIND SPEED    18   HIGHEST WIND DIRECTION    SE (130)
  HIGHEST GUST SPEED    24   HIGHEST GUST DIRECTION    SE (140)
  AVERAGE WIND SPEED     7.5


SKY COVER
  AVERAGE SKY COVER 0.6


WEATHER CONDITIONS
 THE FOLLOWING WEATHER WAS RECORDED YESTERDAY.
  RAIN
  LIGHT RAIN
  FOG


RELATIVE HUMIDITY (PERCENT)
 HIGHEST    89
 LOWEST     37

..........................................................


THE PRESCOTT AZ AIRPORT CLIMATE NORMALS FOR TODAY
                         NORMAL    RECORD    YEAR
 MAXIMUM TEMPERATURE (F)   53        70      1986
 MINIMUM TEMPERATURE (F)   26         2      1949


SUNRISE AND SUNSET
JANUARY 28 2015.......SUNRISE   731 AM MST   SUNSET   555 PM MST
JANUARY 29 2015.......SUNRISE   730 AM MST   SUNSET   556 PM MST


-  INDICATES NEGATIVE NUMBERS.
R  INDICATES RECORD WAS SET OR TIED.
MM INDICATES DATA IS MISSING.
T  INDICATES TRACE AMOUNT.




$$






U.S. Dept. of Commerce
NOAA National Weather Service
1325 East West Highway
Silver Spring, MD 20910
E-mail: w-nws.webmaster@noaa.gov
Page last modified: May 16, 2007
NATIONAL WEATHER SERVICE: for Safety, for Work, for Fun - FOR LIFE