814
CDUS45 KFGZ 300749
CLIPRC
CLIMATE REPORT
NATIONAL WEATHER SERVICE FLAGSTAFF, AZ
1248 AM MST WED JUL 30 2014


...................................

...THE PRESCOTT AZ AIRPORT CLIMATE SUMMARY FOR JULY 29 2014...

CLIMATE NORMAL PERIOD 1981 TO 2010
CLIMATE RECORD PERIOD 1948 TO 2014


WEATHER ITEM   OBSERVED TIME   RECORD YEAR NORMAL DEPARTURE LAST
                VALUE   (LST)  VALUE       VALUE  FROM      YEAR
                                                  NORMAL
..................................................................
TEMPERATURE (F)
 YESTERDAY
  MAXIMUM         90    348 PM 100    1995  88      2       86
  MINIMUM         61    617 AM  55    1990  62     -1       62
  AVERAGE         76                        75      1

PRECIPITATION (IN)
  YESTERDAY        0.00          0.48 1966   0.10  -0.10     0.00
  MONTH TO DATE    1.78                      1.93  -0.15     3.31
  SINCE SEP 1      7.47                     11.17  -3.70     7.79
  SINCE JAN 1      2.75                      6.86  -4.11     5.83

DEGREE DAYS
 HEATING
  YESTERDAY        0                                0
  MONTH TO DATE    0                                0
  SINCE JUL 1      0                                0

 COOLING
  YESTERDAY       11                                1
  MONTH TO DATE  348                               39
  SINCE JAN 1    654                              117
..................................................................


WIND (MPH)
  HIGHEST WIND SPEED    18   HIGHEST WIND DIRECTION    SW (240)
  HIGHEST GUST SPEED    23   HIGHEST GUST DIRECTION    SW (240)
  AVERAGE WIND SPEED     5.6


SKY COVER
  AVERAGE SKY COVER 0.2


WEATHER CONDITIONS
 THE FOLLOWING WEATHER WAS RECORDED YESTERDAY.
  NO SIGNIFICANT WEATHER WAS OBSERVED.


RELATIVE HUMIDITY (PERCENT)
 HIGHEST    84
 LOWEST     24

..........................................................


THE PRESCOTT AZ AIRPORT CLIMATE NORMALS FOR TODAY
                         NORMAL    RECORD    YEAR
 MAXIMUM TEMPERATURE (F)   88        99      1978
 MINIMUM TEMPERATURE (F)   62        56      1958


SUNRISE AND SUNSET
JULY 30 2014..........SUNRISE   538 AM MST   SUNSET   733 PM MST
JULY 31 2014..........SUNRISE   539 AM MST   SUNSET   733 PM MST


-  INDICATES NEGATIVE NUMBERS.
R  INDICATES RECORD WAS SET OR TIED.
MM INDICATES DATA IS MISSING.
T  INDICATES TRACE AMOUNT.




$$






U.S. Dept. of Commerce
NOAA National Weather Service
1325 East West Highway
Silver Spring, MD 20910
E-mail: w-nws.webmaster@noaa.gov
Page last modified: May 16, 2007
NATIONAL WEATHER SERVICE: for Safety, for Work, for Fun - FOR LIFE