948
CDUS45 KFGZ 260056
CLIPRC
CLIMATE REPORT
NATIONAL WEATHER SERVICE FLAGSTAFF, AZ
556 PM MST SAT OCT 25 2014


...................................

...THE PRESCOTT AZ AIRPORT CLIMATE SUMMARY FOR OCTOBER 25 2014...
VALID TODAY AS OF 0500 PM LOCAL TIME.

CLIMATE NORMAL PERIOD 1981 TO 2010
CLIMATE RECORD PERIOD 1948 TO 2014


WEATHER ITEM   OBSERVED TIME   RECORD YEAR NORMAL DEPARTURE LAST
                VALUE   (LST)  VALUE       VALUE  FROM      YEAR
                                                  NORMAL
..................................................................
TEMPERATURE (F)
 TODAY
  MAXIMUM         78    153 PM  87    1959  69      9       74
  MINIMUM         48    635 AM  24    1975  38     10       38
  AVERAGE         63                        53     10

PRECIPITATION (IN)
  TODAY            0.00          0.18 1998   0.03  -0.03
  MONTH TO DATE    0.14                      0.75  -0.61
  SINCE SEP 1      2.73                      2.26   0.47
  SINCE JAN 1     10.20                     11.92  -1.72

DEGREE DAYS
 HEATING
  TODAY            2                        12    -10
  SINCE JUL 1    110                       230   -120

 COOLING
  TODAY            0                         0      0
  SINCE JAN 1   1039                       940     99
..................................................................


WIND (MPH)
  HIGHEST WIND SPEED    20   HIGHEST WIND DIRECTION     S (190)
  HIGHEST GUST SPEED    24   HIGHEST GUST DIRECTION     S (200)
  AVERAGE WIND SPEED     8.1


SKY COVER
  POSSIBLE SUNSHINE  MM
  AVERAGE SKY COVER 0.2


WEATHER CONDITIONS
 THE FOLLOWING WEATHER WAS RECORDED TODAY.
  NO SIGNIFICANT WEATHER WAS OBSERVED.


RELATIVE HUMIDITY (PERCENT)
 HIGHEST    71           700 AM
 LOWEST     30           200 PM

..........................................................


THE PRESCOTT AZ AIRPORT CLIMATE NORMALS FOR TOMORROW
                         NORMAL    RECORD    YEAR
 MAXIMUM TEMPERATURE (F)   68        85      2008
 MINIMUM TEMPERATURE (F)   38         0      2009


SUNRISE AND SUNSET
OCTOBER 25 2014.......SUNRISE   644 AM MST   SUNSET   543 PM MST
OCTOBER 26 2014.......SUNRISE   645 AM MST   SUNSET   542 PM MST


-  INDICATES NEGATIVE NUMBERS.
R  INDICATES RECORD WAS SET OR TIED.
MM INDICATES DATA IS MISSING.
T  INDICATES TRACE AMOUNT.




$$






U.S. Dept. of Commerce
NOAA National Weather Service
1325 East West Highway
Silver Spring, MD 20910
E-mail: w-nws.webmaster@noaa.gov
Page last modified: May 16, 2007
NATIONAL WEATHER SERVICE: for Safety, for Work, for Fun - FOR LIFE