329
CDUS46 KLOX 250903
CLIPRB


CLIMATE REPORT
NATIONAL WEATHER SERVICE LOS ANGELES/OXNARD CA
203 AM PDT SAT OCT 25 2014


...................................

...THE PASO ROBLES AIRPORT CA CLIMATE SUMMARY FOR OCTOBER 24 2014...

CLIMATE NORMAL PERIOD 1981 TO 2010
CLIMATE RECORD PERIOD 1948 TO 2014


WEATHER ITEM   OBSERVED TIME   RECORD YEAR NORMAL DEPARTURE LAST
                VALUE   (LST)  VALUE       VALUE  FROM      YEAR
                                                  NORMAL
..................................................................
TEMPERATURE (F)
 YESTERDAY
  MAXIMUM         87   1233 PM 100    1959  76     11       75
  MINIMUM         44    649 AM  27    1975  43      1       47
  AVERAGE         66                        59      7       61

PRECIPITATION (IN)
  YESTERDAY        0.00          0.29 1998   0.02  -0.02     0.00
  MONTH TO DATE    0.00                      0.40  -0.40     0.02
  SINCE JUL 1      T                         0.73  -0.73     0.02
  SINCE JAN 1      4.46                      9.52  -5.06     1.48

SNOWFALL (IN)
  YESTERDAY        0.0
  MONTH TO DATE    0.0
  SINCE SEP 1      0.0
  SINCE JUL 1      0.0

DEGREE DAYS
 HEATING
  YESTERDAY        0                         6     -6        4
  MONTH TO DATE   16                        89    -73       88
  SINCE SEP 1     17                       113    -96       99
  SINCE JUL 1     17                       121   -104       99

 COOLING
  YESTERDAY        1                         0      1        0
  MONTH TO DATE  104                        34     70        5
  SINCE SEP 1    349                       192    157      199
  SINCE JAN 1   1356                       925    431     1173
..................................................................


WIND (MPH)
  HIGHEST WIND SPEED    17   HIGHEST WIND DIRECTION    SW (220)
  HIGHEST GUST SPEED    23   HIGHEST GUST DIRECTION    SW (220)
  AVERAGE WIND SPEED     4.9


SKY COVER
  POSSIBLE SUNSHINE  MM
  AVERAGE SKY COVER 0.0


WEATHER CONDITIONS
 THE FOLLOWING WEATHER WAS RECORDED YESTERDAY.
  NO SIGNIFICANT WEATHER WAS OBSERVED.


RELATIVE HUMIDITY (PERCENT)
 HIGHEST    83          1000 PM
 LOWEST     15           100 PM
 AVERAGE    49

..........................................................


THE PASO ROBLES AIRPORT CA CLIMATE NORMALS FOR TODAY
                         NORMAL    RECORD    YEAR
 MAXIMUM TEMPERATURE (F)   76        94      2003
 MINIMUM TEMPERATURE (F)   42        30      1975


SUNRISE AND SUNSET
OCTOBER 25 2014.......SUNRISE   718 AM PDT   SUNSET   615 PM PDT
OCTOBER 26 2014.......SUNRISE   719 AM PDT   SUNSET   613 PM PDT


-  INDICATES NEGATIVE NUMBERS.
R  INDICATES RECORD WAS SET OR TIED.
MM INDICATES DATA IS MISSING.
T  INDICATES TRACE AMOUNT.




$$





U.S. Dept. of Commerce
NOAA National Weather Service
1325 East West Highway
Silver Spring, MD 20910
E-mail: w-nws.webmaster@noaa.gov
Page last modified: May 16, 2007
NATIONAL WEATHER SERVICE: for Safety, for Work, for Fun - FOR LIFE