460
CDUS41 KALY 210622
CLIPOU


CLIMATE REPORT
NATIONAL WEATHER SERVICE ALBANY NY
222 AM EDT THU AUG 21 2014




THE POUGHKEEPSIE NY CLIMATE SUMMARY FOR AUGUST 20 2014...

CLIMATE NORMAL PERIOD 1981 TO 2010
CLIMATE RECORD PERIOD 1949 TO 2014


WEATHER ITEM   OBSERVED TIME   RECORD YEAR NORMAL DEPARTURE LAST
                VALUE   (LST)  VALUE       VALUE  FROM      YEAR
                                                  NORMAL

TEMPERATURE (F)
 YESTERDAY
  MAXIMUM         84    425 PM  95    1983  82      2       85
  MINIMUM         61    426 AM  41    1949  59      2       58
  AVERAGE         73                        71      2       72

PRECIPITATION (IN)
  YESTERDAY        0.00          1.31 1950   0.14  -0.14     0.00
  MONTH TO DATE    2.74                      2.87  -0.13     5.87
  SINCE JUN 1     10.00                     11.95  -1.95    18.83
  SINCE JAN 1     24.03                     29.45  -5.42    29.48

DEGREE DAYS
 HEATING
  YESTERDAY        0                         0      0        0
  MONTH TO DATE    3                         0      3        3
  SINCE JUN 1     10                        54    -44       34
  SINCE JUL 1      3                         5     -2        3

 COOLING
  YESTERDAY        8                         6      2        7
  MONTH TO DATE  100                       144    -44       88
  SINCE JUN 1    503                       511     -8      625
  SINCE JAN 1    536                       547    -11      678



WIND (MPH)
  HIGHEST WIND SPEED    12   HIGHEST WIND DIRECTION     E (110)
  HIGHEST GUST SPEED    14   HIGHEST GUST DIRECTION    SW (220)
  AVERAGE WIND SPEED     3.2


SKY COVER
  AVERAGE SKY COVER 0.5



RELATIVE HUMIDITY (PERCENT)
 HIGHEST    93           200 AM
 LOWEST     54          1100 AM
 AVERAGE    74




THE POUGHKEEPSIE NY CLIMATE NORMALS FOR TODAY
                         NORMAL    RECORD    YEAR
 MAXIMUM TEMPERATURE (F)   82        94      2005
 MINIMUM TEMPERATURE (F)   59        43      1977


SUNRISE AND SUNSET
AUGUST 21 2014........SUNRISE   610 AM EDT   SUNSET   746 PM EDT
AUGUST 22 2014........SUNRISE   611 AM EDT   SUNSET   745 PM EDT


-  INDICATES NEGATIVE NUMBERS.
R  INDICATES RECORD WAS SET OR TIED.
MM INDICATES DATA IS MISSING.
T  INDICATES TRACE AMOUNT.





RECORDS FOR KPOU DATE BACK TO 1949...
HOWEVER...DATA IS MISSING FROM JANUARY 1993 - JULY 2000.
$$







U.S. Dept. of Commerce
NOAA National Weather Service
1325 East West Highway
Silver Spring, MD 20910
E-mail: w-nws.webmaster@noaa.gov
Page last modified: May 16, 2007
NATIONAL WEATHER SERVICE: for Safety, for Work, for Fun - FOR LIFE