855
CDUS41 KALY 250623
CLIPOU


CLIMATE REPORT
NATIONAL WEATHER SERVICE ALBANY NY
222 AM EDT SAT OCT 25 2014


...................................

...THE POUGHKEEPSIE NY CLIMATE SUMMARY FOR OCTOBER 24 2014...

CLIMATE NORMAL PERIOD 1981 TO 2010
CLIMATE RECORD PERIOD 1949 TO 2014


WEATHER ITEM   OBSERVED TIME   RECORD YEAR NORMAL DEPARTURE LAST
                VALUE   (LST)  VALUE       VALUE  FROM      YEAR
                                                  NORMAL
..................................................................
TEMPERATURE (F)
 YESTERDAY
  MAXIMUM         59   1229 PM  78    2001  60     -1       54
  MINIMUM         41   1159 PM  21    1969  36      5       31
  AVERAGE         50                        48      2       43

PRECIPITATION (IN)
  YESTERDAY        T             1.37 2009   0.13  -0.13     0.00
  MONTH TO DATE    3.67                      3.54   0.13     1.37
  SINCE SEP 1      4.19                      7.82  -3.63     3.69
  SINCE JAN 1     28.86                     38.60  -9.74    33.91

DEGREE DAYS
 HEATING
  YESTERDAY       15                        17     -2       22
  MONTH TO DATE  215                       312    -97      200
  SINCE SEP 1    304                       435   -131      340
  SINCE JUL 1    309                       452   -143      343

 COOLING
  YESTERDAY        0                         0      0        0
  MONTH TO DATE   13                         0     13        8
  SINCE SEP 1     99                        64     35       72
  SINCE JAN 1    696                       668     28      829
..................................................................


WIND (MPH)
  HIGHEST WIND SPEED    15   HIGHEST WIND DIRECTION     N (10)
  HIGHEST GUST SPEED    19   HIGHEST GUST DIRECTION     N (10)
  AVERAGE WIND SPEED     3.5


SKY COVER
  AVERAGE SKY COVER 0.8



RELATIVE HUMIDITY (PERCENT)
 HIGHEST    93           900 PM
 LOWEST     57           100 PM
 AVERAGE    75

..........................................................


THE POUGHKEEPSIE NY CLIMATE NORMALS FOR TODAY
                         NORMAL    RECORD    YEAR
 MAXIMUM TEMPERATURE (F)   60        80      1963
 MINIMUM TEMPERATURE (F)   36        24      1952


SUNRISE AND SUNSET
OCTOBER 25 2014.......SUNRISE   719 AM EDT   SUNSET   600 PM EDT
OCTOBER 26 2014.......SUNRISE   720 AM EDT   SUNSET   558 PM EDT


-  INDICATES NEGATIVE NUMBERS.
R  INDICATES RECORD WAS SET OR TIED.
MM INDICATES DATA IS MISSING.
T  INDICATES TRACE AMOUNT.





RECORDS FOR KPOU DATE BACK TO 1949...
HOWEVER...DATA IS MISSING FROM JANUARY 1993 - JULY 2000.
$$







U.S. Dept. of Commerce
NOAA National Weather Service
1325 East West Highway
Silver Spring, MD 20910
E-mail: w-nws.webmaster@noaa.gov
Page last modified: May 16, 2007
NATIONAL WEATHER SERVICE: for Safety, for Work, for Fun - FOR LIFE