137
CDUS44 KMOB 190627
CLIPNS


CLIMATE REPORT
NATIONAL WEATHER SERVICE MOBILE AL
126 AM CDT FRI SEP 19 2014


...................................

...THE PENSACOLA CLIMATE SUMMARY FOR SEPTEMBER 18 2014...

CLIMATE NORMAL PERIOD 1981 TO 2010
CLIMATE RECORD PERIOD 1879 TO 2014


WEATHER ITEM   OBSERVED TIME   RECORD YEAR NORMAL DEPARTURE LAST
                VALUE   (LST)  VALUE       VALUE  FROM      YEAR
                                                  NORMAL
..................................................................
TEMPERATURE (F)
 YESTERDAY
  MAXIMUM         86   1157 AM  96    2005  86      0       88
  MINIMUM         71    605 AM  53    1981  70      1       75
  AVERAGE         79                        78      1       82

PRECIPITATION (IN)
  YESTERDAY        0.00          3.97 1914   0.19  -0.19     0.23
  MONTH TO DATE    4.92                      3.60   1.32     1.80
  SINCE MAR 1     62.34                     38.68  23.66    43.98
  SINCE JAN 1     73.67                     48.37  25.30    58.25

DEGREE DAYS
 COOLING
  YESTERDAY       14                        13      1       17
  MONTH TO DATE  285                       266     19      319
  SINCE SEP 1    285                       266     19      319
  SINCE JAN 1   2241                      2233      8     2301
..................................................................


WIND (MPH)
  HIGHEST WIND SPEED    12   HIGHEST WIND DIRECTION     S (160)
  HIGHEST GUST SPEED    14   HIGHEST GUST DIRECTION    SE (150)
  AVERAGE WIND SPEED     4.5


SKY COVER
  POSSIBLE SUNSHINE  MM
  AVERAGE SKY COVER 0.0


WEATHER CONDITIONS
 THE FOLLOWING WEATHER WAS RECORDED YESTERDAY.
  THUNDERSTORM


RELATIVE HUMIDITY (PERCENT)
 HIGHEST   100           500 AM
 LOWEST     61          1100 AM
 AVERAGE    81

..........................................................


THE PENSACOLA CLIMATE NORMALS FOR TODAY
                         NORMAL    RECORD    YEAR
 MAXIMUM TEMPERATURE (F)   86        97      2005
 MINIMUM TEMPERATURE (F)   70        49      1981


SUNRISE AND SUNSET
SEPTEMBER 19 2014.....SUNRISE   635 AM CDT   SUNSET   649 PM CDT
SEPTEMBER 20 2014.....SUNRISE   636 AM CDT   SUNSET   648 PM CDT


-  INDICATES NEGATIVE NUMBERS.
R  INDICATES RECORD WAS SET OR TIED.
MM INDICATES DATA IS MISSING.
T  INDICATES TRACE AMOUNT.




$$





U.S. Dept. of Commerce
NOAA National Weather Service
1325 East West Highway
Silver Spring, MD 20910
E-mail: w-nws.webmaster@noaa.gov
Page last modified: May 16, 2007
NATIONAL WEATHER SERVICE: for Safety, for Work, for Fun - FOR LIFE