908
CDUS44 KMOB 210626
CLIPNS


CLIMATE REPORT
NATIONAL WEATHER SERVICE MOBILE AL
126 AM CDT MON APR 21 2014


...................................

...THE PENSACOLA CLIMATE SUMMARY FOR APRIL 20 2014...

CLIMATE NORMAL PERIOD 1981 TO 2010
CLIMATE RECORD PERIOD 1879 TO 2014


WEATHER ITEM   OBSERVED TIME   RECORD YEAR NORMAL DEPARTURE LAST
                VALUE   (LST)  VALUE       VALUE  FROM      YEAR
                                                  NORMAL
..................................................................
TEMPERATURE (F)
 YESTERDAY
  MAXIMUM         66    355 PM  86    1987  77    -11       69
  MINIMUM         56   1159 PM  43    1953  59     -3       46
  AVERAGE         61                        68     -7       58

PRECIPITATION (IN)
  YESTERDAY        0.00          3.72 1912   0.15  -0.15     0.00
  MONTH TO DATE    9.06                      3.02   6.04     4.29
  SINCE MAR 1     18.84                      8.83  10.01     5.84
  SINCE JAN 1     30.17                     18.52  11.65    20.11

DEGREE DAYS
 HEATING
  YESTERDAY        4                         1      3        7
  MONTH TO DATE   41                        44     -3       27
  SINCE MAR 1    246                       220     26      284
  SINCE JUL 1   1583                      1528     55     1165

 COOLING
  YESTERDAY        0                         4     -4        0
  MONTH TO DATE   49                        53     -4       64
  SINCE MAR 1     55                        86    -31       79
  SINCE JAN 1     70                       100    -30      119
..................................................................


WIND (MPH)
  HIGHEST WIND SPEED    16   HIGHEST WIND DIRECTION    NE (30)
  HIGHEST GUST SPEED    22   HIGHEST GUST DIRECTION     N (360)
  AVERAGE WIND SPEED     5.5


SKY COVER
  POSSIBLE SUNSHINE  MM
  AVERAGE SKY COVER 0.4


WEATHER CONDITIONS
 THE FOLLOWING WEATHER WAS RECORDED YESTERDAY.
  NO SIGNIFICANT WEATHER WAS OBSERVED.


RELATIVE HUMIDITY (PERCENT)
 HIGHEST    86           900 PM
 LOWEST     58           400 PM
 AVERAGE    72

..........................................................


THE PENSACOLA CLIMATE NORMALS FOR TODAY
                         NORMAL    RECORD    YEAR
 MAXIMUM TEMPERATURE (F)   77        89      1987
 MINIMUM TEMPERATURE (F)   59        43      1953


SUNRISE AND SUNSET
APRIL 21 2014.........SUNRISE   615 AM CDT   SUNSET   720 PM CDT
APRIL 22 2014.........SUNRISE   614 AM CDT   SUNSET   721 PM CDT


-  INDICATES NEGATIVE NUMBERS.
R  INDICATES RECORD WAS SET OR TIED.
MM INDICATES DATA IS MISSING.
T  INDICATES TRACE AMOUNT.




$$





U.S. Dept. of Commerce
NOAA National Weather Service
1325 East West Highway
Silver Spring, MD 20910
E-mail: w-nws.webmaster@noaa.gov
Page last modified: May 16, 2007
NATIONAL WEATHER SERVICE: for Safety, for Work, for Fun - FOR LIFE