605
CDUS44 KMOB 310645
CLIPNS


CLIMATE REPORT
NATIONAL WEATHER SERVICE MOBILE AL
145 AM CDT FRI OCT 31 2014


...................................

...THE PENSACOLA CLIMATE SUMMARY FOR OCTOBER 30 2014...

CLIMATE NORMAL PERIOD 1981 TO 2010
CLIMATE RECORD PERIOD 1879 TO 2014


WEATHER ITEM   OBSERVED TIME   RECORD YEAR NORMAL DEPARTURE LAST
                VALUE   (LST)  VALUE       VALUE  FROM      YEAR
                                                  NORMAL
..................................................................
TEMPERATURE (F)
 YESTERDAY
  MAXIMUM         74    217 PM  87    1951  75     -1       80
  MINIMUM         51   1128 PM  38    1963  56     -5       63
  AVERAGE         63                        65     -2       72

PRECIPITATION (IN)
  YESTERDAY        0.00          4.89 1967   0.16  -0.16     0.00
  MONTH TO DATE    4.44                      5.07  -0.63     1.89
  SINCE MAR 1     67.14                     46.13  21.01    51.28
  SINCE JAN 1     78.47                     55.82  22.65    65.55

DEGREE DAYS
 HEATING
  YESTERDAY        2                         3     -1        0
  MONTH TO DATE    8                        32    -24       15
  SINCE SEP 1      8                        33    -25       15
  SINCE JUL 1      8                        33    -25       15

 COOLING
  YESTERDAY        0                         3     -3        7
  MONTH TO DATE  173                       176     -3      218
  SINCE SEP 1    574                       579     -5      694
  SINCE JAN 1   2530                      2546    -16     2676
..................................................................


WIND (MPH)
  HIGHEST WIND SPEED    16   HIGHEST WIND DIRECTION     N (360)
  HIGHEST GUST SPEED    22   HIGHEST GUST DIRECTION    NE (30)
  AVERAGE WIND SPEED     9.3


SKY COVER
  POSSIBLE SUNSHINE  MM
  AVERAGE SKY COVER 0.3


WEATHER CONDITIONS
 THE FOLLOWING WEATHER WAS RECORDED YESTERDAY.
  NO SIGNIFICANT WEATHER WAS OBSERVED.


RELATIVE HUMIDITY (PERCENT)
 HIGHEST    87          1200 AM
 LOWEST     31           200 PM
 AVERAGE    59

..........................................................


THE PENSACOLA CLIMATE NORMALS FOR TODAY
                         NORMAL    RECORD    YEAR
 MAXIMUM TEMPERATURE (F)   75        87      1950
 MINIMUM TEMPERATURE (F)   56        32      1993


SUNRISE AND SUNSET
OCTOBER 31 2014.......SUNRISE   702 AM CDT   SUNSET   602 PM CDT
NOVEMBER  1 2014......SUNRISE   703 AM CDT   SUNSET   601 PM CDT


-  INDICATES NEGATIVE NUMBERS.
R  INDICATES RECORD WAS SET OR TIED.
MM INDICATES DATA IS MISSING.
T  INDICATES TRACE AMOUNT.




$$





U.S. Dept. of Commerce
NOAA National Weather Service
1325 East West Highway
Silver Spring, MD 20910
E-mail: w-nws.webmaster@noaa.gov
Page last modified: May 16, 2007
NATIONAL WEATHER SERVICE: for Safety, for Work, for Fun - FOR LIFE