664
CDUS44 KMOB 310638
CLIPNS


CLIMATE REPORT
NATIONAL WEATHER SERVICE MOBILE AL
1227 AM CST SAT JAN 31 2015


...................................

...THE PENSACOLA CLIMATE SUMMARY FOR JANUARY 30 2015...

CLIMATE NORMAL PERIOD 1981 TO 2010
CLIMATE RECORD PERIOD 1879 TO 2015


WEATHER ITEM   OBSERVED TIME   RECORD YEAR NORMAL DEPARTURE LAST
                VALUE   (LST)  VALUE       VALUE  FROM      YEAR
                                                  NORMAL
..................................................................
TEMPERATURE (F)
 YESTERDAY
  MAXIMUM         63    223 PM  78    1974  61      2       45
                                      1957
                                      1950
  MINIMUM         44   1159 PM  11    1966  43      1       20
  AVERAGE         54                        52      2       33

PRECIPITATION (IN)
  YESTERDAY        0.00          2.63 1991   0.16  -0.16     0.00
  MONTH TO DATE    6.47                      4.46   2.01     3.45
  SINCE MAR 1     78.31                     60.04  18.27    63.79
  SINCE JAN 1      6.47                      4.46   2.01     3.45

SNOWFALL (IN)
  YESTERDAY        0.0          MM      MM   0.0    0.0      0.0
  MONTH TO DATE    0.0                       0.0    0.0      1.0
  SINCE MAR 1      0.0                       0.0    0.0      1.0
  SINCE JUL 1      0.0                       0.0    0.0      1.0
  SNOW DEPTH       0

DEGREE DAYS
 HEATING
  YESTERDAY       11                        13     -2       32
  MONTH TO DATE  408                       415     -7      560
  SINCE DEC 1    681                       785   -104      850
  SINCE JUL 1   1008                       997     11     1055

 COOLING
  YESTERDAY        0                         0      0        0
  MONTH TO DATE    3                         0      3        0
  SINCE DEC 1     16                        13      3       38
  SINCE JAN 1      3                         0      3        0
..................................................................


WIND (MPH)
  HIGHEST WIND SPEED    24   HIGHEST WIND DIRECTION     N (360)
  HIGHEST GUST SPEED    31   HIGHEST GUST DIRECTION     N (340)
  AVERAGE WIND SPEED    10.7


SKY COVER
  POSSIBLE SUNSHINE  MM
  AVERAGE SKY COVER 0.0


WEATHER CONDITIONS
 THE FOLLOWING WEATHER WAS RECORDED YESTERDAY.
  NO SIGNIFICANT WEATHER WAS OBSERVED.


RELATIVE HUMIDITY (PERCENT)
 HIGHEST    90           100 AM
 LOWEST     29           300 PM
 AVERAGE    60

..........................................................


THE PENSACOLA CLIMATE NORMALS FOR TODAY
                         NORMAL    RECORD    YEAR
 MAXIMUM TEMPERATURE (F)   62        78      1957
 MINIMUM TEMPERATURE (F)   43        22      1966
                                             1909


SUNRISE AND SUNSET
JANUARY 31 2015.......SUNRISE   641 AM CST   SUNSET   524 PM CST
FEBRUARY  1 2015......SUNRISE   640 AM CST   SUNSET   525 PM CST


-  INDICATES NEGATIVE NUMBERS.
R  INDICATES RECORD WAS SET OR TIED.
MM INDICATES DATA IS MISSING.
T  INDICATES TRACE AMOUNT.




$$





U.S. Dept. of Commerce
NOAA National Weather Service
1325 East West Highway
Silver Spring, MD 20910
E-mail: w-nws.webmaster@noaa.gov
Page last modified: May 16, 2007
NATIONAL WEATHER SERVICE: for Safety, for Work, for Fun - FOR LIFE