084
CDUS44 KMOB 170645
CLIPNS


CLIMATE REPORT
NATIONAL WEATHER SERVICE MOBILE AL
1245 AM CST WED DEC 17 2014


...................................

...THE PENSACOLA CLIMATE SUMMARY FOR DECEMBER 16 2014...

CLIMATE NORMAL PERIOD 1981 TO 2010
CLIMATE RECORD PERIOD 1879 TO 2014


WEATHER ITEM   OBSERVED TIME   RECORD YEAR NORMAL DEPARTURE LAST
                VALUE   (LST)  VALUE       VALUE  FROM      YEAR
                                                  NORMAL
..................................................................
TEMPERATURE (F)
 YESTERDAY
  MAXIMUM         71    217 PM  80    1971  62      9       62
                                      1948
  MINIMUM         49   1159 PM  19    1901  44      5       33
  AVERAGE         60                        53      7       48

PRECIPITATION (IN)
  YESTERDAY        0.04          1.41 1887   0.13  -0.09     0.00
  MONTH TO DATE    0.25                      2.42  -2.17     1.29
  SINCE MAR 1     68.59                     53.45  15.14    57.87
  SINCE JAN 1     79.92                     63.14  16.78    72.14

SNOWFALL (IN)
  YESTERDAY       MM             0.0  2001   0.0   MM        0.0
                                      2000
  MONTH TO DATE    0.0                       0.0    0.0      0.0
  SINCE MAR 1      0.0                       0.0    0.0      0.0
  SINCE JUL 1      0.0                       0.0    0.0      0.0
  SNOW DEPTH       0

DEGREE DAYS
 HEATING
  YESTERDAY        5                        12     -7       17
  MONTH TO DATE  116                       171    -55      113
  SINCE DEC 1    116                       171    -55      113
  SINCE JUL 1    443                       383     60      318

 COOLING
  YESTERDAY        0                         0      0        0
  MONTH TO DATE    6                         7     -1       30
  SINCE DEC 1      6                         7     -1       30
  SINCE JAN 1   2550                      2603    -53     2748
..................................................................


WIND (MPH)
  HIGHEST WIND SPEED    18   HIGHEST WIND DIRECTION     W (270)
  HIGHEST GUST SPEED    24   HIGHEST GUST DIRECTION     W (250)
  AVERAGE WIND SPEED    10.5


SKY COVER
  POSSIBLE SUNSHINE  MM
  AVERAGE SKY COVER 0.2


WEATHER CONDITIONS
 THE FOLLOWING WEATHER WAS RECORDED YESTERDAY.
  LIGHT RAIN
  HAZE


RELATIVE HUMIDITY (PERCENT)
 HIGHEST   100           800 AM
 LOWEST     25           300 PM
 AVERAGE    63

..........................................................


THE PENSACOLA CLIMATE NORMALS FOR TODAY
                         NORMAL    RECORD    YEAR
 MAXIMUM TEMPERATURE (F)   62        78      1971
 MINIMUM TEMPERATURE (F)   44        25      1882


SUNRISE AND SUNSET
DECEMBER 17 2014......SUNRISE   639 AM CST   SUNSET   451 PM CST
DECEMBER 18 2014......SUNRISE   640 AM CST   SUNSET   451 PM CST


-  INDICATES NEGATIVE NUMBERS.
R  INDICATES RECORD WAS SET OR TIED.
MM INDICATES DATA IS MISSING.
T  INDICATES TRACE AMOUNT.




$$





U.S. Dept. of Commerce
NOAA National Weather Service
1325 East West Highway
Silver Spring, MD 20910
E-mail: w-nws.webmaster@noaa.gov
Page last modified: May 16, 2007
NATIONAL WEATHER SERVICE: for Safety, for Work, for Fun - FOR LIFE