466
CDUS44 KMOB 300630
CLIPNS


CLIMATE REPORT
NATIONAL WEATHER SERVICE MOBILE AL
130 AM CDT SAT AUG 30 2014


...................................

...THE PENSACOLA CLIMATE SUMMARY FOR AUGUST 29 2014...

CLIMATE NORMAL PERIOD 1981 TO 2010
CLIMATE RECORD PERIOD 1879 TO 2014


WEATHER ITEM   OBSERVED TIME   RECORD YEAR NORMAL DEPARTURE LAST
                VALUE   (LST)  VALUE       VALUE  FROM      YEAR
                                                  NORMAL
..................................................................
TEMPERATURE (F)
 YESTERDAY
  MAXIMUM         90   1119 AM 101    1954  89      1       90
  MINIMUM         73    547 AM  65    1992  74     -1       73
                                      1968
  AVERAGE         82                        81      1       82

PRECIPITATION (IN)
  YESTERDAY        0.01          5.39 1898   0.19  -0.18     0.00
  MONTH TO DATE    1.37                      6.38  -5.01     9.97
  SINCE MAR 1     57.42                     34.70  22.72    42.14
  SINCE JAN 1     68.75                     44.39  24.36    56.41

DEGREE DAYS
 COOLING
  YESTERDAY       17                        16      1       17
  MONTH TO DATE  495                       491      4      487
  SINCE JUN 1   1468                      1489    -21     1502
  SINCE JAN 1   1919                      1937    -18     1944
..................................................................


WIND (MPH)
  HIGHEST WIND SPEED    23   HIGHEST WIND DIRECTION     S (180)
  HIGHEST GUST SPEED    30   HIGHEST GUST DIRECTION     S (190)
  AVERAGE WIND SPEED     7.5


SKY COVER
  POSSIBLE SUNSHINE  MM
  AVERAGE SKY COVER 0.3


WEATHER CONDITIONS
 THE FOLLOWING WEATHER WAS RECORDED YESTERDAY.
  LIGHT RAIN


RELATIVE HUMIDITY (PERCENT)
 HIGHEST   100           400 AM
 LOWEST     47          1100 AM
 AVERAGE    74

..........................................................


THE PENSACOLA CLIMATE NORMALS FOR TODAY
                         NORMAL    RECORD    YEAR
 MAXIMUM TEMPERATURE (F)   89       103      1951
 MINIMUM TEMPERATURE (F)   74        62      1992


SUNRISE AND SUNSET
AUGUST 30 2014........SUNRISE   624 AM CDT   SUNSET   714 PM CDT
AUGUST 31 2014........SUNRISE   625 AM CDT   SUNSET   713 PM CDT


-  INDICATES NEGATIVE NUMBERS.
R  INDICATES RECORD WAS SET OR TIED.
MM INDICATES DATA IS MISSING.
T  INDICATES TRACE AMOUNT.




$$





U.S. Dept. of Commerce
NOAA National Weather Service
1325 East West Highway
Silver Spring, MD 20910
E-mail: w-nws.webmaster@noaa.gov
Page last modified: May 16, 2007
NATIONAL WEATHER SERVICE: for Safety, for Work, for Fun - FOR LIFE