186
CDUS44 KMOB 252326
CLIPNS


CLIMATE REPORT
NATIONAL WEATHER SERVICE MOBILE AL
525 PM CST TUE NOV 25 2014


...................................

...THE PENSACOLA CLIMATE SUMMARY FOR NOVEMBER 25 2014...
VALID TODAY AS OF 0500 PM LOCAL TIME.

CLIMATE NORMAL PERIOD 1981 TO 2010
CLIMATE RECORD PERIOD 1879 TO 2014


WEATHER ITEM   OBSERVED TIME   RECORD YEAR NORMAL DEPARTURE LAST
                VALUE   (LST)  VALUE       VALUE  FROM      YEAR
                                                  NORMAL
..................................................................
TEMPERATURE (F)
 TODAY
  MAXIMUM         58    114 AM  83    1973  68    -10       64
  MINIMUM         53    425 PM  22    1950  49      4       45
  AVERAGE         56                        58     -2       55

PRECIPITATION (IN)
  TODAY            T             2.87 1992   0.15  -0.15     0.23
  MONTH TO DATE    1.19                      3.94  -2.75     2.80
  SINCE MAR 1     68.33                     50.24  18.09    54.08
  SINCE JAN 1     79.66                     59.93  19.73    68.35

DEGREE DAYS
 HEATING
  TODAY            9                         8      1       10
  MONTH TO DATE  258                       130    128      105
  SINCE SEP 1    270                       168    102      120
  SINCE JUL 1    270                       168    102      120
..................................................................


WIND (MPH)
  HIGHEST WIND SPEED    20   HIGHEST WIND DIRECTION     N (360)
  HIGHEST GUST SPEED    27   HIGHEST GUST DIRECTION     N (350)
  AVERAGE WIND SPEED    11.0


SKY COVER
  POSSIBLE SUNSHINE  MM
  AVERAGE SKY COVER 0.9


WEATHER CONDITIONS
 THE FOLLOWING WEATHER WAS RECORDED TODAY.
  LIGHT RAIN


RELATIVE HUMIDITY (PERCENT)
 HIGHEST    62          1200 AM
 LOWEST     46           500 AM
 AVERAGE    54

..........................................................


THE PENSACOLA CLIMATE NORMALS FOR TOMORROW
                         NORMAL    RECORD    YEAR
 MAXIMUM TEMPERATURE (F)   67        85      1973
 MINIMUM TEMPERATURE (F)   48        30      1950


SUNRISE AND SUNSET
NOVEMBER 25 2014......SUNRISE   623 AM CST   SUNSET   448 PM CST
NOVEMBER 26 2014......SUNRISE   624 AM CST   SUNSET   448 PM CST


-  INDICATES NEGATIVE NUMBERS.
R  INDICATES RECORD WAS SET OR TIED.
MM INDICATES DATA IS MISSING.
T  INDICATES TRACE AMOUNT.




$$






U.S. Dept. of Commerce
NOAA National Weather Service
1325 East West Highway
Silver Spring, MD 20910
E-mail: w-nws.webmaster@noaa.gov
Page last modified: May 16, 2007
NATIONAL WEATHER SERVICE: for Safety, for Work, for Fun - FOR LIFE