985
CDUS44 KMOB 300635
CLIPNS


CLIMATE REPORT
NATIONAL WEATHER SERVICE MOBILE AL
125 AM CDT TUE SEP 30 2014


...................................

...THE PENSACOLA CLIMATE SUMMARY FOR SEPTEMBER 29 2014...

CLIMATE NORMAL PERIOD 1981 TO 2010
CLIMATE RECORD PERIOD 1879 TO 2014


WEATHER ITEM   OBSERVED TIME   RECORD YEAR NORMAL DEPARTURE LAST
                VALUE   (LST)  VALUE       VALUE  FROM      YEAR
                                                  NORMAL
..................................................................
TEMPERATURE (F)
 YESTERDAY
  MAXIMUM         85    127 PM  94    1994  84      1       83
                                      1953
  MINIMUM         73   1159 PM  43    1967  66      7       65
  AVERAGE         79                        75      4       74

PRECIPITATION (IN)
  YESTERDAY        0.01          7.30 1906   0.19  -0.18     0.00
  MONTH TO DATE    5.28                      5.80  -0.52     7.20
  SINCE MAR 1     62.70                     40.88  21.82    49.38
  SINCE JAN 1     74.03                     50.57  23.46    63.65

DEGREE DAYS
 COOLING
  YESTERDAY       14                        10      4        9
  MONTH TO DATE  391                       393     -2      463
  SINCE SEP 1    391                       393     -2      463
  SINCE JAN 1   2347                      2360    -13     2445
..................................................................


WIND (MPH)
  HIGHEST WIND SPEED    13   HIGHEST WIND DIRECTION     N (20)
  HIGHEST GUST SPEED    16   HIGHEST GUST DIRECTION     N (360)
  AVERAGE WIND SPEED     5.2


SKY COVER
  POSSIBLE SUNSHINE  MM
  AVERAGE SKY COVER 0.7


WEATHER CONDITIONS
 THE FOLLOWING WEATHER WAS RECORDED YESTERDAY.
  LIGHT RAIN


RELATIVE HUMIDITY (PERCENT)
 HIGHEST    93           300 AM
 LOWEST     70           100 PM
 AVERAGE    82

..........................................................


THE PENSACOLA CLIMATE NORMALS FOR TODAY
                         NORMAL    RECORD    YEAR
 MAXIMUM TEMPERATURE (F)   83        96      1904
 MINIMUM TEMPERATURE (F)   66        46      1967


SUNRISE AND SUNSET
SEPTEMBER 30 2014.....SUNRISE   642 AM CDT   SUNSET   635 PM CDT
OCTOBER  1 2014.......SUNRISE   642 AM CDT   SUNSET   634 PM CDT


-  INDICATES NEGATIVE NUMBERS.
R  INDICATES RECORD WAS SET OR TIED.
MM INDICATES DATA IS MISSING.
T  INDICATES TRACE AMOUNT.




$$





U.S. Dept. of Commerce
NOAA National Weather Service
1325 East West Highway
Silver Spring, MD 20910
E-mail: w-nws.webmaster@noaa.gov
Page last modified: May 16, 2007
NATIONAL WEATHER SERVICE: for Safety, for Work, for Fun - FOR LIFE