376
CDUS44 KMOB 290645
CLIPNS


CLIMATE REPORT
NATIONAL WEATHER SERVICE MOBILE AL
145 AM CDT TUE JUL 29 2014


...................................

...THE PENSACOLA CLIMATE SUMMARY FOR JULY 28 2014...

CLIMATE NORMAL PERIOD 1981 TO 2010
CLIMATE RECORD PERIOD 1879 TO 2014


WEATHER ITEM   OBSERVED TIME   RECORD YEAR NORMAL DEPARTURE LAST
                VALUE   (LST)  VALUE       VALUE  FROM      YEAR
                                                  NORMAL
..................................................................
TEMPERATURE (F)
 YESTERDAY
  MAXIMUM         93    134 PM  98    1993  90      3       89
  MINIMUM         74    607 PM  68    1994  74      0       75
                                      1911
  AVERAGE         84                        82      2       82

PRECIPITATION (IN)
  YESTERDAY        0.47          4.84 1973   0.24   0.23     0.55
  MONTH TO DATE    7.64                      6.67   0.97    15.91
  SINCE MAR 1     56.05                     27.58  28.47    32.03
  SINCE JAN 1     67.38                     37.27  30.11    46.30

DEGREE DAYS
 COOLING
  YESTERDAY       19                        17      2       17
  MONTH TO DATE  458                       476    -18      444
  SINCE JUN 1    937                       941     -4      958
  SINCE JAN 1   1388                      1389     -1     1400
..................................................................


WIND (MPH)
  HIGHEST WIND SPEED    26   HIGHEST WIND DIRECTION     N (340)
  HIGHEST GUST SPEED    32   HIGHEST GUST DIRECTION     N (340)
  AVERAGE WIND SPEED     9.2


SKY COVER
  POSSIBLE SUNSHINE  MM
  AVERAGE SKY COVER 0.2


WEATHER CONDITIONS
 THE FOLLOWING WEATHER WAS RECORDED YESTERDAY.
  THUNDERSTORM
  HEAVY RAIN
  LIGHT RAIN
  FOG


RELATIVE HUMIDITY (PERCENT)
 HIGHEST    97           500 AM
 LOWEST     56          1200 PM
 AVERAGE    77

..........................................................


THE PENSACOLA CLIMATE NORMALS FOR TODAY
                         NORMAL    RECORD    YEAR
 MAXIMUM TEMPERATURE (F)   90       100      1986
 MINIMUM TEMPERATURE (F)   74        66      1994


SUNRISE AND SUNSET
JULY 29 2014..........SUNRISE   605 AM CDT   SUNSET   745 PM CDT
JULY 30 2014..........SUNRISE   606 AM CDT   SUNSET   744 PM CDT


-  INDICATES NEGATIVE NUMBERS.
R  INDICATES RECORD WAS SET OR TIED.
MM INDICATES DATA IS MISSING.
T  INDICATES TRACE AMOUNT.




$$





U.S. Dept. of Commerce
NOAA National Weather Service
1325 East West Highway
Silver Spring, MD 20910
E-mail: w-nws.webmaster@noaa.gov
Page last modified: May 16, 2007
NATIONAL WEATHER SERVICE: for Safety, for Work, for Fun - FOR LIFE