171
CDUS46 KLOX 230902
CLIPMD


CLIMATE REPORT
NATIONAL WEATHER SERVICE LOS ANGELES/OXNARD CA
202 AM PDT TUE SEP 23 2014


...................................

...THE PALMDALE AIRPORT CA CLIMATE SUMMARY FOR SEPTEMBER 22 2014...

CLIMATE NORMAL PERIOD 1981 TO 2010
CLIMATE RECORD PERIOD 1931 TO 2014


WEATHER ITEM   OBSERVED TIME   RECORD YEAR NORMAL DEPARTURE LAST
                VALUE   (LST)  VALUE       VALUE  FROM      YEAR
                                                  NORMAL
..................................................................
TEMPERATURE (F)
 YESTERDAY
  MAXIMUM         93    324 PM 106    1992  88      5       73
  MINIMUM         57    353 AM  38    1941  55      2       53
  AVERAGE         75                        72      3       63

PRECIPITATION (IN)
  YESTERDAY        0.00          0.20 2007   0.01  -0.01     0.00
  MONTH TO DATE    0.12                      0.20  -0.08     0.00
  SINCE JUL 1      0.16                      0.44  -0.28     0.13
  SINCE JAN 1      3.21                      5.76  -2.55     0.99

SNOWFALL (IN)
  YESTERDAY        0.0           0.0  1973  MM               0.0
  MONTH TO DATE    0.0                      MM               0.0
  SINCE SEP 1      0.0                      MM               0.0
  SINCE JUL 1      0.0                      MM               0.0
  SNOW DEPTH       0

DEGREE DAYS
 HEATING
  YESTERDAY        0                         1     -1        2
  MONTH TO DATE    0                         2     -2        2
  SINCE SEP 1      0                         2     -2        2
  SINCE JUL 1      0                         2     -2        2

 COOLING
  YESTERDAY       10                         7      3        0
  MONTH TO DATE  338                       227    111      327
  SINCE SEP 1    338                       227    111      327
  SINCE JAN 1   2051                      1709    342     2092
..................................................................


WIND (MPH)
  HIGHEST WIND SPEED    17   HIGHEST WIND DIRECTION    SW (240)
  HIGHEST GUST SPEED    22   HIGHEST GUST DIRECTION     W (250)
  AVERAGE WIND SPEED     6.0


SKY COVER
  POSSIBLE SUNSHINE  MM
  AVERAGE SKY COVER 0.0


WEATHER CONDITIONS
 THE FOLLOWING WEATHER WAS RECORDED YESTERDAY.
  NO SIGNIFICANT WEATHER WAS OBSERVED.


RELATIVE HUMIDITY (PERCENT)
 HIGHEST    43           400 AM
 LOWEST     14           100 PM
 AVERAGE    29

..........................................................


THE PALMDALE AIRPORT CA CLIMATE NORMALS FOR TODAY
                         NORMAL    RECORD    YEAR
 MAXIMUM TEMPERATURE (F)   88       103      1949
 MINIMUM TEMPERATURE (F)   55        39      1941


SUNRISE AND SUNSET
SEPTEMBER 23 2014.....SUNRISE   641 AM PDT   SUNSET   648 PM PDT
SEPTEMBER 24 2014.....SUNRISE   642 AM PDT   SUNSET   646 PM PDT


-  INDICATES NEGATIVE NUMBERS.
R  INDICATES RECORD WAS SET OR TIED.
MM INDICATES DATA IS MISSING.
T  INDICATES TRACE AMOUNT.




$$





U.S. Dept. of Commerce
NOAA National Weather Service
1325 East West Highway
Silver Spring, MD 20910
E-mail: w-nws.webmaster@noaa.gov
Page last modified: May 16, 2007
NATIONAL WEATHER SERVICE: for Safety, for Work, for Fun - FOR LIFE