811
CDUS46 KLOX 310900
CLIPMD


CLIMATE REPORT
NATIONAL WEATHER SERVICE LOS ANGELES/OXNARD CA
200 AM PDT FRI OCT 31 2014


...................................

...THE PALMDALE AIRPORT CA CLIMATE SUMMARY FOR OCTOBER 30 2014...

CLIMATE NORMAL PERIOD 1981 TO 2010
CLIMATE RECORD PERIOD 1931 TO 2014


WEATHER ITEM   OBSERVED TIME   RECORD YEAR NORMAL DEPARTURE LAST
                VALUE   (LST)  VALUE       VALUE  FROM      YEAR
                                                  NORMAL
..................................................................
TEMPERATURE (F)
 YESTERDAY
  MAXIMUM         78    339 PM  88    1939  73      5       64
  MINIMUM         48    627 AM  18    1971  43      5       38
  AVERAGE         63                        58      5       51

PRECIPITATION (IN)
  YESTERDAY        0.00          0.93 1996   0.03  -0.03     0.00
  MONTH TO DATE    0.00                      0.58  -0.58     0.08
  SINCE JUL 1      0.16                      1.11  -0.95     0.21
  SINCE JAN 1      3.21                      6.43  -3.22     1.07

SNOWFALL (IN)
  YESTERDAY        0.0           0.0  1973  MM               0.0
  MONTH TO DATE    0.0                      MM               0.0
  SINCE SEP 1      0.0                      MM               0.0
  SINCE JUL 1      0.0                      MM               0.0
  SNOW DEPTH       0

DEGREE DAYS
 HEATING
  YESTERDAY        2                         7     -5       14
  MONTH TO DATE   21                       107    -86      135
  SINCE SEP 1     22                       119    -97      149
  SINCE JUL 1     22                       119    -97      149

 COOLING
  YESTERDAY        0                         0      0        0
  MONTH TO DATE  121                        57     64       12
  SINCE SEP 1    509                       332    177      361
  SINCE JAN 1   2222                      1814    408     2126
..................................................................


WIND (MPH)
  HIGHEST WIND SPEED    24   HIGHEST WIND DIRECTION    SW (230)
  HIGHEST GUST SPEED    27   HIGHEST GUST DIRECTION    SW (230)
  AVERAGE WIND SPEED     6.4


SKY COVER
  POSSIBLE SUNSHINE  MM
  AVERAGE SKY COVER 0.0


WEATHER CONDITIONS
 THE FOLLOWING WEATHER WAS RECORDED YESTERDAY.
  NO SIGNIFICANT WEATHER WAS OBSERVED.


RELATIVE HUMIDITY (PERCENT)
 HIGHEST    48           900 PM
 LOWEST     13          1200 PM
 AVERAGE    31

..........................................................


THE PALMDALE AIRPORT CA CLIMATE NORMALS FOR TODAY
                         NORMAL    RECORD    YEAR
 MAXIMUM TEMPERATURE (F)   73        85      1977
 MINIMUM TEMPERATURE (F)   43        22      1935


SUNRISE AND SUNSET
OCTOBER 31 2014.......SUNRISE   712 AM PDT   SUNSET   600 PM PDT
NOVEMBER  1 2014......SUNRISE   713 AM PDT   SUNSET   559 PM PDT


-  INDICATES NEGATIVE NUMBERS.
R  INDICATES RECORD WAS SET OR TIED.
MM INDICATES DATA IS MISSING.
T  INDICATES TRACE AMOUNT.




$$





U.S. Dept. of Commerce
NOAA National Weather Service
1325 East West Highway
Silver Spring, MD 20910
E-mail: w-nws.webmaster@noaa.gov
Page last modified: May 16, 2007
NATIONAL WEATHER SERVICE: for Safety, for Work, for Fun - FOR LIFE