493
CDUS46 KLOX 240904
CLIPMD


CLIMATE REPORT
NATIONAL WEATHER SERVICE LOS ANGELES/OXNARD CA
204 AM PDT THU APR 24 2014


...................................

...THE PALMDALE AIRPORT CA CLIMATE SUMMARY FOR APRIL 23 2014...

CLIMATE NORMAL PERIOD 1981 TO 2010
CLIMATE RECORD PERIOD 1931 TO 2014


WEATHER ITEM   OBSERVED TIME   RECORD YEAR NORMAL DEPARTURE LAST
                VALUE   (LST)  VALUE       VALUE  FROM      YEAR
                                                  NORMAL
..................................................................
TEMPERATURE (F)
 YESTERDAY
  MAXIMUM         73    404 PM  95    1949  75     -2       81
  MINIMUM         47    559 AM  29    1968  46      1       53
  AVERAGE         60                        60      0       67

PRECIPITATION (IN)
  YESTERDAY        0.00          0.02 1980   0.01  -0.01     0.00
  MONTH TO DATE    0.11                      0.38  -0.27     0.00
  SINCE JUL 1      4.14                      7.87  -3.73     1.00
  SINCE JAN 1      2.07                      4.89  -2.82     0.71

SNOWFALL (IN)
  YESTERDAY        0.0          MM      MM  MM               0.0
  MONTH TO DATE    0.0                      MM               0.0
  SINCE MAR 1      0.0                      MM               0.0
  SINCE JUL 1      0.0                      MM               0.0
  SNOW DEPTH       0

DEGREE DAYS
 HEATING
  YESTERDAY        5                         6     -1        0
  MONTH TO DATE   96                       194    -98      104
  SINCE MAR 1    359                       570   -211      310
  SINCE JUL 1   2257                      2815   -558     2514

 COOLING
  YESTERDAY        0                         1     -1        2
  MONTH TO DATE   43                         8     35       25
  SINCE MAR 1     43                        10     33       32
  SINCE JAN 1     44                        10     34       32
..................................................................


WIND (MPH)
  HIGHEST WIND SPEED    35   HIGHEST WIND DIRECTION     W (280)
  HIGHEST GUST SPEED    44   HIGHEST GUST DIRECTION     W (280)
  AVERAGE WIND SPEED    13.1


SKY COVER
  POSSIBLE SUNSHINE  MM
  AVERAGE SKY COVER 0.0


WEATHER CONDITIONS
 THE FOLLOWING WEATHER WAS RECORDED YESTERDAY.
  NO SIGNIFICANT WEATHER WAS OBSERVED.


RELATIVE HUMIDITY (PERCENT)
 HIGHEST    49           600 AM
 LOWEST      9           200 PM
 AVERAGE    29

..........................................................


THE PALMDALE AIRPORT CA CLIMATE NORMALS FOR TODAY
                         NORMAL    RECORD    YEAR
 MAXIMUM TEMPERATURE (F)   75        92      1996
 MINIMUM TEMPERATURE (F)   46        32      1937


SUNRISE AND SUNSET
APRIL 24 2014.........SUNRISE   610 AM PDT   SUNSET   732 PM PDT
APRIL 25 2014.........SUNRISE   609 AM PDT   SUNSET   732 PM PDT


-  INDICATES NEGATIVE NUMBERS.
R  INDICATES RECORD WAS SET OR TIED.
MM INDICATES DATA IS MISSING.
T  INDICATES TRACE AMOUNT.




$$





U.S. Dept. of Commerce
NOAA National Weather Service
1325 East West Highway
Silver Spring, MD 20910
E-mail: w-nws.webmaster@noaa.gov
Page last modified: May 16, 2007
NATIONAL WEATHER SERVICE: for Safety, for Work, for Fun - FOR LIFE