675
CDUS41 KRLX 282124
CLIPKB


CLIMATE REPORT
NATIONAL WEATHER SERVICE CHARLESTON WV
523 PM EDT THU AUG 28 2014


...................................

...THE PARKERSBURG WV CLIMATE SUMMARY FOR AUGUST 28 2014...
VALID TODAY AS OF 0500 PM LOCAL TIME.

CLIMATE NORMAL PERIOD 1981 TO 2010
CLIMATE RECORD PERIOD 1889 TO 2014


WEATHER ITEM   OBSERVED TIME   RECORD YEAR NORMAL DEPARTURE LAST
                VALUE   (LST)  VALUE       VALUE  FROM      YEAR
                                                  NORMAL
..................................................................
TEMPERATURE (F)
 TODAY
  MAXIMUM         80    301 PM  98    1948  83     -3       86
  MINIMUM         62    613 AM  42    1965  61      1       73
  AVERAGE         71                        72     -1       80

PRECIPITATION (IN)
  TODAY            0.00          1.20 2006   0.11  -0.11      T
  MONTH TO DATE    3.05                      3.27  -0.22     6.11
  SINCE JUN 1      7.53                     11.50  -3.97    19.53
  SINCE JAN 1     16.42                     28.45 -12.03    32.35

DEGREE DAYS
 HEATING
  TODAY            0                         0      0        0
  MONTH TO DATE    1                         0      1        5
  SINCE JUN 1      2                        20    -18       11
  SINCE JUL 1      2                         1      1        5

 COOLING
  TODAY            6                         7     -1       15
  MONTH TO DATE  205                       240    -35      183
  SINCE JUN 1    452                       723   -271      663
  SINCE JAN 1    457                       807   -350      789
..................................................................


WIND (MPH)
  HIGHEST WIND SPEED    13   HIGHEST WIND DIRECTION     E (70)
  HIGHEST GUST SPEED    16   HIGHEST GUST DIRECTION    NE (30)
  AVERAGE WIND SPEED     5.4


SKY COVER
  POSSIBLE SUNSHINE  MM
  AVERAGE SKY COVER 0.2


WEATHER CONDITIONS
 THE FOLLOWING WEATHER WAS RECORDED TODAY.
  FOG


RELATIVE HUMIDITY (PERCENT)
 HIGHEST    97          1200 AM
 LOWEST     48           400 PM
 AVERAGE    73

..........................................................


THE PARKERSBURG WV CLIMATE NORMALS FOR TOMORROW
                         NORMAL    RECORD    YEAR
 MAXIMUM TEMPERATURE (F)   83        99      1953
 MINIMUM TEMPERATURE (F)   61        40      1986


SUNRISE AND SUNSET
AUGUST 28 2014........SUNRISE   650 AM EDT   SUNSET   803 PM EDT
AUGUST 29 2014........SUNRISE   651 AM EDT   SUNSET   801 PM EDT


-  INDICATES NEGATIVE NUMBERS.
R  INDICATES RECORD WAS SET OR TIED.
MM INDICATES DATA IS MISSING.
T  INDICATES TRACE AMOUNT.




$$





U.S. Dept. of Commerce
NOAA National Weather Service
1325 East West Highway
Silver Spring, MD 20910
E-mail: w-nws.webmaster@noaa.gov
Page last modified: May 16, 2007
NATIONAL WEATHER SERVICE: for Safety, for Work, for Fun - FOR LIFE