624
CDUS41 KRLX 292134
CLIPKB


CLIMATE REPORT
NATIONAL WEATHER SERVICE CHARLESTON WV
534 PM EDT TUE JUL 29 2014


...................................

...THE PARKERSBURG WV CLIMATE SUMMARY FOR JULY 29 2014...
VALID TODAY AS OF 0500 PM LOCAL TIME.

CLIMATE NORMAL PERIOD 1981 TO 2010
CLIMATE RECORD PERIOD 1889 TO 2014


WEATHER ITEM   OBSERVED TIME   RECORD YEAR NORMAL DEPARTURE LAST
                VALUE   (LST)  VALUE       VALUE  FROM      YEAR
                                                  NORMAL
..................................................................
TEMPERATURE (F)
 TODAY
  MAXIMUM         MM        MM  97    1953  85     MM       78
  MINIMUM         MM        MM  50    1925  64     MM       52
  AVERAGE         MM                        74     MM       65

PRECIPITATION (IN)
  TODAY           MM             1.04 2001   0.13  MM        0.00
  MONTH TO DATE    2.02                      3.96  -1.94     7.50
  SINCE JUN 1      4.37                      7.98  -3.61    13.41
  SINCE JAN 1     13.26                     24.93 -11.67    26.23

DEGREE DAYS
 HEATING
  TODAY           MM                         0     MM        0
  MONTH TO DATE    1                         0      1        0
  SINCE JUN 1      1                        19    -18        6
  SINCE JUL 1      1                         0      1        0

 COOLING
  TODAY           MM                         9     MM        0
  MONTH TO DATE   87                       273   -186      282
  SINCE JUN 1    244                       464   -220      468
  SINCE JAN 1    249                       548   -299      594
..................................................................


WIND (MPH)
  HIGHEST WIND SPEED    MM   HIGHEST WIND DIRECTION    MM
  HIGHEST GUST SPEED    MM   HIGHEST GUST DIRECTION    MM
  AVERAGE WIND SPEED    MM


SKY COVER
  POSSIBLE SUNSHINE  MM
  AVERAGE SKY COVER  MM


WEATHER CONDITIONS
 THE FOLLOWING WEATHER WAS RECORDED TODAY.
  NO SIGNIFICANT WEATHER WAS OBSERVED.


RELATIVE HUMIDITY (PERCENT)
 HIGHEST    MM
 LOWEST     MM
 AVERAGE    MM

..........................................................


THE PARKERSBURG WV CLIMATE NORMALS FOR TOMORROW
                         NORMAL    RECORD    YEAR
 MAXIMUM TEMPERATURE (F)   85       100      1999
 MINIMUM TEMPERATURE (F)   64        53      1981


SUNRISE AND SUNSET
JULY 29 2014..........SUNRISE   623 AM EDT   SUNSET   841 PM EDT
JULY 30 2014..........SUNRISE   624 AM EDT   SUNSET   840 PM EDT


-  INDICATES NEGATIVE NUMBERS.
R  INDICATES RECORD WAS SET OR TIED.
MM INDICATES DATA IS MISSING.
T  INDICATES TRACE AMOUNT.




$$





U.S. Dept. of Commerce
NOAA National Weather Service
1325 East West Highway
Silver Spring, MD 20910
E-mail: w-nws.webmaster@noaa.gov
Page last modified: May 16, 2007
NATIONAL WEATHER SERVICE: for Safety, for Work, for Fun - FOR LIFE