041
CDUS41 KRLX 222118
CLIPKB


CLIMATE REPORT
NATIONAL WEATHER SERVICE CHARLESTON WV
517 PM EDT MON SEP 22 2014


...................................

...THE PARKERSBURG WV CLIMATE SUMMARY FOR SEPTEMBER 22 2014...
VALID TODAY AS OF 0500 PM LOCAL TIME.

CLIMATE NORMAL PERIOD 1981 TO 2010
CLIMATE RECORD PERIOD 1889 TO 2014


WEATHER ITEM   OBSERVED TIME   RECORD YEAR NORMAL DEPARTURE LAST
                VALUE   (LST)  VALUE       VALUE  FROM      YEAR
                                                  NORMAL
..................................................................
TEMPERATURE (F)
 TODAY
  MAXIMUM         66    359 PM  95    1895  75     -9       65
  MINIMUM         53    612 AM  35    1918  53      0       46
  AVERAGE         60                        64     -4       56

PRECIPITATION (IN)
  TODAY            0.00          0.61 2003   0.11  -0.11     0.00
  MONTH TO DATE    0.75                      2.29  -1.54     1.36
  SINCE SEP 1      0.75                      2.29  -1.54     1.36
  SINCE JAN 1        MM                     31.08     MM    33.92

DEGREE DAYS
 HEATING
  TODAY            5                         3      2        9
  MONTH TO DATE   49                        33     16       42
  SINCE SEP 1     49                        33     16       42
  SINCE JUL 1     MM                        38     MM       47

 COOLING
  TODAY            0                         2     -2        0
  MONTH TO DATE   95                        92      3       99
  SINCE SEP 1     95                        92      3       99
  SINCE JAN 1     MM                       922     MM      923
..................................................................


WIND (MPH)
  HIGHEST WIND SPEED    14   HIGHEST WIND DIRECTION    NW (310)
  HIGHEST GUST SPEED    20   HIGHEST GUST DIRECTION     N (340)
  AVERAGE WIND SPEED     6.2


SKY COVER
  POSSIBLE SUNSHINE  MM
  AVERAGE SKY COVER 0.9


WEATHER CONDITIONS
 THE FOLLOWING WEATHER WAS RECORDED TODAY.
  NO SIGNIFICANT WEATHER WAS OBSERVED.


RELATIVE HUMIDITY (PERCENT)
 HIGHEST    89           400 AM
 LOWEST     48           400 PM
 AVERAGE    69

..........................................................


THE PARKERSBURG WV CLIMATE NORMALS FOR TOMORROW
                         NORMAL    RECORD    YEAR
 MAXIMUM TEMPERATURE (F)   75        93      1908
 MINIMUM TEMPERATURE (F)   52        32      1995


SUNRISE AND SUNSET
SEPTEMBER 22 2014.....SUNRISE   713 AM EDT   SUNSET   723 PM EDT
SEPTEMBER 23 2014.....SUNRISE   714 AM EDT   SUNSET   721 PM EDT


-  INDICATES NEGATIVE NUMBERS.
R  INDICATES RECORD WAS SET OR TIED.
MM INDICATES DATA IS MISSING.
T  INDICATES TRACE AMOUNT.




$$






U.S. Dept. of Commerce
NOAA National Weather Service
1325 East West Highway
Silver Spring, MD 20910
E-mail: w-nws.webmaster@noaa.gov
Page last modified: May 16, 2007
NATIONAL WEATHER SERVICE: for Safety, for Work, for Fun - FOR LIFE