363
CDUS41 KRLX 170723
CLIPKB


CLIMATE REPORT
NATIONAL WEATHER SERVICE CHARLESTON WV
320 AM EDT THU APR 17 2014


...................................

...THE PARKERSBURG WV CLIMATE SUMMARY FOR APRIL 16 2014...

CLIMATE NORMAL PERIOD 1981 TO 2010
CLIMATE RECORD PERIOD 1889 TO 2014


WEATHER ITEM   OBSERVED TIME   RECORD YEAR NORMAL DEPARTURE LAST
                VALUE   (LST)  VALUE       VALUE  FROM      YEAR
                                                  NORMAL
..................................................................
TEMPERATURE (F)
 YESTERDAY
  MAXIMUM         50    543 PM  88    2002  67    -17       83
  MINIMUM         23    552 AM  22    1962  42    -19       59
  AVERAGE         37                        54    -17       71

PRECIPITATION (IN)
  YESTERDAY        0.00          1.65 2011   0.10  -0.10     0.71
  MONTH TO DATE    1.96                      1.72   0.24     0.85
  SINCE JAN 1      7.37                     11.10  -3.73     9.06

SNOWFALL (IN)
  YESTERDAY       MM
  MONTH TO DATE   MM
  SINCE SEP 1     MM
  SINCE JUL 1     MM
  SNOW DEPTH      MM

DEGREE DAYS
 HEATING
  YESTERDAY       28                        11     17        0
  MONTH TO DATE  169                       216    -47      186
  SINCE MAR 1    754                       887   -133      998
  SINCE JUL 1   4517                      4677   -160     4734

 COOLING
  YESTERDAY        0                         1     -1        6
  MONTH TO DATE    5                         6     -1       22
  SINCE MAR 1      5                         9     -4       22
  SINCE JAN 1      5                         9     -4       22
..................................................................


WIND (MPH)
  HIGHEST WIND SPEED    14   HIGHEST WIND DIRECTION    NE (60)
  HIGHEST GUST SPEED    18   HIGHEST GUST DIRECTION    NE (60)
  AVERAGE WIND SPEED     5.4


SKY COVER
  POSSIBLE SUNSHINE  MM
  AVERAGE SKY COVER 0.0


WEATHER CONDITIONS
 THE FOLLOWING WEATHER WAS RECORDED YESTERDAY.
  NO SIGNIFICANT WEATHER WAS OBSERVED.


RELATIVE HUMIDITY (PERCENT)
 HIGHEST    88           300 AM
 LOWEST     29           400 PM
 AVERAGE    59

..........................................................


THE PARKERSBURG WV CLIMATE NORMALS FOR TODAY
                         NORMAL    RECORD    YEAR
 MAXIMUM TEMPERATURE (F)   67        91      1896
 MINIMUM TEMPERATURE (F)   43        26      1962


SUNRISE AND SUNSET
APRIL 17 2014.........SUNRISE   646 AM EDT   SUNSET   805 PM EDT
APRIL 18 2014.........SUNRISE   644 AM EDT   SUNSET   806 PM EDT


-  INDICATES NEGATIVE NUMBERS.
R  INDICATES RECORD WAS SET OR TIED.
MM INDICATES DATA IS MISSING.
T  INDICATES TRACE AMOUNT.




$$





U.S. Dept. of Commerce
NOAA National Weather Service
1325 East West Highway
Silver Spring, MD 20910
E-mail: w-nws.webmaster@noaa.gov
Page last modified: May 16, 2007
NATIONAL WEATHER SERVICE: for Safety, for Work, for Fun - FOR LIFE