521
CDUS41 KRLX 222230
CLIPKB

CLIMATE REPORT
NATIONAL WEATHER SERVICE CHARLESTON WV
526 PM EST SAT NOV 22 2014


...................................

...THE PARKERSBURG WV CLIMATE SUMMARY FOR NOVEMBER 22 2014...
VALID TODAY AS OF 0500 PM LOCAL TIME.

CLIMATE NORMAL PERIOD 1981 TO 2010
CLIMATE RECORD PERIOD 1889 TO 2014


WEATHER ITEM   OBSERVED TIME   RECORD YEAR NORMAL DEPARTURE LAST
                VALUE   (LST)  VALUE       VALUE  FROM      YEAR
                                                  NORMAL
..................................................................
TEMPERATURE (F)
 TODAY
  MAXIMUM         56    359 PM  76    1934  52      4       55
  MINIMUM         15    444 AM  11    1964  34    -19       40
  AVERAGE         36                        43     -7       48

PRECIPITATION (IN)
  TODAY            T             0.89 2011   0.12  -0.12     0.38
  MONTH TO DATE    1.34                      2.45  -1.11     2.84
  SINCE SEP 1      5.90                      8.39  -2.49     6.22
  SINCE JAN 1        MM                     37.18     MM    38.78

DEGREE DAYS
 HEATING
  TODAY           29                        22      7       17
  MONTH TO DATE  569                       402    167      434
  SINCE SEP 1     MM                       791     MM      822
  SINCE JUL 1     MM                       796     MM      827

 COOLING
  TODAY            0                         0      0        0
  MONTH TO DATE    0                         0      0        0
  SINCE SEP 1     MM                       123     MM      131
  SINCE JAN 1     MM                       953     MM      955
..................................................................


WIND (MPH)
  HIGHEST WIND SPEED     9   HIGHEST WIND DIRECTION    SW (230)
  HIGHEST GUST SPEED    15   HIGHEST GUST DIRECTION    SW (230)
  AVERAGE WIND SPEED     1.6


SKY COVER
  POSSIBLE SUNSHINE  MM
  AVERAGE SKY COVER 0.6


WEATHER CONDITIONS
 THE FOLLOWING WEATHER WAS RECORDED TODAY.
  LIGHT RAIN
  HAZE


RELATIVE HUMIDITY (PERCENT)
 HIGHEST    88           300 AM
 LOWEST     35           300 PM
 AVERAGE    62

..........................................................


THE PARKERSBURG WV CLIMATE NORMALS FOR TOMORROW
                         NORMAL    RECORD    YEAR
 MAXIMUM TEMPERATURE (F)   52        77      1979
 MINIMUM TEMPERATURE (F)   33        13      1956


SUNRISE AND SUNSET
NOVEMBER 22 2014......SUNRISE   717 AM EST   SUNSET   506 PM EST
NOVEMBER 23 2014......SUNRISE   718 AM EST   SUNSET   506 PM EST


-  INDICATES NEGATIVE NUMBERS.
R  INDICATES RECORD WAS SET OR TIED.
MM INDICATES DATA IS MISSING.
T  INDICATES TRACE AMOUNT.




$$










U.S. Dept. of Commerce
NOAA National Weather Service
1325 East West Highway
Silver Spring, MD 20910
E-mail: w-nws.webmaster@noaa.gov
Page last modified: May 16, 2007
NATIONAL WEATHER SERVICE: for Safety, for Work, for Fun - FOR LIFE