258
CDUS41 KPBZ 220702
CLIPIT


CLIMATE REPORT
NATIONAL WEATHER SERVICE PITTSBURGH PA
302 AM EDT FRI AUG 22 2014


...................................

...THE PITTSBURGH PA CLIMATE SUMMARY FOR AUGUST 21 2014...

CLIMATE NORMAL PERIOD 1981 TO 2010
CLIMATE RECORD PERIOD 1871 TO 2014


WEATHER ITEM   OBSERVED TIME   RECORD YEAR NORMAL DEPARTURE LAST
                VALUE   (LST)  VALUE       VALUE  FROM      YEAR
                                                  NORMAL
..................................................................
TEMPERATURE (F)
 YESTERDAY
  MAXIMUM         78    127 PM  98    1936  81     -3       84
  MINIMUM         64    608 AM  46    1969  61      3       60
  AVERAGE         71                        71      0       72

PRECIPITATION (IN)
  YESTERDAY        T             3.57 1888   0.10  -0.10     0.00
  MONTH TO DATE    3.88                      2.41   1.47     0.95
  SINCE JUN 1     13.12                     10.54   2.58    12.59
  SINCE JAN 1     28.21                     25.64   2.57    24.93

SNOWFALL (IN)
  YESTERDAY        0.0           0.0  2002   0.0    0.0      0.0
                                      2001
  MONTH TO DATE    0.0                       0.0    0.0      0.0
  SINCE OCT 1     63.4                      41.4   22.0     57.4
  SINCE JUL 1      0.0                       0.0    0.0      0.0
  SNOW DEPTH       0

DEGREE DAYS
 HEATING
  YESTERDAY        0                         0      0        0
  MONTH TO DATE   10                         0     10       10
  SINCE JUN 1     30                        42    -12       27
  SINCE JUL 1     21                         4     17       11

 COOLING
  YESTERDAY        6                         6      0        7
  MONTH TO DATE  106                       150    -44       96
  SINCE JUN 1    479                       541    -62      517
  SINCE JAN 1    553                       593    -40      621
..................................................................


WIND (MPH)
  HIGHEST WIND SPEED    20   HIGHEST WIND DIRECTION    SW (230)
  HIGHEST GUST SPEED    25   HIGHEST GUST DIRECTION    SW (230)
  AVERAGE WIND SPEED     5.3


SKY COVER
  POSSIBLE SUNSHINE  MM
  AVERAGE SKY COVER 0.7


WEATHER CONDITIONS
 THE FOLLOWING WEATHER WAS RECORDED YESTERDAY.
  FOG


RELATIVE HUMIDITY (PERCENT)
 HIGHEST   100          1200 AM
 LOWEST     69          1200 PM
 AVERAGE    85

..........................................................


THE PITTSBURGH PA CLIMATE NORMALS FOR TODAY
                         NORMAL    RECORD    YEAR
 MAXIMUM TEMPERATURE (F)   81        95      1936
 MINIMUM TEMPERATURE (F)   61        46      1956


SUNRISE AND SUNSET
AUGUST 22 2014........SUNRISE   638 AM EDT   SUNSET   808 PM EDT
AUGUST 23 2014........SUNRISE   639 AM EDT   SUNSET   807 PM EDT


-  INDICATES NEGATIVE NUMBERS.
R  INDICATES RECORD WAS SET OR TIED.
MM INDICATES DATA IS MISSING.
T  INDICATES TRACE AMOUNT.





&&
SNOW DEPTH IS MEASURED AT 7 AM EST OR 8 AM EDT.
$$




U.S. Dept. of Commerce
NOAA National Weather Service
1325 East West Highway
Silver Spring, MD 20910
E-mail: w-nws.webmaster@noaa.gov
Page last modified: May 16, 2007
NATIONAL WEATHER SERVICE: for Safety, for Work, for Fun - FOR LIFE