489
CDUS43 KABR 281030
CLIPIR


CLIMATE REPORT
NATIONAL WEATHER SERVICE ABERDEEN SD
429 AM CST WED JAN 28 2015


...................................

...THE PIERRE SD CLIMATE SUMMARY FOR JANUARY 27 2015...

CLIMATE NORMAL PERIOD 1981 TO 2010
CLIMATE RECORD PERIOD 1892 TO 2015


WEATHER ITEM   OBSERVED TIME   RECORD YEAR NORMAL DEPARTURE LAST
                VALUE   (LST)  VALUE       VALUE  FROM      YEAR
                                                  NORMAL
..................................................................
TEMPERATURE (F)
 YESTERDAY
  MAXIMUM         59    413 PM  61    1934  31     28        9
  MINIMUM         28    730 AM -23    1948  10     18       -5
  AVERAGE         44                        20     24        2

PRECIPITATION (IN)
  YESTERDAY       MM             0.95 1944   0.02  MM        0.00
  MONTH TO DATE    0.13                      0.37  -0.24     0.09
  SINCE DEC 1      0.95                      0.92   0.03     1.57
  SINCE JAN 1      0.13                      0.37  -0.24     0.09

SNOWFALL (IN)
  YESTERDAY       MM             2.5  1944   0.1   MM        0.0
  MONTH TO DATE    1.4                       4.1   -2.7      1.0
  SINCE OCT 1     20.8                      15.3    5.5     17.2
  SINCE JUL 1     20.8                      15.3    5.5     17.2
  SNOW DEPTH       0

DEGREE DAYS
 HEATING
  YESTERDAY       21                        44    -23       63
  MONTH TO DATE 1138                      1219    -81     1181
  SINCE DEC 1   2411                      2561   -150     2781
  SINCE JUL 1   4133                      4181    -48     4400

 COOLING
  YESTERDAY        0                         0      0        0
  MONTH TO DATE    0                         0      0        0
  SINCE DEC 1      0                         0      0        0
  SINCE JAN 1      0                         0      0        0
..................................................................


WIND (MPH)
  RESULTANT WIND SPEED   6   RESULTANT WIND DIRECTION  SE (130)
  HIGHEST WIND SPEED    10   HIGHEST WIND DIRECTION    SE (150)
  HIGHEST GUST SPEED    12   HIGHEST GUST DIRECTION    SE (120)
  AVERAGE WIND SPEED     6.3




RELATIVE HUMIDITY (PERCENT)
 HIGHEST    92           600 AM
 LOWEST     43           300 PM
 AVERAGE    68

..........................................................


THE PIERRE SD CLIMATE NORMALS FOR TODAY
                         NORMAL    RECORD    YEAR
 MAXIMUM TEMPERATURE (F)   31        60      1942
 MINIMUM TEMPERATURE (F)   10       -25      1972


SUNRISE AND SUNSET
JANUARY 28 2015.......SUNRISE   804 AM CST   SUNSET   545 PM CST
JANUARY 29 2015.......SUNRISE   803 AM CST   SUNSET   546 PM CST


-  INDICATES NEGATIVE NUMBERS.
R  INDICATES RECORD WAS SET OR TIED.
MM INDICATES DATA IS MISSING.
T  INDICATES TRACE AMOUNT.




$$





U.S. Dept. of Commerce
NOAA National Weather Service
1325 East West Highway
Silver Spring, MD 20910
E-mail: w-nws.webmaster@noaa.gov
Page last modified: May 16, 2007
NATIONAL WEATHER SERVICE: for Safety, for Work, for Fun - FOR LIFE