626
CDUS45 KPIH 230733
CLIPIH


CLIMATE REPORT
NATIONAL WEATHER SERVICE POCATELLO ID
133 AM MDT TUE SEP 23 2014


...................................

...THE POCATELLO ID CLIMATE SUMMARY FOR SEPTEMBER 22 2014...

CLIMATE NORMAL PERIOD 1981 TO 2010
CLIMATE RECORD PERIOD 1939 TO 2014


WEATHER ITEM   OBSERVED TIME   RECORD YEAR NORMAL DEPARTURE LAST
                VALUE   (LST)  VALUE       VALUE  FROM      YEAR
                                                  NORMAL
..................................................................
TEMPERATURE (F)
 YESTERDAY
  MAXIMUM         74    508 PM  92    1966  73      1       67
  MINIMUM         52    125 AM  23    1995  40     12       49
  AVERAGE         63                        56      7       58

PRECIPITATION (IN)
  YESTERDAY        T             0.28 1941   0.03  -0.03     0.00
  MONTH TO DATE    0.36                      0.60  -0.24     0.74
  SINCE OCT 1     10.51                     11.89  -1.38     8.93
  SINCE JAN 1      9.14                      8.67   0.47     4.77

SNOWFALL (IN)
  YESTERDAY        0.0
  MONTH TO DATE    0.0
  SINCE SEP 1      0.0
  SINCE JUL 1      0.0
  SNOW DEPTH       0

DEGREE DAYS
 HEATING
  YESTERDAY        2                         9     -7        7
  MONTH TO DATE   93                       118    -25       47
  SINCE SEP 1     93                       118    -25       47
  SINCE JUL 1    128                       164    -36       47

 COOLING
  YESTERDAY        0                         0      0        0
  MONTH TO DATE   26                        20      6       61
  SINCE SEP 1     26                        20      6       61
  SINCE JAN 1    412                       390     22      688
..................................................................


WIND (MPH)
  HIGHEST WIND SPEED    13   HIGHEST WIND DIRECTION     W (250)
  HIGHEST GUST SPEED    16   HIGHEST GUST DIRECTION     W (260)
  AVERAGE WIND SPEED     5.0


SKY COVER
  POSSIBLE SUNSHINE  MM
  AVERAGE SKY COVER 0.4


WEATHER CONDITIONS
 THE FOLLOWING WEATHER WAS RECORDED YESTERDAY.
  LIGHT RAIN


RELATIVE HUMIDITY (PERCENT)
 HIGHEST   100           100 AM
 LOWEST     44           500 PM
 AVERAGE    72

..........................................................


THE POCATELLO ID CLIMATE NORMALS FOR TODAY
                         NORMAL    RECORD    YEAR
 MAXIMUM TEMPERATURE (F)   72        90      2001
 MINIMUM TEMPERATURE (F)   40        24      1996


SUNRISE AND SUNSET
SEPTEMBER 23 2014.....SUNRISE   719 AM MDT   SUNSET   726 PM MDT
SEPTEMBER 24 2014.....SUNRISE   720 AM MDT   SUNSET   724 PM MDT


-  INDICATES NEGATIVE NUMBERS.
R  INDICATES RECORD WAS SET OR TIED.
MM INDICATES DATA IS MISSING.
T  INDICATES TRACE AMOUNT.




$$





U.S. Dept. of Commerce
NOAA National Weather Service
1325 East West Highway
Silver Spring, MD 20910
E-mail: w-nws.webmaster@noaa.gov
Page last modified: May 16, 2007
NATIONAL WEATHER SERVICE: for Safety, for Work, for Fun - FOR LIFE