455
CDUS45 KPIH 280731
CLIPIH


CLIMATE REPORT
NATIONAL WEATHER SERVICE POCATELLO ID
131 AM MDT MON JUL 28 2014


...................................

...THE POCATELLO ID CLIMATE SUMMARY FOR JULY 27 2014...

CLIMATE NORMAL PERIOD 1981 TO 2010
CLIMATE RECORD PERIOD 1939 TO 2014


WEATHER ITEM   OBSERVED TIME   RECORD YEAR NORMAL DEPARTURE LAST
                VALUE   (LST)  VALUE       VALUE  FROM      YEAR
                                                  NORMAL
..................................................................
TEMPERATURE (F)
 YESTERDAY
  MAXIMUM         98    250 PM 100    1969  90      8       88
  MINIMUM         46    544 AM  41    2005  53     -7       59
  AVERAGE         72                        71      1       74

PRECIPITATION (IN)
  YESTERDAY        0.00          0.94 1984   0.03  -0.03      T
  MONTH TO DATE    0.32                      0.56  -0.24     0.27
  SINCE OCT 1      7.83                     10.60  -2.77     7.98
  SINCE JAN 1      6.46                      7.38  -0.92     3.82

SNOWFALL (IN)
  YESTERDAY        0.0
  MONTH TO DATE    0.0
  SINCE JUN 1      0.0
  SINCE JUL 1      0.0
  SNOW DEPTH       0

DEGREE DAYS
 HEATING
  YESTERDAY        0                         0      0        0
  MONTH TO DATE    2                        17    -15        0
  SINCE JUN 1    112                       148    -36       90
  SINCE JUL 1      2                        17    -15        0

 COOLING
  YESTERDAY        7                         7      0        9
  MONTH TO DATE  224                       144     80      264
  SINCE JUN 1    244                       190     54      357
  SINCE JAN 1    244                       195     49      366
..................................................................


WIND (MPH)
  HIGHEST WIND SPEED    13   HIGHEST WIND DIRECTION     N (10)
  HIGHEST GUST SPEED    16   HIGHEST GUST DIRECTION     N (350)
  AVERAGE WIND SPEED     5.9


SKY COVER
  POSSIBLE SUNSHINE  MM
  AVERAGE SKY COVER 0.0


WEATHER CONDITIONS
 THE FOLLOWING WEATHER WAS RECORDED YESTERDAY.
  NO SIGNIFICANT WEATHER WAS OBSERVED.


RELATIVE HUMIDITY (PERCENT)
 HIGHEST    66           600 AM
 LOWEST      8           300 PM
 AVERAGE    37

..........................................................


THE POCATELLO ID CLIMATE NORMALS FOR TODAY
                         NORMAL    RECORD    YEAR
 MAXIMUM TEMPERATURE (F)   90       100      2006
 MINIMUM TEMPERATURE (F)   53        43      1993


SUNRISE AND SUNSET
JULY 28 2014..........SUNRISE   617 AM MDT   SUNSET   856 PM MDT
JULY 29 2014..........SUNRISE   618 AM MDT   SUNSET   855 PM MDT


-  INDICATES NEGATIVE NUMBERS.
R  INDICATES RECORD WAS SET OR TIED.
MM INDICATES DATA IS MISSING.
T  INDICATES TRACE AMOUNT.




$$





U.S. Dept. of Commerce
NOAA National Weather Service
1325 East West Highway
Silver Spring, MD 20910
E-mail: w-nws.webmaster@noaa.gov
Page last modified: May 16, 2007
NATIONAL WEATHER SERVICE: for Safety, for Work, for Fun - FOR LIFE