934
CDUS43 KILX 012231
CLIPIA


CLIMATE REPORT
NATIONAL WEATHER SERVICE LINCOLN IL
431 PM CST SUN FEB 1 2015


...................................

...THE PEORIA IL CLIMATE SUMMARY FOR FEBRUARY 1 2015...
VALID TODAY AS OF 0400 PM LOCAL TIME.

CLIMATE NORMAL PERIOD 1981 TO 2010
CLIMATE RECORD PERIOD 1883 TO 2015


WEATHER ITEM   OBSERVED TIME   RECORD YEAR NORMAL DEPARTURE LAST
                VALUE   (LST)  VALUE       VALUE  FROM      YEAR
                                                  NORMAL
..................................................................
TEMPERATURE (F)
 TODAY
  MAXIMUM         35    107 PM  63    1911  34      1       29
  MINIMUM         29    359 PM -13    1979  18     11       22
                                      1951
                                      1905
  AVERAGE         32                        26      6       26

PRECIPITATION (IN)
  TODAY            0.91          1.41 1968   0.05   0.86     0.48
  MONTH TO DATE    0.91                      0.05   0.86     0.48
  SINCE DEC 1      4.36                      4.25   0.11     4.07
  SINCE JAN 1      3.13                      1.83   1.30     2.58

SNOWFALL (IN)
  TODAY            4.8          11.8  2011   0.2    4.6      4.0
  MONTH TO DATE    4.8                       0.2    4.6      4.0
  SINCE DEC 1     15.0                      14.2    0.8     30.7
  SINCE JUL 1     16.3                      15.3    0.0     31.3
  SNOW DEPTH       4

DEGREE DAYS
 HEATING
  TODAY           33                        39     -6       39
  MONTH TO DATE   33                        39     -6       39
  SINCE DEC 1   2207                      2412   -205     2725
  SINCE JUL 1   3448                      3560   -112     3907

 COOLING
  TODAY            0                         0      0        0
  MONTH TO DATE    0                         0      0        0
  SINCE DEC 1      0                         0      0        0
  SINCE JAN 1      0                         0      0        0
..................................................................


WIND (MPH)
  HIGHEST WIND SPEED    20   HIGHEST WIND DIRECTION    NE (30)
  HIGHEST GUST SPEED    29   HIGHEST GUST DIRECTION    NE (30)
  AVERAGE WIND SPEED     8.1


SKY COVER
  POSSIBLE SUNSHINE  MM
  AVERAGE SKY COVER 0.9


WEATHER CONDITIONS
 THE FOLLOWING WEATHER WAS RECORDED TODAY.
  LIGHT RAIN
  SNOW
  LIGHT SNOW
  FOG
  FOG W/VISIBILITY <= 1/4 MILE


RELATIVE HUMIDITY (PERCENT)
 HIGHEST   100           100 AM
 LOWEST     78           400 PM
 AVERAGE    89

..........................................................


THE PEORIA IL CLIMATE NORMALS FOR TOMORROW
                         NORMAL    RECORD    YEAR
 MAXIMUM TEMPERATURE (F)   34        54      1920
 MINIMUM TEMPERATURE (F)   18       -20      1905


SUNRISE AND SUNSET
FEBRUARY  1 2015......SUNRISE   709 AM CST   SUNSET   516 PM CST
FEBRUARY  2 2015......SUNRISE   708 AM CST   SUNSET   517 PM CST


-  INDICATES NEGATIVE NUMBERS.
R  INDICATES RECORD WAS SET OR TIED.
MM INDICATES DATA IS MISSING.
T  INDICATES TRACE AMOUNT.




$$





U.S. Dept. of Commerce
NOAA National Weather Service
1325 East West Highway
Silver Spring, MD 20910
E-mail: w-nws.webmaster@noaa.gov
Page last modified: May 16, 2007
NATIONAL WEATHER SERVICE: for Safety, for Work, for Fun - FOR LIFE