260
CDUS43 KILX 240628
CLIPIA


CLIMATE REPORT
NATIONAL WEATHER SERVICE LINCOLN IL
127 AM CDT FRI OCT 24 2014


...................................

...THE PEORIA IL CLIMATE SUMMARY FOR OCTOBER 23 2014...

CLIMATE NORMAL PERIOD 1981 TO 2010
CLIMATE RECORD PERIOD 1883 TO 2014


WEATHER ITEM   OBSERVED TIME   RECORD YEAR NORMAL DEPARTURE LAST
                VALUE   (LST)  VALUE       VALUE  FROM      YEAR
                                                  NORMAL
..................................................................
TEMPERATURE (F)
 YESTERDAY
  MAXIMUM         62    255 PM  84    1899  62      0       46
  MINIMUM         41    615 AM  23    1981  42     -1       33
  AVERAGE         52                        52      0       40

PRECIPITATION (IN)
  YESTERDAY        T             1.96 1957   0.10  -0.10      T
  MONTH TO DATE    2.33                      2.06   0.27     2.80
  SINCE SEP 1      7.31                      5.21   2.10     4.65
  SINCE JAN 1     37.39                     30.16   7.23    36.48

SNOWFALL (IN)
  YESTERDAY        0.0           3.3  1929   0.0    0.0      0.0
  MONTH TO DATE    T                         0.0    0.0      0.0
  SINCE SEP 1      T                         0.0    0.0      0.0
  SINCE JUL 1      T                         0.0    0.0      0.0
  SNOW DEPTH       0

DEGREE DAYS
 HEATING
  YESTERDAY       13                        14     -1       25
  MONTH TO DATE  205                       237    -32      201
  SINCE SEP 1    281                       321    -40      228
  SINCE JUL 1    283                       327    -44      233

 COOLING
  YESTERDAY        0                         0      0        0
  MONTH TO DATE    4                        12     -8       40
  SINCE SEP 1    127                       129     -2      232
  SINCE JAN 1   1151                      1036    115     1174
..................................................................


WIND (MPH)
  HIGHEST WIND SPEED    17   HIGHEST WIND DIRECTION    SW (210)
  HIGHEST GUST SPEED    22   HIGHEST GUST DIRECTION     S (190)
  AVERAGE WIND SPEED     7.7


SKY COVER
  POSSIBLE SUNSHINE  MM
  AVERAGE SKY COVER 0.4


WEATHER CONDITIONS
 THE FOLLOWING WEATHER WAS RECORDED YESTERDAY.
  LIGHT RAIN


RELATIVE HUMIDITY (PERCENT)
 HIGHEST    82           700 AM
 LOWEST     51           400 PM
 AVERAGE    67

..........................................................


THE PEORIA IL CLIMATE NORMALS FOR TODAY
                         NORMAL    RECORD    YEAR
 MAXIMUM TEMPERATURE (F)   61        81      1963
 MINIMUM TEMPERATURE (F)   41        22      1981


SUNRISE AND SUNSET
OCTOBER 24 2014.......SUNRISE   720 AM CDT   SUNSET   605 PM CDT
OCTOBER 25 2014.......SUNRISE   721 AM CDT   SUNSET   604 PM CDT


-  INDICATES NEGATIVE NUMBERS.
R  INDICATES RECORD WAS SET OR TIED.
MM INDICATES DATA IS MISSING.
T  INDICATES TRACE AMOUNT.




$$





U.S. Dept. of Commerce
NOAA National Weather Service
1325 East West Highway
Silver Spring, MD 20910
E-mail: w-nws.webmaster@noaa.gov
Page last modified: May 16, 2007
NATIONAL WEATHER SERVICE: for Safety, for Work, for Fun - FOR LIFE