122
CDUS43 KILX 160631
CLIPIA


CLIMATE REPORT
NATIONAL WEATHER SERVICE LINCOLN IL
130 AM CDT TUE SEP 16 2014


...................................

...THE PEORIA IL CLIMATE SUMMARY FOR SEPTEMBER 15 2014...

CLIMATE NORMAL PERIOD 1981 TO 2010
CLIMATE RECORD PERIOD 1883 TO 2014


WEATHER ITEM   OBSERVED TIME   RECORD YEAR NORMAL DEPARTURE LAST
                VALUE   (LST)  VALUE       VALUE  FROM      YEAR
                                                  NORMAL
..................................................................
TEMPERATURE (F)
 YESTERDAY
  MAXIMUM         61    537 PM 100    1939  78    -17       67
  MINIMUM         54   1159 PM  37    1916  56     -2       57
  AVERAGE         58                        66     -8       62

PRECIPITATION (IN)
  YESTERDAY        0.32          1.68 1894   0.11   0.21     0.12
  MONTH TO DATE    4.98                      1.65   3.33     0.72
  SINCE SEP 1      4.98                      1.65   3.33     0.72
  SINCE JAN 1     35.06                     26.60   8.46    32.55

SNOWFALL (IN)
  YESTERDAY        0.0           0.0    MM   0.0    0.0      0.0
  MONTH TO DATE    0.0                       0.0    0.0      0.0
  SINCE SEP 1      0.0                       0.0    0.0      0.0
  SINCE JUL 1      0.0                       0.0    0.0      0.0
  SNOW DEPTH       0

DEGREE DAYS
 HEATING
  YESTERDAY        7                         2      5        3
  MONTH TO DATE   51                        18     33        8
  SINCE SEP 1     51                        18     33        8
  SINCE JUL 1     53                        24     29       13

 COOLING
  YESTERDAY        0                         4     -4        0
  MONTH TO DATE   76                        81     -5      147
  SINCE SEP 1     76                        81     -5      147
  SINCE JAN 1   1100                       988    112     1089
..................................................................


WIND (MPH)
  HIGHEST WIND SPEED    13   HIGHEST WIND DIRECTION    SE (130)
  HIGHEST GUST SPEED    16   HIGHEST GUST DIRECTION    SE (140)
  AVERAGE WIND SPEED     4.1


SKY COVER
  POSSIBLE SUNSHINE  MM
  AVERAGE SKY COVER 0.9


WEATHER CONDITIONS
 THE FOLLOWING WEATHER WAS RECORDED YESTERDAY.
  THUNDERSTORM
  RAIN
  LIGHT RAIN
  FOG
  HAZE


RELATIVE HUMIDITY (PERCENT)
 HIGHEST    90           500 PM
 LOWEST     72           200 AM
 AVERAGE    81

..........................................................


THE PEORIA IL CLIMATE NORMALS FOR TODAY
                         NORMAL    RECORD    YEAR
 MAXIMUM TEMPERATURE (F)   77        94      1939
 MINIMUM TEMPERATURE (F)   55        35      1916


SUNRISE AND SUNSET
SEPTEMBER 16 2014.....SUNRISE   640 AM CDT   SUNSET   706 PM CDT
SEPTEMBER 17 2014.....SUNRISE   641 AM CDT   SUNSET   704 PM CDT


-  INDICATES NEGATIVE NUMBERS.
R  INDICATES RECORD WAS SET OR TIED.
MM INDICATES DATA IS MISSING.
T  INDICATES TRACE AMOUNT.




$$





U.S. Dept. of Commerce
NOAA National Weather Service
1325 East West Highway
Silver Spring, MD 20910
E-mail: w-nws.webmaster@noaa.gov
Page last modified: May 16, 2007
NATIONAL WEATHER SERVICE: for Safety, for Work, for Fun - FOR LIFE