583
CDUS45 KPSR 220815
CLIPHX

CLIMATE REPORT
NATIONAL WEATHER SERVICE PHOENIX AZ
114 AM MST MON DEC 22 2014


...................................

...THE PHOENIX AZ CLIMATE SUMMARY FOR DECEMBER 21 2014...

CLIMATE NORMAL PERIOD 1981 TO 2010
CLIMATE RECORD PERIOD 1895 TO 2014


WEATHER ITEM   OBSERVED TIME   RECORD YEAR NORMAL DEPARTURE LAST
                VALUE   (LST)  VALUE       VALUE  FROM      YEAR
                                                  NORMAL
..................................................................
TEMPERATURE (F)
 YESTERDAY
  MAXIMUM         65    336 PM  77    1985  65      0       59
                                      1950
                                      1917
  MINIMUM         47    815 AM  27    1897  44      3       46
  AVERAGE         56                        55      1       53

PRECIPITATION (IN)
  YESTERDAY        0.00          0.52 1943   0.03  -0.03     0.00
  MONTH TO DATE    0.80                      0.60   0.20     0.39
  SINCE OCT 1      0.93                      1.83  -0.90     2.82
  SINCE JAN 1      8.26                      7.75   0.51     8.42

SNOWFALL (IN)
  YESTERDAY        0.0
  MONTH TO DATE    0.0
  SINCE JAN 1      0.0
  SINCE JUL 1      0.0
  SNOW DEPTH       0

DEGREE DAYS
 HEATING
  YESTERDAY        9                        10     -1       12
  MONTH TO DATE   89                       194   -105      182
  SINCE DEC 1     89                       194   -105      182
  SINCE JUL 1    143                       297   -154      237

 COOLING
  YESTERDAY        0                         0      0        0
  MONTH TO DATE   10                         0     10        0
  SINCE DEC 1     10                         0     10        0
  SINCE JAN 1   5046                      4606    440     5023
..................................................................


WIND (MPH)
  HIGHEST WIND SPEED     9   HIGHEST WIND DIRECTION    NW (300)
  HIGHEST GUST SPEED    11   HIGHEST GUST DIRECTION    NW (300)
  AVERAGE WIND SPEED     4.1


SKY COVER
  AVERAGE SKY COVER 0.6


WEATHER CONDITIONS
 THE FOLLOWING WEATHER WAS RECORDED YESTERDAY.
  NO SIGNIFICANT WEATHER WAS OBSERVED.


RELATIVE HUMIDITY (PERCENT)
 HIGHEST    82           800 AM
 LOWEST     39           500 PM
 AVERAGE    61

..........................................................


THE PHOENIX AZ CLIMATE NORMALS FOR TODAY
                         NORMAL    RECORD    YEAR
 MAXIMUM TEMPERATURE (F)   65        79      1917
 MINIMUM TEMPERATURE (F)   44        23      1897


SUNRISE AND SUNSET
DECEMBER 22 2014......SUNRISE   729 AM MST   SUNSET   525 PM MST
DECEMBER 23 2014......SUNRISE   729 AM MST   SUNSET   525 PM MST


-  INDICATES NEGATIVE NUMBERS.
R  INDICATES RECORD WAS SET OR TIED.
MM INDICATES DATA IS MISSING.
T  INDICATES TRACE AMOUNT.

&&
.....................................................................

DEW POINT
  HIGHEST DEW POINT    44
   LOWEST DEW POINT    38
  AVERAGE DEW POINT    42
.....................................................................

$$







U.S. Dept. of Commerce
NOAA National Weather Service
1325 East West Highway
Silver Spring, MD 20910
E-mail: w-nws.webmaster@noaa.gov
Page last modified: May 16, 2007
NATIONAL WEATHER SERVICE: for Safety, for Work, for Fun - FOR LIFE