430
CDUS45 KPSR 220901
CLIPHX

CLIMATE REPORT
NATIONAL WEATHER SERVICE PHOENIX AZ
158 AM MST SAT NOV 22 2014


...................................

...THE PHOENIX AZ CLIMATE SUMMARY FOR NOVEMBER 21 2014...

CLIMATE NORMAL PERIOD 1981 TO 2010
CLIMATE RECORD PERIOD 1895 TO 2014


WEATHER ITEM   OBSERVED TIME   RECORD YEAR NORMAL DEPARTURE LAST
                VALUE   (LST)  VALUE       VALUE  FROM      YEAR
                                                  NORMAL
..................................................................
TEMPERATURE (F)
 YESTERDAY
  MAXIMUM         72    202 PM  88    1924  73     -1       71
  MINIMUM         53    636 AM  30    1956  51      2       58
                                      1953
  AVERAGE         63                        62      1       65

PRECIPITATION (IN)
  YESTERDAY        0.00          0.60 1902   0.02  -0.02     0.42
  MONTH TO DATE    0.00                      0.41  -0.41     0.42
  SINCE OCT 1      0.13                      0.99  -0.86     0.42
  SINCE JAN 1      7.46                      6.91   0.55     6.02

SNOWFALL (IN)
  YESTERDAY        0.0
  MONTH TO DATE    0.0
  SINCE JAN 1      0.0
  SINCE JUL 1      0.0
  SNOW DEPTH       0

DEGREE DAYS
 HEATING
  YESTERDAY        2                         4     -2        0
  MONTH TO DATE   23                        46    -23        0
  SINCE SEP 1     23                        52    -29        1
  SINCE JUL 1     23                        52    -29        1

 COOLING
  YESTERDAY        0                         1     -1        0
  MONTH TO DATE   84                        65     19      111
  SINCE SEP 1   1283                      1132    151     1135
  SINCE JAN 1   5028                      4601    427     5023
..................................................................


WIND (MPH)
  HIGHEST WIND SPEED    16   HIGHEST WIND DIRECTION     W (250)
  HIGHEST GUST SPEED    22   HIGHEST GUST DIRECTION     N (350)
  AVERAGE WIND SPEED     4.5


SKY COVER
  AVERAGE SKY COVER 0.6


WEATHER CONDITIONS
 THE FOLLOWING WEATHER WAS RECORDED YESTERDAY.
  NO SIGNIFICANT WEATHER WAS OBSERVED.


RELATIVE HUMIDITY (PERCENT)
 HIGHEST    39          1100 PM
 LOWEST     15           200 PM
 AVERAGE    27

..........................................................


THE PHOENIX AZ CLIMATE NORMALS FOR TODAY
                         NORMAL    RECORD    YEAR
 MAXIMUM TEMPERATURE (F)   72        89      1950
 MINIMUM TEMPERATURE (F)   50        30      1953
                                             1898


SUNRISE AND SUNSET
NOVEMBER 22 2014......SUNRISE   706 AM MST   SUNSET   522 PM MST
NOVEMBER 23 2014......SUNRISE   707 AM MST   SUNSET   522 PM MST


-  INDICATES NEGATIVE NUMBERS.
R  INDICATES RECORD WAS SET OR TIED.
MM INDICATES DATA IS MISSING.
T  INDICATES TRACE AMOUNT.

&&
.....................................................................

DEW POINT
  HIGHEST DEW POINT    35
   LOWEST DEW POINT    21
  AVERAGE DEW POINT    26
.....................................................................

$$







U.S. Dept. of Commerce
NOAA National Weather Service
1325 East West Highway
Silver Spring, MD 20910
E-mail: w-nws.webmaster@noaa.gov
Page last modified: May 16, 2007
NATIONAL WEATHER SERVICE: for Safety, for Work, for Fun - FOR LIFE