985
CDUS45 KPSR 200850
CLIPHX

CLIMATE REPORT
NATIONAL WEATHER SERVICE PHOENIX AZ
146 AM MST SAT SEP 20 2014


...................................

...THE PHOENIX AZ CLIMATE SUMMARY FOR SEPTEMBER 19 2014...

CLIMATE NORMAL PERIOD 1981 TO 2010
CLIMATE RECORD PERIOD 1895 TO 2014


WEATHER ITEM   OBSERVED TIME   RECORD YEAR NORMAL DEPARTURE LAST
                VALUE   (LST)  VALUE       VALUE  FROM      YEAR
                                                  NORMAL
..................................................................
TEMPERATURE (F)
 YESTERDAY
  MAXIMUM         98    314 PM 111    2010  99     -1      103
  MINIMUM         82    628 AM  54    1965  76      6       78
  AVERAGE         90                        88      2       91

PRECIPITATION (IN)
  YESTERDAY        0.00          1.06 1999   0.02  -0.02     0.00
  MONTH TO DATE    3.45                      0.43   3.02     0.86
  SINCE OCT 1      8.49                      7.82   0.67     6.52
  SINCE JAN 1      5.67                      5.71  -0.04     5.60

SNOWFALL (IN)
  YESTERDAY        0.0
  MONTH TO DATE    0.0
  SINCE JAN 1      0.0
  SINCE JUL 1      0.0
  SNOW DEPTH       0

DEGREE DAYS
 HEATING
  YESTERDAY        0                         0      0        0
  MONTH TO DATE    0                         0      0        0
  SINCE SEP 1      0                         0      0        0
  SINCE JUL 1      0                         0      0        0

 COOLING
  YESTERDAY       25                        23      2       26
  MONTH TO DATE  490                       480     10      514
  SINCE SEP 1    490                       480     10      514
  SINCE JAN 1   4235                      3949    286     4402
..................................................................


WIND (MPH)
  HIGHEST WIND SPEED    13   HIGHEST WIND DIRECTION     W (260)
  HIGHEST GUST SPEED    17   HIGHEST GUST DIRECTION    SW (220)
  AVERAGE WIND SPEED     4.7


SKY COVER
  AVERAGE SKY COVER 0.4


WEATHER CONDITIONS
 THE FOLLOWING WEATHER WAS RECORDED YESTERDAY.
  NO SIGNIFICANT WEATHER WAS OBSERVED.


RELATIVE HUMIDITY (PERCENT)
 HIGHEST    69           600 AM
 LOWEST     26          1100 PM
 AVERAGE    48

..........................................................


THE PHOENIX AZ CLIMATE NORMALS FOR TODAY
                         NORMAL    RECORD    YEAR
 MAXIMUM TEMPERATURE (F)   99       107      2010
 MINIMUM TEMPERATURE (F)   76        47      1965


SUNRISE AND SUNSET
SEPTEMBER 20 2014.....SUNRISE   615 AM MST   SUNSET   627 PM MST
SEPTEMBER 21 2014.....SUNRISE   616 AM MST   SUNSET   626 PM MST


-  INDICATES NEGATIVE NUMBERS.
R  INDICATES RECORD WAS SET OR TIED.
MM INDICATES DATA IS MISSING.
T  INDICATES TRACE AMOUNT.

&&
.....................................................................

DEW POINT
  HIGHEST DEW POINT    71
   LOWEST DEW POINT    54
  AVERAGE DEW POINT    63
.....................................................................

$$







U.S. Dept. of Commerce
NOAA National Weather Service
1325 East West Highway
Silver Spring, MD 20910
E-mail: w-nws.webmaster@noaa.gov
Page last modified: May 16, 2007
NATIONAL WEATHER SERVICE: for Safety, for Work, for Fun - FOR LIFE