003
CDUS45 KPSR 310012
CLIPHX

CLIMATE REPORT
NATIONAL WEATHER SERVICE PHOENIX AZ
511 PM MST THU OCT 30 2014


...................................

...THE PHOENIX AZ CLIMATE SUMMARY FOR OCTOBER 30 2014...
VALID TODAY AS OF 0500 PM LOCAL TIME.

CLIMATE NORMAL PERIOD 1981 TO 2010
CLIMATE RECORD PERIOD 1895 TO 2014


WEATHER ITEM   OBSERVED TIME   RECORD YEAR NORMAL DEPARTURE LAST
                VALUE   (LST)  VALUE       VALUE  FROM      YEAR
                                                  NORMAL
..................................................................
TEMPERATURE (F)
 TODAY
  MAXIMUM         94R   208 PM  94    2008  83     11       74
                                      1990
  MINIMUM         64    607 AM  34    1971  59      5       55
  AVERAGE         79                        71      8       65

PRECIPITATION (IN)
  TODAY            0.00          1.00 1959   0.02  -0.02     0.00
  MONTH TO DATE    0.13                      0.56  -0.43      T
  SINCE OCT 1      0.13                      0.56  -0.43      T
  SINCE JAN 1      7.46                      6.48   0.98     5.60

SNOWFALL (IN)
  TODAY            0.0
  MONTH TO DATE    0.0
  SINCE JAN 1      0.0
  SINCE JUL 1      0.0
  SNOW DEPTH       0

DEGREE DAYS
 HEATING
  TODAY            0                         1     -1        0
  MONTH TO DATE    0                         2     -2        1
  SINCE SEP 1      0                         2     -2        1
  SINCE JUL 1      0                         2     -2        1

 COOLING
  TODAY           14                         7      7        0
  MONTH TO DATE  455                       361     94      305
  SINCE SEP 1   1183                      1061    122     1024
  SINCE JAN 1   4928                      4530    398     4912
..................................................................


WIND (MPH)
  HIGHEST WIND SPEED    12   HIGHEST WIND DIRECTION     E (80)
  HIGHEST GUST SPEED    14   HIGHEST GUST DIRECTION     E (80)
  AVERAGE WIND SPEED     4.5


SKY COVER
  AVERAGE SKY COVER 0.4


WEATHER CONDITIONS
 THE FOLLOWING WEATHER WAS RECORDED TODAY.
  NO SIGNIFICANT WEATHER WAS OBSERVED.


RELATIVE HUMIDITY (PERCENT)
 HIGHEST    49           300 AM
 LOWEST     15           200 PM
 AVERAGE    32

..........................................................


THE PHOENIX AZ CLIMATE NORMALS FOR TOMORROW
                         NORMAL    RECORD    YEAR
 MAXIMUM TEMPERATURE (F)   83        96      1988
 MINIMUM TEMPERATURE (F)   59        36      1900


SUNRISE AND SUNSET
OCTOBER 30 2014.......SUNRISE   645 AM MST   SUNSET   538 PM MST
OCTOBER 31 2014.......SUNRISE   646 AM MST   SUNSET   537 PM MST


-  INDICATES NEGATIVE NUMBERS.
R  INDICATES RECORD WAS SET OR TIED.
MM INDICATES DATA IS MISSING.
T  INDICATES TRACE AMOUNT.

$$







U.S. Dept. of Commerce
NOAA National Weather Service
1325 East West Highway
Silver Spring, MD 20910
E-mail: w-nws.webmaster@noaa.gov
Page last modified: May 16, 2007
NATIONAL WEATHER SERVICE: for Safety, for Work, for Fun - FOR LIFE