839
CDUS45 KPSR 260810
CLIPHX

CLIMATE REPORT
NATIONAL WEATHER SERVICE PHOENIX AZ
110 AM MST WED NOV 26 2014


...................................

...THE PHOENIX AZ CLIMATE SUMMARY FOR NOVEMBER 25 2014...

CLIMATE NORMAL PERIOD 1981 TO 2010
CLIMATE RECORD PERIOD 1895 TO 2014


WEATHER ITEM   OBSERVED TIME   RECORD YEAR NORMAL DEPARTURE LAST
                VALUE   (LST)  VALUE       VALUE  FROM      YEAR
                                                  NORMAL
..................................................................
TEMPERATURE (F)
 YESTERDAY
  MAXIMUM         69    254 PM  88    1950  71     -2       64
  MINIMUM         46    744 AM  32    1938  49     -3       46
  AVERAGE         58                        60     -2       55

PRECIPITATION (IN)
  YESTERDAY        0.00          0.64 1896   0.03  -0.03     0.00
  MONTH TO DATE    0.00                      0.52  -0.52     2.43
  SINCE OCT 1      0.13                      1.10  -0.97     2.43
  SINCE JAN 1      7.46                      7.02   0.44     8.03

SNOWFALL (IN)
  YESTERDAY        0.0
  MONTH TO DATE    0.0
  SINCE JAN 1      0.0
  SINCE JUL 1      0.0
  SNOW DEPTH       0

DEGREE DAYS
 HEATING
  YESTERDAY        7                         5      2       10
  MONTH TO DATE   48                        66    -18       37
  SINCE SEP 1     48                        72    -24       38
  SINCE JUL 1     48                        72    -24       38

 COOLING
  YESTERDAY        0                         1     -1        0
  MONTH TO DATE   84                        69     15      111
  SINCE SEP 1   1283                      1136    147     1135
  SINCE JAN 1   5028                      4605    423     5023
..................................................................


WIND (MPH)
  HIGHEST WIND SPEED    13   HIGHEST WIND DIRECTION    NE (30)
  HIGHEST GUST SPEED    17   HIGHEST GUST DIRECTION     E (90)
  AVERAGE WIND SPEED     4.9


SKY COVER
  AVERAGE SKY COVER 0.1


WEATHER CONDITIONS
 THE FOLLOWING WEATHER WAS RECORDED YESTERDAY.
  NO SIGNIFICANT WEATHER WAS OBSERVED.


RELATIVE HUMIDITY (PERCENT)
 HIGHEST    24          1100 PM
 LOWEST      7           100 PM
 AVERAGE    16

..........................................................


THE PHOENIX AZ CLIMATE NORMALS FOR TODAY
                         NORMAL    RECORD    YEAR
 MAXIMUM TEMPERATURE (F)   71        88      1950
 MINIMUM TEMPERATURE (F)   49        32      1966
                                             1929


SUNRISE AND SUNSET
NOVEMBER 26 2014......SUNRISE   710 AM MST   SUNSET   521 PM MST
NOVEMBER 27 2014......SUNRISE   710 AM MST   SUNSET   521 PM MST


-  INDICATES NEGATIVE NUMBERS.
R  INDICATES RECORD WAS SET OR TIED.
MM INDICATES DATA IS MISSING.
T  INDICATES TRACE AMOUNT.

&&
.....................................................................

DEW POINT
  HIGHEST DEW POINT    18
   LOWEST DEW POINT    -1
  AVERAGE DEW POINT    8
.....................................................................

$$







U.S. Dept. of Commerce
NOAA National Weather Service
1325 East West Highway
Silver Spring, MD 20910
E-mail: w-nws.webmaster@noaa.gov
Page last modified: May 16, 2007
NATIONAL WEATHER SERVICE: for Safety, for Work, for Fun - FOR LIFE