828
CDUS45 KPSR 300811
CLIPHX

CLIMATE REPORT
NATIONAL WEATHER SERVICE PHOENIX AZ
111 AM MST TUE SEP 30 2014


...................................

...THE PHOENIX AZ CLIMATE SUMMARY FOR SEPTEMBER 29 2014...

CLIMATE NORMAL PERIOD 1981 TO 2010
CLIMATE RECORD PERIOD 1895 TO 2014


WEATHER ITEM   OBSERVED TIME   RECORD YEAR NORMAL DEPARTURE LAST
                VALUE   (LST)  VALUE       VALUE  FROM      YEAR
                                                  NORMAL
..................................................................
TEMPERATURE (F)
 YESTERDAY
  MAXIMUM         89    344 PM 107    2003  95     -6       94
                                      2001
  MINIMUM         67    637 AM  52    1923  72     -5       67
  AVERAGE         78                        84     -6       81

PRECIPITATION (IN)
  YESTERDAY        0.00          1.66 1983   0.02  -0.02     0.00
  MONTH TO DATE    5.11                      0.62   4.49     0.86
  SINCE OCT 1     10.15                      8.01   2.14     6.52
  SINCE JAN 1      7.33                      5.90   1.43     5.60

SNOWFALL (IN)
  YESTERDAY        0.0
  MONTH TO DATE    0.0
  SINCE JAN 1      0.0
  SINCE JUL 1      0.0
  SNOW DEPTH       0

DEGREE DAYS
 HEATING
  YESTERDAY        0                         0      0        0
  MONTH TO DATE    0                         0      0        0
  SINCE SEP 1      0                         0      0        0
  SINCE JUL 1      0                         0      0        0

 COOLING
  YESTERDAY       13                        19     -6       16
  MONTH TO DATE  715                       684     31      702
  SINCE SEP 1    715                       684     31      702
  SINCE JAN 1   4460                      4153    307     4590
..................................................................


WIND (MPH)
  HIGHEST WIND SPEED    10   HIGHEST WIND DIRECTION    SW (240)
  HIGHEST GUST SPEED    12   HIGHEST GUST DIRECTION    NW (300)
  AVERAGE WIND SPEED     4.2


SKY COVER
  AVERAGE SKY COVER 0.1


WEATHER CONDITIONS
 THE FOLLOWING WEATHER WAS RECORDED YESTERDAY.
  NO SIGNIFICANT WEATHER WAS OBSERVED.


RELATIVE HUMIDITY (PERCENT)
 HIGHEST    81           600 AM
 LOWEST     18           200 PM
 AVERAGE    50

..........................................................


THE PHOENIX AZ CLIMATE NORMALS FOR TODAY
                         NORMAL    RECORD    YEAR
 MAXIMUM TEMPERATURE (F)   95       107      2010
                                             2003
                                             1980
 MINIMUM TEMPERATURE (F)   72        49      1965


SUNRISE AND SUNSET
SEPTEMBER 30 2014.....SUNRISE   622 AM MST   SUNSET   614 PM MST
OCTOBER  1 2014.......SUNRISE   622 AM MST   SUNSET   612 PM MST


-  INDICATES NEGATIVE NUMBERS.
R  INDICATES RECORD WAS SET OR TIED.
MM INDICATES DATA IS MISSING.
T  INDICATES TRACE AMOUNT.

&&
.....................................................................

DEW POINT
  HIGHEST DEW POINT    61
   LOWEST DEW POINT    38
  AVERAGE DEW POINT    51
.....................................................................

$$







U.S. Dept. of Commerce
NOAA National Weather Service
1325 East West Highway
Silver Spring, MD 20910
E-mail: w-nws.webmaster@noaa.gov
Page last modified: May 16, 2007
NATIONAL WEATHER SERVICE: for Safety, for Work, for Fun - FOR LIFE