238
CDUS45 KPSR 210011
CLIPHX

CLIMATE REPORT
NATIONAL WEATHER SERVICE PHOENIX AZ
511 PM MST SUN APR 20 2014


...................................

...THE PHOENIX AZ CLIMATE SUMMARY FOR APRIL 20 2014...
VALID TODAY AS OF 0500 PM LOCAL TIME.

CLIMATE NORMAL PERIOD 1981 TO 2010
CLIMATE RECORD PERIOD 1895 TO 2014


WEATHER ITEM   OBSERVED TIME   RECORD YEAR NORMAL DEPARTURE LAST
                VALUE   (LST)  VALUE       VALUE  FROM      YEAR
                                                  NORMAL
..................................................................
TEMPERATURE (F)
 TODAY
  MAXIMUM         92    410 PM 105    1989  87      5       90
  MINIMUM         66    633 AM  38    1933  61      5       58
  AVERAGE         79                        74      5       74

PRECIPITATION (IN)
  TODAY            0.00          0.41 1952   0.01  -0.01     0.00
  MONTH TO DATE    T                         0.24  -0.24     0.06
  SINCE OCT 1      3.81                      5.17  -1.36     3.53
  SINCE JAN 1      0.99                      3.06  -2.07     2.61

SNOWFALL (IN)
  TODAY            0.0
  MONTH TO DATE    0.0
  SINCE JAN 1      0.0
  SINCE JUL 1      0.0
  SNOW DEPTH       0

DEGREE DAYS
 HEATING
  TODAY            0                         0      0        0
  MONTH TO DATE    5                        17    -12        0
  SINCE MAR 1     12                        98    -86       34
  SINCE JUL 1    546                       931   -385      881

 COOLING
  TODAY           14                         9      5        9
  MONTH TO DATE  190                       141     49      157
  SINCE MAR 1    327                       228     99      337
  SINCE JAN 1    389                       245    144      345
..................................................................


WIND (MPH)
  HIGHEST WIND SPEED    13   HIGHEST WIND DIRECTION     W (270)
  HIGHEST GUST SPEED    19   HIGHEST GUST DIRECTION     W (280)
  AVERAGE WIND SPEED     6.2


SKY COVER
  AVERAGE SKY COVER 0.1


WEATHER CONDITIONS
 THE FOLLOWING WEATHER WAS RECORDED TODAY.
  NO SIGNIFICANT WEATHER WAS OBSERVED.


RELATIVE HUMIDITY (PERCENT)
 HIGHEST    42           500 AM
 LOWEST     14           400 PM
 AVERAGE    28

..........................................................


THE PHOENIX AZ CLIMATE NORMALS FOR TOMORROW
                         NORMAL    RECORD    YEAR
 MAXIMUM TEMPERATURE (F)   87       103      2012
                                             1989
 MINIMUM TEMPERATURE (F)   62        42      1967


SUNRISE AND SUNSET
APRIL 20 2014.........SUNRISE   552 AM MST   SUNSET   703 PM MST
APRIL 21 2014.........SUNRISE   551 AM MST   SUNSET   703 PM MST


-  INDICATES NEGATIVE NUMBERS.
R  INDICATES RECORD WAS SET OR TIED.
MM INDICATES DATA IS MISSING.
T  INDICATES TRACE AMOUNT.

$$







U.S. Dept. of Commerce
NOAA National Weather Service
1325 East West Highway
Silver Spring, MD 20910
E-mail: w-nws.webmaster@noaa.gov
Page last modified: May 16, 2007
NATIONAL WEATHER SERVICE: for Safety, for Work, for Fun - FOR LIFE