658
CDUS45 KPSR 240826
CLIPHX

CLIMATE REPORT
NATIONAL WEATHER SERVICE PHOENIX AZ
124 AM MST THU APR 24 2014


...................................

...THE PHOENIX AZ CLIMATE SUMMARY FOR APRIL 23 2014...

CLIMATE NORMAL PERIOD 1981 TO 2010
CLIMATE RECORD PERIOD 1895 TO 2014


WEATHER ITEM   OBSERVED TIME   RECORD YEAR NORMAL DEPARTURE LAST
                VALUE   (LST)  VALUE       VALUE  FROM      YEAR
                                                  NORMAL
..................................................................
TEMPERATURE (F)
 YESTERDAY
  MAXIMUM         86    506 PM 103    2012  87     -1       93
  MINIMUM         70    704 AM  40    1923  62      8       66
  AVERAGE         78                        75      3       80

PRECIPITATION (IN)
  YESTERDAY        0.00          0.57 1942   0.00   0.00     0.00
  MONTH TO DATE    T                         0.25  -0.25     0.06
  SINCE OCT 1      3.81                      5.18  -1.37     3.53
  SINCE JAN 1      0.99                      3.07  -2.08     2.61

SNOWFALL (IN)
  YESTERDAY        0.0
  MONTH TO DATE    0.0
  SINCE JAN 1      0.0
  SINCE JUL 1      0.0
  SNOW DEPTH       0

DEGREE DAYS
 HEATING
  YESTERDAY        0                         0      0        0
  MONTH TO DATE    5                        17    -12        0
  SINCE MAR 1     12                        98    -86       34
  SINCE JUL 1    546                       931   -385      881

 COOLING
  YESTERDAY       13                        10      3       15
  MONTH TO DATE  240                       171     69      199
  SINCE MAR 1    377                       258    119      379
  SINCE JAN 1    439                       275    164      387
..................................................................


WIND (MPH)
  HIGHEST WIND SPEED    23   HIGHEST WIND DIRECTION     W (270)
  HIGHEST GUST SPEED    30   HIGHEST GUST DIRECTION     W (280)
  AVERAGE WIND SPEED    10.3


SKY COVER
  AVERAGE SKY COVER 0.2


WEATHER CONDITIONS
 THE FOLLOWING WEATHER WAS RECORDED YESTERDAY.
  NO SIGNIFICANT WEATHER WAS OBSERVED.


RELATIVE HUMIDITY (PERCENT)
 HIGHEST    19           100 AM
 LOWEST      6           300 PM
 AVERAGE    13

..........................................................


THE PHOENIX AZ CLIMATE NORMALS FOR TODAY
                         NORMAL    RECORD    YEAR
 MAXIMUM TEMPERATURE (F)   88        99      1987
                                             1949
                                             1898
 MINIMUM TEMPERATURE (F)   63        41      1923


SUNRISE AND SUNSET
APRIL 24 2014.........SUNRISE   547 AM MST   SUNSET   706 PM MST
APRIL 25 2014.........SUNRISE   546 AM MST   SUNSET   706 PM MST


-  INDICATES NEGATIVE NUMBERS.
R  INDICATES RECORD WAS SET OR TIED.
MM INDICATES DATA IS MISSING.
T  INDICATES TRACE AMOUNT.

&&
.....................................................................

DEW POINT
  HIGHEST DEW POINT    32
   LOWEST DEW POINT    8
  AVERAGE DEW POINT    17
.....................................................................

$$







U.S. Dept. of Commerce
NOAA National Weather Service
1325 East West Highway
Silver Spring, MD 20910
E-mail: w-nws.webmaster@noaa.gov
Page last modified: May 16, 2007
NATIONAL WEATHER SERVICE: for Safety, for Work, for Fun - FOR LIFE