286
CDUS43 KUNR 180837
CLIPHP


CLIMATE REPORT
NATIONAL WEATHER SERVICE RAPID CITY SD
235 AM MDT THU SEP 18 2014


...................................

...THE PHILIP SD CLIMATE SUMMARY FOR SEPTEMBER 17 2014...

CLIMATE NORMAL PERIOD 1981 TO 2010
CLIMATE RECORD PERIOD 9999 TO 9999


WEATHER ITEM   OBSERVED TIME   NORMAL DEPARTURE LAST
                VALUE   (LST)  VALUE  FROM      YEAR
                                      NORMAL
......................................................
TEMPERATURE (F)
 YESTERDAY
  MAXIMUM         81    224 PM  77      4       92
  MINIMUM         43    533 AM  46     -3       55
  AVERAGE         62            62      0       74

PRECIPITATION (IN)
  YESTERDAY        0.11          0.05   0.06     0.00
  MONTH TO DATE    0.44          0.86  -0.42     0.42
  SINCE SEP 1      0.44          0.86  -0.42     0.42
  SINCE JAN 1     13.87         14.24  -0.37    10.83

DEGREE DAYS
 HEATING
  YESTERDAY        3             6     -3        0
  MONTH TO DATE  138            60     78        6
  SINCE SEP 1    138            60     78        6
  SINCE JUL 1    157            85     72        9

 COOLING
  YESTERDAY        0             2     -2        9
  MONTH TO DATE   20            63    -43      146
  SINCE SEP 1     20            63    -43      146
  SINCE JAN 1    599           798   -199      909
......................................................


WIND (MPH)
  HIGHEST WIND SPEED    17   HIGHEST WIND DIRECTION    SE (150)
  HIGHEST GUST SPEED    22   HIGHEST GUST DIRECTION    SE (150)
  AVERAGE WIND SPEED     8.3


SKY COVER
  AVERAGE SKY COVER 0.1


WEATHER CONDITIONS
 THE FOLLOWING WEATHER WAS RECORDED YESTERDAY.
  THUNDERSTORM
  RAIN
  LIGHT RAIN


RELATIVE HUMIDITY (PERCENT)
 HIGHEST    93          1200 AM
 LOWEST     39           100 PM
 AVERAGE    66

..........................................................




SUNRISE AND SUNSET
SEPTEMBER 18 2014.....SUNRISE   629 AM MDT   SUNSET   651 PM MDT
SEPTEMBER 19 2014.....SUNRISE   630 AM MDT   SUNSET   649 PM MDT


-  INDICATES NEGATIVE NUMBERS.
R  INDICATES RECORD WAS SET OR TIED.
MM INDICATES DATA IS MISSING.
T  INDICATES TRACE AMOUNT.




$$





U.S. Dept. of Commerce
NOAA National Weather Service
1325 East West Highway
Silver Spring, MD 20910
E-mail: w-nws.webmaster@noaa.gov
Page last modified: May 16, 2007
NATIONAL WEATHER SERVICE: for Safety, for Work, for Fun - FOR LIFE