239
CDUS43 KUNR 260832
CLIPHP


CLIMATE REPORT
NATIONAL WEATHER SERVICE RAPID CITY SD
132 AM MST WED NOV 26 2014


...................................

...THE PHILIP SD CLIMATE SUMMARY FOR NOVEMBER 25 2014...

CLIMATE NORMAL PERIOD 1981 TO 2010
CLIMATE RECORD PERIOD 9999 TO 9999


WEATHER ITEM   OBSERVED TIME   NORMAL DEPARTURE LAST
                VALUE   (LST)  VALUE  FROM      YEAR
                                      NORMAL
......................................................
TEMPERATURE (F)
 YESTERDAY
  MAXIMUM         MM        MM  42     MM       45
  MINIMUM         MM        MM  17     MM       24
  AVERAGE         MM            29     MM       35

PRECIPITATION (IN)
  YESTERDAY        0.01          0.01   0.00     0.00
  MONTH TO DATE    0.27          0.55  -0.28     0.41
  SINCE SEP 1      2.77          3.47  -0.70     4.86
  SINCE JAN 1     16.20         16.85  -0.65    15.27

DEGREE DAYS
 HEATING
  YESTERDAY       MM            36     MM       30
  MONTH TO DATE  841           744     97      755
  SINCE SEP 1   1440          1422     18     1335
  SINCE JUL 1   1459          1447     12     1338

 COOLING
  YESTERDAY       MM             0     MM        0
  MONTH TO DATE    0             0      0        0
  SINCE SEP 1     70            83    -13      182
  SINCE JAN 1    649           818   -169      945
......................................................


WIND (MPH)
  HIGHEST WIND SPEED    31   HIGHEST WIND DIRECTION    NW (330)
  HIGHEST GUST SPEED    50   HIGHEST GUST DIRECTION    NW (320)
  AVERAGE WIND SPEED    10.0


SKY COVER
  AVERAGE SKY COVER 0.6


WEATHER CONDITIONS
 THE FOLLOWING WEATHER WAS RECORDED YESTERDAY.
  LIGHT RAIN
  LIGHT SNOW


RELATIVE HUMIDITY (PERCENT)
 HIGHEST    82           400 PM
 LOWEST     50           100 PM
 AVERAGE    66

..........................................................




SUNRISE AND SUNSET
NOVEMBER 26 2014......SUNRISE   655 AM MST   SUNSET   412 PM MST
NOVEMBER 27 2014......SUNRISE   657 AM MST   SUNSET   411 PM MST


-  INDICATES NEGATIVE NUMBERS.
R  INDICATES RECORD WAS SET OR TIED.
MM INDICATES DATA IS MISSING.
T  INDICATES TRACE AMOUNT.




$$





U.S. Dept. of Commerce
NOAA National Weather Service
1325 East West Highway
Silver Spring, MD 20910
E-mail: w-nws.webmaster@noaa.gov
Page last modified: May 16, 2007
NATIONAL WEATHER SERVICE: for Safety, for Work, for Fun - FOR LIFE