195
CDUS43 KUNR 240833
CLIPHP


CLIMATE REPORT
NATIONAL WEATHER SERVICE RAPID CITY SD
233 AM MDT FRI OCT 24 2014


...................................

...THE PHILIP SD CLIMATE SUMMARY FOR OCTOBER 23 2014...

CLIMATE NORMAL PERIOD 1981 TO 2010
CLIMATE RECORD PERIOD 9999 TO 9999


WEATHER ITEM   OBSERVED TIME   NORMAL DEPARTURE LAST
                VALUE   (LST)  VALUE  FROM      YEAR
                                      NORMAL
......................................................
TEMPERATURE (F)
 YESTERDAY
  MAXIMUM         72    207 PM  60     12       MM
  MINIMUM         29    558 AM  31     -2       MM
  AVERAGE         51            45      6       MM

PRECIPITATION (IN)
  YESTERDAY        0.00          0.04  -0.04    MM
  MONTH TO DATE    0.22          1.14  -0.92     3.59
  SINCE SEP 1      2.49          2.63  -0.14     4.17
  SINCE JAN 1     15.92         16.01  -0.09    14.58

DEGREE DAYS
 HEATING
  YESTERDAY       14            20     -6       MM
  MONTH TO DATE  279           343    -64      315
  SINCE SEP 1    451           504    -53      375
  SINCE JUL 1    470           529    -59      378

 COOLING
  YESTERDAY        0             0      0       MM
  MONTH TO DATE    0             0      0        0
  SINCE SEP 1     70            79     -9      182
  SINCE JAN 1    649           814   -165      945
......................................................


WIND (MPH)
  HIGHEST WIND SPEED    14   HIGHEST WIND DIRECTION    SW (220)
  HIGHEST GUST SPEED    18   HIGHEST GUST DIRECTION    SW (210)
  AVERAGE WIND SPEED     5.0


SKY COVER
  AVERAGE SKY COVER 0.0


WEATHER CONDITIONS
 THE FOLLOWING WEATHER WAS RECORDED YESTERDAY.
  NO SIGNIFICANT WEATHER WAS OBSERVED.


RELATIVE HUMIDITY (PERCENT)
 HIGHEST    92           600 AM
 LOWEST     20           200 PM
 AVERAGE    56

..........................................................




SUNRISE AND SUNSET
OCTOBER 24 2014.......SUNRISE   712 AM MDT   SUNSET   548 PM MDT
OCTOBER 25 2014.......SUNRISE   714 AM MDT   SUNSET   546 PM MDT


-  INDICATES NEGATIVE NUMBERS.
R  INDICATES RECORD WAS SET OR TIED.
MM INDICATES DATA IS MISSING.
T  INDICATES TRACE AMOUNT.




$$





U.S. Dept. of Commerce
NOAA National Weather Service
1325 East West Highway
Silver Spring, MD 20910
E-mail: w-nws.webmaster@noaa.gov
Page last modified: May 16, 2007
NATIONAL WEATHER SERVICE: for Safety, for Work, for Fun - FOR LIFE