966
CDUS43 KUNR 240844
CLIPHP


CLIMATE REPORT
NATIONAL WEATHER SERVICE RAPID CITY SD
242 AM MDT THU JUL 24 2014


...................................

...THE PHILIP SD CLIMATE SUMMARY FOR JULY 23 2014...

CLIMATE NORMAL PERIOD 1981 TO 2010
CLIMATE RECORD PERIOD 9999 TO 9999


WEATHER ITEM   OBSERVED TIME   NORMAL DEPARTURE LAST
                VALUE   (LST)  VALUE  FROM      YEAR
                                      NORMAL
......................................................
TEMPERATURE (F)
 YESTERDAY
  MAXIMUM         93    336 PM  91      2       85
  MINIMUM         66    423 AM  61      5       61
  AVERAGE         80            76      4       73

PRECIPITATION (IN)
  YESTERDAY        T             0.05  -0.05     0.11
  MONTH TO DATE    0.11          1.62  -1.51     0.99
  SINCE JUN 1      4.11          4.55  -0.44     2.89
  SINCE JAN 1      8.93         11.47  -2.54     8.45

DEGREE DAYS
 HEATING
  YESTERDAY        0             0      0        0
  MONTH TO DATE   16             3     13        0
  SINCE JUN 1     94            66     28       64
  SINCE JUL 1     16             3     13        0

 COOLING
  YESTERDAY       15            11      4        8
  MONTH TO DATE  187           216    -29      282
  SINCE JUN 1    243           339    -96      409
  SINCE JAN 1    283           366    -83      430
......................................................


WIND (MPH)
  HIGHEST WIND SPEED    22   HIGHEST WIND DIRECTION    SE (130)
  HIGHEST GUST SPEED    27   HIGHEST GUST DIRECTION    SE (130)
  AVERAGE WIND SPEED    10.8


SKY COVER
  AVERAGE SKY COVER 0.0


WEATHER CONDITIONS
 THE FOLLOWING WEATHER WAS RECORDED YESTERDAY.
  THUNDERSTORM
  LIGHT RAIN


RELATIVE HUMIDITY (PERCENT)
 HIGHEST    81           400 AM
 LOWEST     32           400 PM
 AVERAGE    57

..........................................................




SUNRISE AND SUNSET
JULY 24 2014..........SUNRISE   526 AM MDT   SUNSET   819 PM MDT
JULY 25 2014..........SUNRISE   527 AM MDT   SUNSET   818 PM MDT


-  INDICATES NEGATIVE NUMBERS.
R  INDICATES RECORD WAS SET OR TIED.
MM INDICATES DATA IS MISSING.
T  INDICATES TRACE AMOUNT.




$$





U.S. Dept. of Commerce
NOAA National Weather Service
1325 East West Highway
Silver Spring, MD 20910
E-mail: w-nws.webmaster@noaa.gov
Page last modified: May 16, 2007
NATIONAL WEATHER SERVICE: for Safety, for Work, for Fun - FOR LIFE