391
CDUS43 KUNR 310833
CLIPHP


CLIMATE REPORT
NATIONAL WEATHER SERVICE RAPID CITY SD
231 AM MDT THU JUL 31 2014


...................................

...THE PHILIP SD CLIMATE SUMMARY FOR JULY 30 2014...

CLIMATE NORMAL PERIOD 1981 TO 2010
CLIMATE RECORD PERIOD 9999 TO 9999


WEATHER ITEM   OBSERVED TIME   NORMAL DEPARTURE LAST
                VALUE   (LST)  VALUE  FROM      YEAR
                                      NORMAL
......................................................
TEMPERATURE (F)
 YESTERDAY
  MAXIMUM         91    317 PM  91      0       88
  MINIMUM         50    428 AM  61    -11       60
  AVERAGE         71            76     -5       74

PRECIPITATION (IN)
  YESTERDAY        0.00          0.06  -0.06     0.57
  MONTH TO DATE    0.11          1.98  -1.87     1.69
  SINCE JUN 1      4.11          4.91  -0.80     3.59
  SINCE JAN 1      8.93         11.83  -2.90     9.15

DEGREE DAYS
 HEATING
  YESTERDAY        0             0      0        0
  MONTH TO DATE   16             3     13        3
  SINCE JUN 1     94            66     28       67
  SINCE JUL 1     16             3     13        3

 COOLING
  YESTERDAY        6            11     -5        9
  MONTH TO DATE  242           293    -51      324
  SINCE JUN 1    298           416   -118      451
  SINCE JAN 1    338           443   -105      472
......................................................


WIND (MPH)
  HIGHEST WIND SPEED    17   HIGHEST WIND DIRECTION    NW (330)
  HIGHEST GUST SPEED    22   HIGHEST GUST DIRECTION     N (340)
  AVERAGE WIND SPEED     5.6


SKY COVER
  AVERAGE SKY COVER 0.1


WEATHER CONDITIONS
 THE FOLLOWING WEATHER WAS RECORDED YESTERDAY.
  NO SIGNIFICANT WEATHER WAS OBSERVED.


RELATIVE HUMIDITY (PERCENT)
 HIGHEST    89           300 AM
 LOWEST     21           400 PM
 AVERAGE    55

..........................................................




SUNRISE AND SUNSET
JULY 31 2014..........SUNRISE   533 AM MDT   SUNSET   812 PM MDT
AUGUST  1 2014........SUNRISE   534 AM MDT   SUNSET   810 PM MDT


-  INDICATES NEGATIVE NUMBERS.
R  INDICATES RECORD WAS SET OR TIED.
MM INDICATES DATA IS MISSING.
T  INDICATES TRACE AMOUNT.




$$





U.S. Dept. of Commerce
NOAA National Weather Service
1325 East West Highway
Silver Spring, MD 20910
E-mail: w-nws.webmaster@noaa.gov
Page last modified: May 16, 2007
NATIONAL WEATHER SERVICE: for Safety, for Work, for Fun - FOR LIFE