507
CDUS43 KUNR 180832
CLIPHP


CLIMATE REPORT
NATIONAL WEATHER SERVICE RAPID CITY SD
231 AM MDT FRI APR 18 2014


...................................

...THE PHILIP SD CLIMATE SUMMARY FOR APRIL 17 2014...

CLIMATE NORMAL PERIOD 1981 TO 2010
CLIMATE RECORD PERIOD 9999 TO 9999


WEATHER ITEM   OBSERVED TIME   NORMAL DEPARTURE LAST
                VALUE   (LST)  VALUE  FROM      YEAR
                                      NORMAL
......................................................
TEMPERATURE (F)
 YESTERDAY
  MAXIMUM         52    349 PM  61     -9       33
  MINIMUM         28    538 AM  33     -5       26
  AVERAGE         40            47     -7       30

PRECIPITATION (IN)
  YESTERDAY        T             0.07  -0.07     0.14
  MONTH TO DATE    0.54          0.79  -0.25     1.44
  SINCE MAR 1      1.08          2.06  -0.98     1.84
  SINCE JAN 1      1.56          2.84  -1.28     2.66

DEGREE DAYS
 HEATING
  YESTERDAY       25            18      7       35
  MONTH TO DATE  395           359     36      500
  SINCE MAR 1   1385          1297     88     1455
  SINCE JUL 1   6988          6662    326     6481

 COOLING
  YESTERDAY        0             0      0        0
  MONTH TO DATE    0             0      0        0
  SINCE MAR 1      0             0      0        0
  SINCE JAN 1      0             0      0        0
......................................................


WIND (MPH)
  HIGHEST WIND SPEED    26   HIGHEST WIND DIRECTION    SE (150)
  HIGHEST GUST SPEED    32   HIGHEST GUST DIRECTION    SE (130)
  AVERAGE WIND SPEED    11.6


SKY COVER
  AVERAGE SKY COVER 0.6


WEATHER CONDITIONS
 THE FOLLOWING WEATHER WAS RECORDED YESTERDAY.
  LIGHT SNOW


RELATIVE HUMIDITY (PERCENT)
 HIGHEST    85           300 AM
 LOWEST     44           400 PM
 AVERAGE    65

..........................................................




SUNRISE AND SUNSET
APRIL 18 2014.........SUNRISE   558 AM MDT   SUNSET   734 PM MDT
APRIL 19 2014.........SUNRISE   556 AM MDT   SUNSET   735 PM MDT


-  INDICATES NEGATIVE NUMBERS.
R  INDICATES RECORD WAS SET OR TIED.
MM INDICATES DATA IS MISSING.
T  INDICATES TRACE AMOUNT.




$$





U.S. Dept. of Commerce
NOAA National Weather Service
1325 East West Highway
Silver Spring, MD 20910
E-mail: w-nws.webmaster@noaa.gov
Page last modified: May 16, 2007
NATIONAL WEATHER SERVICE: for Safety, for Work, for Fun - FOR LIFE