129
CDUS43 KUNR 180832
CLIPHP


CLIMATE REPORT
NATIONAL WEATHER SERVICE RAPID CITY SD
132 AM MST THU DEC 18 2014


...................................

...THE PHILIP SD CLIMATE SUMMARY FOR DECEMBER 17 2014...

CLIMATE NORMAL PERIOD 1981 TO 2010
CLIMATE RECORD PERIOD 9999 TO 9999


WEATHER ITEM   OBSERVED TIME   NORMAL DEPARTURE LAST
                VALUE   (LST)  VALUE  FROM      YEAR
                                      NORMAL
......................................................
TEMPERATURE (F)
 YESTERDAY
  MAXIMUM         25    340 PM  35    -10       42
  MINIMUM         18    603 AM  10      8       22
  AVERAGE         22            22      0       32

PRECIPITATION (IN)
  YESTERDAY        0.00          0.02  -0.02     0.00
  MONTH TO DATE    T             0.25  -0.25     0.40
  SINCE DEC 1      T             0.25  -0.25     0.40
  SINCE JAN 1     16.21         17.17  -0.96    15.67

DEGREE DAYS
 HEATING
  YESTERDAY       43            43      0       33
  MONTH TO DATE  553           693   -140      826
  SINCE DEC 1    553           693   -140      826
  SINCE JUL 1   2208          2328   -120     2337

 COOLING
  YESTERDAY        0             0      0        0
  MONTH TO DATE    0             0      0        0
  SINCE DEC 1      0             0      0        0
  SINCE JAN 1    649           818   -169      945
......................................................


WIND (MPH)
  HIGHEST WIND SPEED    16   HIGHEST WIND DIRECTION     E (110)
  HIGHEST GUST SPEED    20   HIGHEST GUST DIRECTION     E (110)
  AVERAGE WIND SPEED    10.7


SKY COVER
  AVERAGE SKY COVER 1.0


WEATHER CONDITIONS
 THE FOLLOWING WEATHER WAS RECORDED YESTERDAY.
  NO SIGNIFICANT WEATHER WAS OBSERVED.


RELATIVE HUMIDITY (PERCENT)
 HIGHEST    92           600 AM
 LOWEST     73          1200 AM
 AVERAGE    83

..........................................................




SUNRISE AND SUNSET
DECEMBER 18 2014......SUNRISE   716 AM MST   SUNSET   410 PM MST
DECEMBER 19 2014......SUNRISE   717 AM MST   SUNSET   410 PM MST


-  INDICATES NEGATIVE NUMBERS.
R  INDICATES RECORD WAS SET OR TIED.
MM INDICATES DATA IS MISSING.
T  INDICATES TRACE AMOUNT.




$$





U.S. Dept. of Commerce
NOAA National Weather Service
1325 East West Highway
Silver Spring, MD 20910
E-mail: w-nws.webmaster@noaa.gov
Page last modified: May 16, 2007
NATIONAL WEATHER SERVICE: for Safety, for Work, for Fun - FOR LIFE