524
CDUS43 KUNR 020858
CLIPHP


CLIMATE REPORT
NATIONAL WEATHER SERVICE RAPID CITY SD
258 AM MDT TUE SEP 2 2014


...................................

...THE PHILIP SD CLIMATE SUMMARY FOR SEPTEMBER 1 2014...

CLIMATE NORMAL PERIOD 1981 TO 2010
CLIMATE RECORD PERIOD 9999 TO 9999


WEATHER ITEM   OBSERVED TIME   NORMAL DEPARTURE LAST
                VALUE   (LST)  VALUE  FROM      YEAR
                                      NORMAL
......................................................
TEMPERATURE (F)
 YESTERDAY
  MAXIMUM         78    147 PM  84     -6       87
  MINIMUM         49    531 AM  53     -4       49
  AVERAGE         64            69     -5       68

PRECIPITATION (IN)
  YESTERDAY        T             0.05  -0.05     0.00
  MONTH TO DATE    T             0.05  -0.05     0.00
  SINCE SEP 1      T             0.05  -0.05     0.00
  SINCE JAN 1     13.43         13.43   0.00    10.41

DEGREE DAYS
 HEATING
  YESTERDAY        1             2     -1        0
  MONTH TO DATE    1             2     -1        0
  SINCE SEP 1      1             2     -1        0
  SINCE JUL 1     20            27     -7        3

 COOLING
  YESTERDAY        0             6     -6        3
  MONTH TO DATE    0             6     -6        3
  SINCE SEP 1      0             6     -6        3
  SINCE JAN 1    579           741   -162      766
......................................................


WIND (MPH)
  HIGHEST WIND SPEED    23   HIGHEST WIND DIRECTION    NW (310)
  HIGHEST GUST SPEED    33   HIGHEST GUST DIRECTION    NW (320)
  AVERAGE WIND SPEED     8.2


SKY COVER
  AVERAGE SKY COVER 0.2


WEATHER CONDITIONS
 THE FOLLOWING WEATHER WAS RECORDED YESTERDAY.
  LIGHT RAIN


RELATIVE HUMIDITY (PERCENT)
 HIGHEST    93           500 AM
 LOWEST     38          1100 AM
 AVERAGE    66

..........................................................




SUNRISE AND SUNSET
SEPTEMBER  2 2014.....SUNRISE   611 AM MDT   SUNSET   720 PM MDT
SEPTEMBER  3 2014.....SUNRISE   612 AM MDT   SUNSET   719 PM MDT


-  INDICATES NEGATIVE NUMBERS.
R  INDICATES RECORD WAS SET OR TIED.
MM INDICATES DATA IS MISSING.
T  INDICATES TRACE AMOUNT.




$$





U.S. Dept. of Commerce
NOAA National Weather Service
1325 East West Highway
Silver Spring, MD 20910
E-mail: w-nws.webmaster@noaa.gov
Page last modified: May 16, 2007
NATIONAL WEATHER SERVICE: for Safety, for Work, for Fun - FOR LIFE