977
CDUS41 KPHI 310634
CLIPHL


CLIMATE REPORT
NATIONAL WEATHER SERVICE MOUNT HOLLY NJ
132 AM EST SAT JAN 31 2015


...................................

...THE PHILADELPHIA PA CLIMATE SUMMARY FOR JANUARY 30 2015...

CLIMATE NORMAL PERIOD 1981 TO 2010
CLIMATE RECORD PERIOD 1872 TO 2015


WEATHER ITEM   OBSERVED TIME   RECORD YEAR NORMAL DEPARTURE LAST
                VALUE   (LST)  VALUE       VALUE  FROM      YEAR
                                                  NORMAL
..................................................................
TEMPERATURE (F)
 YESTERDAY
  MAXIMUM         42    231 PM  70    1947  41      1       28
  MINIMUM         20   1159 PM   8    1948  26     -6       10
  AVERAGE         31                        33     -2       19

PRECIPITATION (IN)
  YESTERDAY        T             1.79 1939   0.10  -0.10     0.00
  MONTH TO DATE    4.52                      2.93   1.59     3.55
  SINCE DEC 1      7.79                      6.49   1.30     8.75
  SINCE JAN 1      4.52                      2.93   1.59     3.55

SNOWFALL (IN)
  YESTERDAY        0.1           5.6  1966   0.3   -0.2      0.0
  MONTH TO DATE    4.3                       6.2   -1.9     25.9
  SINCE DEC 1      4.4                       9.6   -5.2     37.1
  SINCE JUL 1      4.4                       9.9   -5.5     37.1
  SNOW DEPTH       0

DEGREE DAYS
 HEATING
  YESTERDAY       34                        32      2       46
  MONTH TO DATE 1005                       958     47     1099
  SINCE DEC 1   1739                      1812    -73     1906
  SINCE JUL 1   2517                      2628   -111     2712

 COOLING
  YESTERDAY        0                         0      0        0
  MONTH TO DATE    0                         0      0        0
  SINCE DEC 1      0                         0      0        0
  SINCE JAN 1      0                         0      0        0
..................................................................


WIND (MPH)
  HIGHEST WIND SPEED    33   HIGHEST WIND DIRECTION    NW (310)
  HIGHEST GUST SPEED    42   HIGHEST GUST DIRECTION     W (280)
  AVERAGE WIND SPEED    17.2


SKY COVER
  POSSIBLE SUNSHINE  MM
  AVERAGE SKY COVER 0.8


WEATHER CONDITIONS
 THE FOLLOWING WEATHER WAS RECORDED YESTERDAY.
  LIGHT SNOW


RELATIVE HUMIDITY (PERCENT)
 HIGHEST    69           400 AM
 LOWEST     37           300 PM
 AVERAGE    53

..........................................................


THE PHILADELPHIA PA CLIMATE NORMALS FOR TODAY
                         NORMAL    RECORD    YEAR
 MAXIMUM TEMPERATURE (F)   41        65      1947
 MINIMUM TEMPERATURE (F)   26         3      1948


SUNRISE AND SUNSET
JANUARY 31 2015.......SUNRISE   710 AM EST   SUNSET   519 PM EST
FEBRUARY  1 2015......SUNRISE   709 AM EST   SUNSET   520 PM EST


-  INDICATES NEGATIVE NUMBERS.
R  INDICATES RECORD WAS SET OR TIED.
MM INDICATES DATA IS MISSING.
T  INDICATES TRACE AMOUNT.




$$






U.S. Dept. of Commerce
NOAA National Weather Service
1325 East West Highway
Silver Spring, MD 20910
E-mail: w-nws.webmaster@noaa.gov
Page last modified: May 16, 2007
NATIONAL WEATHER SERVICE: for Safety, for Work, for Fun - FOR LIFE