215
CDUS41 KPHI 210629
CLIPHL


CLIMATE REPORT
NATIONAL WEATHER SERVICE MOUNT HOLLY NJ
126 AM EST SUN DEC 21 2014


...................................

...THE PHILADELPHIA PA CLIMATE SUMMARY FOR DECEMBER 20 2014...

CLIMATE NORMAL PERIOD 1981 TO 2010
CLIMATE RECORD PERIOD 1872 TO 2014


WEATHER ITEM   OBSERVED TIME   RECORD YEAR NORMAL DEPARTURE LAST
                VALUE   (LST)  VALUE       VALUE  FROM      YEAR
                                                  NORMAL
..................................................................
TEMPERATURE (F)
 YESTERDAY
  MAXIMUM         35    929 PM  64    1957  43     -8       54
                                      1895
  MINIMUM         33   1029 AM   1    1942  29      4       34
                                      1884
  AVERAGE         34                        36     -2       44

PRECIPITATION (IN)
  YESTERDAY        0.00          1.32 1951   0.11  -0.11      T
  MONTH TO DATE    2.27                      2.41  -0.14     3.48
  SINCE DEC 1      2.27                      2.41  -0.14     3.48
  SINCE JAN 1     46.37                     40.38   5.99    54.16

SNOWFALL (IN)
  YESTERDAY        0.0           3.2  1966   0.1   -0.1      0.0
  MONTH TO DATE    0.1                       1.8   -1.7     11.2
  SINCE DEC 1      0.1                       1.8   -1.7     11.2
  SINCE JUL 1      0.1                       2.1   -2.0     11.2
  SNOW DEPTH       0

DEGREE DAYS
 HEATING
  YESTERDAY       31                        29      2       21
  MONTH TO DATE  486                       522    -36      551
  SINCE DEC 1    486                       522    -36      551
  SINCE JUL 1   1264                      1338    -74     1357

 COOLING
  YESTERDAY        0                         0      0        0
  MONTH TO DATE    0                         0      0        0
  SINCE DEC 1      0                         0      0        0
  SINCE JAN 1   1311                      1301     10     1411
..................................................................


WIND (MPH)
  HIGHEST WIND SPEED    13   HIGHEST WIND DIRECTION     N (20)
  HIGHEST GUST SPEED    18   HIGHEST GUST DIRECTION     N (10)
  AVERAGE WIND SPEED     5.7


SKY COVER
  POSSIBLE SUNSHINE  MM
  AVERAGE SKY COVER 1.0


WEATHER CONDITIONS
 THE FOLLOWING WEATHER WAS RECORDED YESTERDAY.
  NO SIGNIFICANT WEATHER WAS OBSERVED.


RELATIVE HUMIDITY (PERCENT)
 HIGHEST    61           200 AM
 LOWEST     52           100 PM
 AVERAGE    57

..........................................................


THE PHILADELPHIA PA CLIMATE NORMALS FOR TODAY
                         NORMAL    RECORD    YEAR
 MAXIMUM TEMPERATURE (F)   43        67      2013
 MINIMUM TEMPERATURE (F)   29         1      1942


SUNRISE AND SUNSET
DECEMBER 21 2014......SUNRISE   719 AM EST   SUNSET   439 PM EST
DECEMBER 22 2014......SUNRISE   719 AM EST   SUNSET   440 PM EST


-  INDICATES NEGATIVE NUMBERS.
R  INDICATES RECORD WAS SET OR TIED.
MM INDICATES DATA IS MISSING.
T  INDICATES TRACE AMOUNT.




$$





U.S. Dept. of Commerce
NOAA National Weather Service
1325 East West Highway
Silver Spring, MD 20910
E-mail: w-nws.webmaster@noaa.gov
Page last modified: May 16, 2007
NATIONAL WEATHER SERVICE: for Safety, for Work, for Fun - FOR LIFE