893
CDUS41 KPHI 260647
CLIPHL


CLIMATE REPORT
NATIONAL WEATHER SERVICE MOUNT HOLLY NJ
247 AM EDT SUN OCT 26 2014


...................................

...THE PHILADELPHIA PA CLIMATE SUMMARY FOR OCTOBER 25 2014...

CLIMATE NORMAL PERIOD 1981 TO 2010
CLIMATE RECORD PERIOD 1872 TO 2014


WEATHER ITEM   OBSERVED TIME   RECORD YEAR NORMAL DEPARTURE LAST
                VALUE   (LST)  VALUE       VALUE  FROM      YEAR
                                                  NORMAL
..................................................................
TEMPERATURE (F)
 YESTERDAY
  MAXIMUM         70    316 PM  76    2010  64      6       55
                                      2001
                                      1993
  MINIMUM         46    639 AM  25    1962  45      1       37
  AVERAGE         58                        54      4       46

PRECIPITATION (IN)
  YESTERDAY        0.00          3.82 1980   0.10  -0.10     0.00
  MONTH TO DATE    2.50                      2.60  -0.10     2.41
  SINCE SEP 1      4.19                      6.38  -2.19     5.67
  SINCE JAN 1     40.00                     34.40   5.60    47.91

SNOWFALL (IN)
  YESTERDAY        0.0           0.0  1870   0.0    0.0      0.0
  MONTH TO DATE    0.0                       0.0    0.0      0.0
  SINCE SEP 1      0.0                       0.0    0.0      0.0
  SINCE JUL 1      0.0                       0.0    0.0      0.0
  SNOW DEPTH       0

DEGREE DAYS
 HEATING
  YESTERDAY        7                        11     -4       19
  MONTH TO DATE  125                       183    -58      119
  SINCE SEP 1    139                       220    -81      155
  SINCE JUL 1    139                       221    -82      155

 COOLING
  YESTERDAY        0                         0      0        0
  MONTH TO DATE   25                        19      6       65
  SINCE SEP 1    213                       180     33      195
  SINCE JAN 1   1311                      1297     14     1411
..................................................................


WIND (MPH)
  HIGHEST WIND SPEED    21   HIGHEST WIND DIRECTION     W (270)
  HIGHEST GUST SPEED    27   HIGHEST GUST DIRECTION     W (260)
  AVERAGE WIND SPEED     9.2


SKY COVER
  POSSIBLE SUNSHINE  MM
  AVERAGE SKY COVER 0.2


WEATHER CONDITIONS
 THE FOLLOWING WEATHER WAS RECORDED YESTERDAY.
  NO SIGNIFICANT WEATHER WAS OBSERVED.


RELATIVE HUMIDITY (PERCENT)
 HIGHEST    66           700 AM
 LOWEST     40           100 PM
 AVERAGE    53

..........................................................


THE PHILADELPHIA PA CLIMATE NORMALS FOR TODAY
                         NORMAL    RECORD    YEAR
 MAXIMUM TEMPERATURE (F)   63        78      1920
 MINIMUM TEMPERATURE (F)   45        29      1960


SUNRISE AND SUNSET
OCTOBER 26 2014.......SUNRISE   723 AM EDT   SUNSET   606 PM EDT
OCTOBER 27 2014.......SUNRISE   724 AM EDT   SUNSET   605 PM EDT


-  INDICATES NEGATIVE NUMBERS.
R  INDICATES RECORD WAS SET OR TIED.
MM INDICATES DATA IS MISSING.
T  INDICATES TRACE AMOUNT.




$$





U.S. Dept. of Commerce
NOAA National Weather Service
1325 East West Highway
Silver Spring, MD 20910
E-mail: w-nws.webmaster@noaa.gov
Page last modified: May 16, 2007
NATIONAL WEATHER SERVICE: for Safety, for Work, for Fun - FOR LIFE