263
CDUS41 KPHI 250631
CLIPHL


CLIMATE REPORT
NATIONAL WEATHER SERVICE MOUNT HOLLY NJ
230 AM EDT FRI APR 25 2014


...................................

...THE PHILADELPHIA PA CLIMATE SUMMARY FOR APRIL 24 2014...

CLIMATE NORMAL PERIOD 1981 TO 2010
CLIMATE RECORD PERIOD 1872 TO 2014


WEATHER ITEM   OBSERVED TIME   RECORD YEAR NORMAL DEPARTURE LAST
                VALUE   (LST)  VALUE       VALUE  FROM      YEAR
                                                  NORMAL
..................................................................
TEMPERATURE (F)
 YESTERDAY
  MAXIMUM         64    514 PM  86    2001  67     -3       72
                                      1960
  MINIMUM         41    550 AM  33    1930  47     -6       43
  AVERAGE         53                        57     -4       58

PRECIPITATION (IN)
  YESTERDAY        0.00          1.80 1966   0.11  -0.11      T
  MONTH TO DATE    1.38                      2.89  -1.51     2.02
  SINCE MAR 1      5.61                      6.68  -1.07     4.44
  SINCE JAN 1     14.28                     12.36   1.92     9.90

SNOWFALL (IN)
  YESTERDAY        0.0           T    1956   0.0    0.0      0.0
                                      1927
  MONTH TO DATE    T                         0.5   -0.5      0.0
  SINCE MAR 1      8.5                       3.4    5.1      1.3
  SINCE JUL 1     68.0                      22.4   45.6      8.3
  SNOW DEPTH       0

DEGREE DAYS
 HEATING
  YESTERDAY       12                         9      3        7
  MONTH TO DATE  276                       298    -22      274
  SINCE MAR 1   1077                       963    114     1004
  SINCE JUL 1   4733                      4445    288     4211

 COOLING
  YESTERDAY        0                         1     -1        0
  MONTH TO DATE    9                         6      3       17
  SINCE MAR 1      9                         7      2       17
  SINCE JAN 1      9                         7      2       17
..................................................................


WIND (MPH)
  HIGHEST WIND SPEED    26   HIGHEST WIND DIRECTION    NW (320)
  HIGHEST GUST SPEED    33   HIGHEST GUST DIRECTION     N (340)
  AVERAGE WIND SPEED    13.7


SKY COVER
  POSSIBLE SUNSHINE  MM
  AVERAGE SKY COVER 0.1


WEATHER CONDITIONS
 THE FOLLOWING WEATHER WAS RECORDED YESTERDAY.
  NO SIGNIFICANT WEATHER WAS OBSERVED.


RELATIVE HUMIDITY (PERCENT)
 HIGHEST    49           300 AM
 LOWEST     13           400 PM
 AVERAGE    31

..........................................................


THE PHILADELPHIA PA CLIMATE NORMALS FOR TODAY
                         NORMAL    RECORD    YEAR
 MAXIMUM TEMPERATURE (F)   67        92      1960
 MINIMUM TEMPERATURE (F)   47        33      1956
                                             1888


SUNRISE AND SUNSET
APRIL 25 2014.........SUNRISE   609 AM EDT   SUNSET   749 PM EDT
APRIL 26 2014.........SUNRISE   608 AM EDT   SUNSET   750 PM EDT


-  INDICATES NEGATIVE NUMBERS.
R  INDICATES RECORD WAS SET OR TIED.
MM INDICATES DATA IS MISSING.
T  INDICATES TRACE AMOUNT.




$$






U.S. Dept. of Commerce
NOAA National Weather Service
1325 East West Highway
Silver Spring, MD 20910
E-mail: w-nws.webmaster@noaa.gov
Page last modified: May 16, 2007
NATIONAL WEATHER SERVICE: for Safety, for Work, for Fun - FOR LIFE