453
CDUS41 KPHI 200627
CLIPHL


CLIMATE REPORT
NATIONAL WEATHER SERVICE MOUNT HOLLY NJ
226 AM EDT MON OCT 20 2014


...................................

...THE PHILADELPHIA PA CLIMATE SUMMARY FOR OCTOBER 19 2014...

CLIMATE NORMAL PERIOD 1981 TO 2010
CLIMATE RECORD PERIOD 1872 TO 2014


WEATHER ITEM   OBSERVED TIME   RECORD YEAR NORMAL DEPARTURE LAST
                VALUE   (LST)  VALUE       VALUE  FROM      YEAR
                                                  NORMAL
..................................................................
TEMPERATURE (F)
 YESTERDAY
  MAXIMUM         56    325 PM  80    1947  66    -10       66
                                      1945
  MINIMUM         45   1159 PM  29    1976  47     -2       48
  AVERAGE         51                        56     -5       57

PRECIPITATION (IN)
  YESTERDAY        0.00          3.59 1966   0.09  -0.09     0.07
  MONTH TO DATE    2.01                      2.01   0.00     2.40
  SINCE SEP 1      3.70                      5.79  -2.09     5.66
  SINCE JAN 1     39.51                     33.81   5.70    47.90

SNOWFALL (IN)
  YESTERDAY        0.0           0.5  1940   0.0    0.0      0.0
  MONTH TO DATE    0.0                       0.0    0.0      0.0
  SINCE SEP 1      0.0                       0.0    0.0      0.0
  SINCE JUL 1      0.0                       0.0    0.0      0.0
  SNOW DEPTH       0

DEGREE DAYS
 HEATING
  YESTERDAY       14                         9      5        8
  MONTH TO DATE   76                       123    -47       44
  SINCE SEP 1     90                       160    -70       80
  SINCE JUL 1     90                       161    -71       80

 COOLING
  YESTERDAY        0                         0      0        0
  MONTH TO DATE   25                        19      6       65
  SINCE SEP 1    213                       180     33      195
  SINCE JAN 1   1311                      1297     14     1411
..................................................................


WIND (MPH)
  HIGHEST WIND SPEED    26   HIGHEST WIND DIRECTION    NW (320)
  HIGHEST GUST SPEED    32   HIGHEST GUST DIRECTION     N (340)
  AVERAGE WIND SPEED    12.2


SKY COVER
  POSSIBLE SUNSHINE  MM
  AVERAGE SKY COVER 0.4


WEATHER CONDITIONS
 THE FOLLOWING WEATHER WAS RECORDED YESTERDAY.
  NO SIGNIFICANT WEATHER WAS OBSERVED.


RELATIVE HUMIDITY (PERCENT)
 HIGHEST    64          1200 AM
 LOWEST     32           100 PM
 AVERAGE    48

..........................................................


THE PHILADELPHIA PA CLIMATE NORMALS FOR TODAY
                         NORMAL    RECORD    YEAR
 MAXIMUM TEMPERATURE (F)   65        80      1938
                                             1916
 MINIMUM TEMPERATURE (F)   47        27      1974


SUNRISE AND SUNSET
OCTOBER 20 2014.......SUNRISE   717 AM EDT   SUNSET   614 PM EDT
OCTOBER 21 2014.......SUNRISE   718 AM EDT   SUNSET   613 PM EDT


-  INDICATES NEGATIVE NUMBERS.
R  INDICATES RECORD WAS SET OR TIED.
MM INDICATES DATA IS MISSING.
T  INDICATES TRACE AMOUNT.




$$





U.S. Dept. of Commerce
NOAA National Weather Service
1325 East West Highway
Silver Spring, MD 20910
E-mail: w-nws.webmaster@noaa.gov
Page last modified: May 16, 2007
NATIONAL WEATHER SERVICE: for Safety, for Work, for Fun - FOR LIFE