463
CDUS41 KPBZ 200702
CLIPHD


CLIMATE REPORT
NATIONAL WEATHER SERVICE PITTSBURGH PA
301 AM EDT MON OCT 20 2014


...................................

...THE NEW PHILADELPHIA OH CLIMATE SUMMARY FOR OCTOBER 19 2014...

CLIMATE NORMAL PERIOD 1981 TO 2010
CLIMATE RECORD PERIOD 1946 TO 2014


WEATHER ITEM   OBSERVED TIME   RECORD YEAR NORMAL DEPARTURE LAST
                VALUE   (LST)  VALUE       VALUE  FROM      YEAR
                                                  NORMAL
..................................................................
TEMPERATURE (F)
 YESTERDAY
  MAXIMUM         56    310 PM  79    1985  63     -7       55
  MINIMUM         39            27    2001  40     -1       41
  AVERAGE         48                        52     -4       48

PRECIPITATION (IN)
  YESTERDAY        T            MM      MM   0.09  -0.09     0.13
  MONTH TO DATE    1.37                      1.69  -0.32     2.36
  SINCE JUN 1     19.15                     16.30   2.85    17.36
  SINCE JAN 1     34.33                     31.90   2.43    27.40

DEGREE DAYS
 HEATING
  YESTERDAY       17                        14      3       17
  MONTH TO DATE  148                       207    -59      106
  SINCE SEP 1    248                       303    -55      208
  SINCE JUL 1    280                       313    -33      222

 COOLING
  YESTERDAY        0                         0      0        0
  MONTH TO DATE    9                         9      0       31
  SINCE SEP 1     81                        75      6      110
  SINCE JAN 1    630                       697    -67      755
..................................................................


WIND (MPH)
  HIGHEST WIND SPEED    14   HIGHEST WIND DIRECTION     N (360)
  HIGHEST GUST SPEED    19   HIGHEST GUST DIRECTION     N (340)
  AVERAGE WIND SPEED     4.5


SKY COVER
  POSSIBLE SUNSHINE  MM
  AVERAGE SKY COVER 0.5


WEATHER CONDITIONS
 THE FOLLOWING WEATHER WAS RECORDED YESTERDAY.
  LIGHT RAIN


RELATIVE HUMIDITY (PERCENT)
 HIGHEST    85          1000 PM
 LOWEST     38           400 PM
 AVERAGE    62

..........................................................


THE NEW PHILADELPHIA OH CLIMATE NORMALS FOR TODAY
                         NORMAL    RECORD    YEAR
 MAXIMUM TEMPERATURE (F)   63        79      1963
 MINIMUM TEMPERATURE (F)   39        22      1992


SUNRISE AND SUNSET
OCTOBER 20 2014.......SUNRISE   742 AM EDT   SUNSET   638 PM EDT
OCTOBER 21 2014.......SUNRISE   743 AM EDT   SUNSET   637 PM EDT


-  INDICATES NEGATIVE NUMBERS.
R  INDICATES RECORD WAS SET OR TIED.
MM INDICATES DATA IS MISSING.
T  INDICATES TRACE AMOUNT.




$$





U.S. Dept. of Commerce
NOAA National Weather Service
1325 East West Highway
Silver Spring, MD 20910
E-mail: w-nws.webmaster@noaa.gov
Page last modified: May 16, 2007
NATIONAL WEATHER SERVICE: for Safety, for Work, for Fun - FOR LIFE