635
CDUS41 KPBZ 010705
CLIPHD


CLIMATE REPORT
NATIONAL WEATHER SERVICE PITTSBURGH PA
304 AM EDT MON SEP 1 2014


...................................

...THE NEW PHILADELPHIA OH CLIMATE SUMMARY FOR AUGUST 31 2014...

CLIMATE NORMAL PERIOD 1981 TO 2010
CLIMATE RECORD PERIOD 1946 TO 2014


WEATHER ITEM   OBSERVED TIME   RECORD YEAR NORMAL DEPARTURE LAST
                VALUE   (LST)  VALUE       VALUE  FROM      YEAR
                                                  NORMAL
..................................................................
TEMPERATURE (F)
 YESTERDAY
  MAXIMUM         76    551 PM  95    1993  81     -5       88
  MINIMUM         69            41    1986  58     11       69
  AVERAGE         73                        69      4       79

PRECIPITATION (IN)
  YESTERDAY        0.67         MM      MM   0.13   0.54     0.05
  MONTH TO DATE    7.19                      3.59   3.60     1.58
  SINCE JUN 1     16.94                     11.35   5.59    13.70
  SINCE JAN 1     32.12                     26.95   5.17    23.74

DEGREE DAYS
 HEATING
  YESTERDAY        0                         0      0        0
  MONTH TO DATE   13                         0     13       10
  SINCE JUN 1     42                        45     -3       36
  SINCE JUL 1     32                        10     22       14

 COOLING
  YESTERDAY        8                         5      3       14
  MONTH TO DATE  154                       202    -48      165
  SINCE JUN 1    483                       579    -96      547
  SINCE JAN 1    549                       622    -73      645
..................................................................


WIND (MPH)
  HIGHEST WIND SPEED    10   HIGHEST WIND DIRECTION    SW (210)
  HIGHEST GUST SPEED    14   HIGHEST GUST DIRECTION     S (190)
  AVERAGE WIND SPEED     4.1


SKY COVER
  POSSIBLE SUNSHINE  MM
  AVERAGE SKY COVER 0.7


WEATHER CONDITIONS
 THE FOLLOWING WEATHER WAS RECORDED YESTERDAY.
  HEAVY RAIN
  RAIN
  LIGHT RAIN
  FOG


RELATIVE HUMIDITY (PERCENT)
 HIGHEST   100           300 AM
 LOWEST     87           200 PM
 AVERAGE    94

..........................................................


THE NEW PHILADELPHIA OH CLIMATE NORMALS FOR TODAY
                         NORMAL    RECORD    YEAR
 MAXIMUM TEMPERATURE (F)   81        96      1993
 MINIMUM TEMPERATURE (F)   57        41      1967


SUNRISE AND SUNSET
SEPTEMBER  1 2014.....SUNRISE   653 AM EDT   SUNSET   758 PM EDT
SEPTEMBER  2 2014.....SUNRISE   654 AM EDT   SUNSET   756 PM EDT


-  INDICATES NEGATIVE NUMBERS.
R  INDICATES RECORD WAS SET OR TIED.
MM INDICATES DATA IS MISSING.
T  INDICATES TRACE AMOUNT.




$$






U.S. Dept. of Commerce
NOAA National Weather Service
1325 East West Highway
Silver Spring, MD 20910
E-mail: w-nws.webmaster@noaa.gov
Page last modified: May 16, 2007
NATIONAL WEATHER SERVICE: for Safety, for Work, for Fun - FOR LIFE