463
CDUS41 KPBZ 250701
CLIPHD


CLIMATE REPORT
NATIONAL WEATHER SERVICE PITTSBURGH PA
301 AM EDT SAT OCT 25 2014


...................................

...THE NEW PHILADELPHIA OH CLIMATE SUMMARY FOR OCTOBER 24 2014...

CLIMATE NORMAL PERIOD 1981 TO 2010
CLIMATE RECORD PERIOD 1946 TO 2014


WEATHER ITEM   OBSERVED TIME   RECORD YEAR NORMAL DEPARTURE LAST
                VALUE   (LST)  VALUE       VALUE  FROM      YEAR
                                                  NORMAL
..................................................................
TEMPERATURE (F)
 YESTERDAY
  MAXIMUM         63    427 PM  79    2012  62      1       46
                                      1975
  MINIMUM         36            19    1964  38     -2       29
  AVERAGE         50                        50      0       38

PRECIPITATION (IN)
  YESTERDAY        0.00         MM      MM   0.09  -0.09     0.01
  MONTH TO DATE    1.67                      2.13  -0.46     2.61
  SINCE JUN 1     19.45                     16.74   2.71    17.61
  SINCE JAN 1     34.63                     32.34   2.29    27.65

DEGREE DAYS
 HEATING
  YESTERDAY       15                        15      0       27
  MONTH TO DATE  225                       279    -54      207
  SINCE SEP 1    325                       375    -50      309
  SINCE JUL 1    357                       385    -28      323

 COOLING
  YESTERDAY        0                         0      0        0
  MONTH TO DATE    9                         9      0       31
  SINCE SEP 1     81                        75      6      110
  SINCE JAN 1    630                       697    -67      755
..................................................................


WIND (MPH)
  HIGHEST WIND SPEED    10   HIGHEST WIND DIRECTION     W (260)
  HIGHEST GUST SPEED    15   HIGHEST GUST DIRECTION     W (250)
  AVERAGE WIND SPEED     2.0


SKY COVER
  POSSIBLE SUNSHINE  MM
  AVERAGE SKY COVER 0.5


WEATHER CONDITIONS
 THE FOLLOWING WEATHER WAS RECORDED YESTERDAY.
  FOG
  FOG W/VISIBILITY <= 1/4 MILE
  HAZE


RELATIVE HUMIDITY (PERCENT)
 HIGHEST   100           200 AM
 LOWEST     43           500 PM
 AVERAGE    72

..........................................................


THE NEW PHILADELPHIA OH CLIMATE NORMALS FOR TODAY
                         NORMAL    RECORD    YEAR
 MAXIMUM TEMPERATURE (F)   61        81      2012
 MINIMUM TEMPERATURE (F)   38        20      1964


SUNRISE AND SUNSET
OCTOBER 25 2014.......SUNRISE   748 AM EDT   SUNSET   631 PM EDT
OCTOBER 26 2014.......SUNRISE   749 AM EDT   SUNSET   630 PM EDT


-  INDICATES NEGATIVE NUMBERS.
R  INDICATES RECORD WAS SET OR TIED.
MM INDICATES DATA IS MISSING.
T  INDICATES TRACE AMOUNT.




$$





U.S. Dept. of Commerce
NOAA National Weather Service
1325 East West Highway
Silver Spring, MD 20910
E-mail: w-nws.webmaster@noaa.gov
Page last modified: May 16, 2007
NATIONAL WEATHER SERVICE: for Safety, for Work, for Fun - FOR LIFE