859
CDUS46 KPQR 231142
CLIPDX


CLIMATE REPORT
NATIONAL WEATHER SERVICE PORTLAND OREGON
441 AM PDT WED APR 23 2014


...................................

...THE PORTLAND OR CLIMATE SUMMARY FOR APRIL 22 2014...

CLIMATE NORMAL PERIOD 1981 TO 2010
CLIMATE RECORD PERIOD 1940 TO 2014


WEATHER ITEM   OBSERVED TIME   RECORD YEAR NORMAL DEPARTURE LAST
                VALUE   (LST)  VALUE       VALUE  FROM      YEAR
                                                  NORMAL
..................................................................
TEMPERATURE (F)
 YESTERDAY
  MAXIMUM         54    158 PM  82    2012  63     -9       65
  MINIMUM         44    557 AM  30    1972  44      0       37
  AVERAGE         49                        53     -4       51

PRECIPITATION (IN)
  YESTERDAY        0.23          1.20 1996   0.09   0.14     0.00
  MONTH TO DATE    1.89                      2.09  -0.20     2.12
  SINCE OCT 1     23.05                     28.43  -5.38    30.26
  SINCE JAN 1     17.23                     14.31   2.92     8.33

DEGREE DAYS
 HEATING
  YESTERDAY       16                        12      4       14
  MONTH TO DATE  247                       295    -48      306
  SINCE MAR 1    731                       817    -86      804
  SINCE JUL 1   4029                      3875    154     3701

 COOLING
  YESTERDAY        0                         0      0        0
  MONTH TO DATE    0                         0      0        0
  SINCE MAR 1      0                         0      0        0
  SINCE JAN 1      0                         0      0        0
..................................................................


WIND (MPH)
  HIGHEST WIND SPEED    31   HIGHEST WIND DIRECTION     W (260)
  HIGHEST GUST SPEED    36   HIGHEST GUST DIRECTION     W (260)
  AVERAGE WIND SPEED     8.5


SKY COVER
  POSSIBLE SUNSHINE  MM
  AVERAGE SKY COVER 0.9


WEATHER CONDITIONS
 THE FOLLOWING WEATHER WAS RECORDED YESTERDAY.
  LIGHT RAIN
  FOG
  HAZE


RELATIVE HUMIDITY (PERCENT)
 HIGHEST    93          1200 AM
 LOWEST     54          1100 AM
 AVERAGE    74

..........................................................


THE PORTLAND OR CLIMATE NORMALS FOR TODAY
                         NORMAL    RECORD    YEAR
 MAXIMUM TEMPERATURE (F)   63        82      2012
 MINIMUM TEMPERATURE (F)   44        34      1954


SUNRISE AND SUNSET
APRIL 23 2014.........SUNRISE   611 AM PDT   SUNSET   807 PM PDT
APRIL 24 2014.........SUNRISE   609 AM PDT   SUNSET   809 PM PDT


-  INDICATES NEGATIVE NUMBERS.
R  INDICATES RECORD WAS SET OR TIED.
MM INDICATES DATA IS MISSING.
T  INDICATES TRACE AMOUNT.




$$





U.S. Dept. of Commerce
NOAA National Weather Service
1325 East West Highway
Silver Spring, MD 20910
E-mail: w-nws.webmaster@noaa.gov
Page last modified: May 16, 2007
NATIONAL WEATHER SERVICE: for Safety, for Work, for Fun - FOR LIFE