528
CDUS46 KPQR 231243
CLIPDX


CLIMATE REPORT
NATIONAL WEATHER SERVICE PORTLAND OREGON
442 AM PST SUN NOV 23 2014


...................................

...THE PORTLAND OR CLIMATE SUMMARY FOR NOVEMBER 22 2014...

CLIMATE NORMAL PERIOD 1981 TO 2010
CLIMATE RECORD PERIOD 1940 TO 2014


WEATHER ITEM   OBSERVED TIME   RECORD YEAR NORMAL DEPARTURE LAST
                VALUE   (LST)  VALUE       VALUE  FROM      YEAR
                                                  NORMAL
..................................................................
TEMPERATURE (F)
 YESTERDAY
  MAXIMUM         53    249 PM  59    2011  51      2       50
                                      1968
  MINIMUM         41    428 AM  20    1985  39      2       24
  AVERAGE         47                        45      2       37

PRECIPITATION (IN)
  YESTERDAY        0.15          2.35 2011   0.20  -0.05     0.00
  MONTH TO DATE    1.87                      4.00  -2.13     2.91
  SINCE OCT 1      7.81                      7.00   0.81     4.06
  SINCE JAN 1     32.94                     28.91   4.03    24.96

DEGREE DAYS
 HEATING
  YESTERDAY       18                        20     -2       28
  MONTH TO DATE  428                       380     48      379
  SINCE SEP 1    608                       771   -163      813
  SINCE JUL 1    609                       798   -189      818

 COOLING
  YESTERDAY        0                         0      0        0
  MONTH TO DATE    0                         0      0        0
  SINCE SEP 1    118                        61     57       86
  SINCE JAN 1    653                       424    229      539
..................................................................


WIND (MPH)
  HIGHEST WIND SPEED    20   HIGHEST WIND DIRECTION     S (180)
  HIGHEST GUST SPEED    23   HIGHEST GUST DIRECTION     S (180)
  AVERAGE WIND SPEED     6.2


SKY COVER
  POSSIBLE SUNSHINE  MM
  AVERAGE SKY COVER 0.7


WEATHER CONDITIONS
 THE FOLLOWING WEATHER WAS RECORDED YESTERDAY.
  RAIN
  LIGHT RAIN
  FOG


RELATIVE HUMIDITY (PERCENT)
 HIGHEST   100           600 AM
 LOWEST     71           200 PM
 AVERAGE    86

..........................................................


THE PORTLAND OR CLIMATE NORMALS FOR TODAY
                         NORMAL    RECORD    YEAR
 MAXIMUM TEMPERATURE (F)   51        63      1959
 MINIMUM TEMPERATURE (F)   39        17      1985


SUNRISE AND SUNSET
NOVEMBER 23 2014......SUNRISE   721 AM PST   SUNSET   433 PM PST
NOVEMBER 24 2014......SUNRISE   722 AM PST   SUNSET   432 PM PST


-  INDICATES NEGATIVE NUMBERS.
R  INDICATES RECORD WAS SET OR TIED.
MM INDICATES DATA IS MISSING.
T  INDICATES TRACE AMOUNT.




$$





U.S. Dept. of Commerce
NOAA National Weather Service
1325 East West Highway
Silver Spring, MD 20910
E-mail: w-nws.webmaster@noaa.gov
Page last modified: May 16, 2007
NATIONAL WEATHER SERVICE: for Safety, for Work, for Fun - FOR LIFE