591
CDUS46 KPQR 201142
CLIPDX


CLIMATE REPORT
NATIONAL WEATHER SERVICE PORTLAND OREGON
441 AM PDT SUN APR 20 2014


...................................

...THE PORTLAND OR CLIMATE SUMMARY FOR APRIL 19 2014...

CLIMATE NORMAL PERIOD 1981 TO 2010
CLIMATE RECORD PERIOD 1940 TO 2014


WEATHER ITEM   OBSERVED TIME   RECORD YEAR NORMAL DEPARTURE LAST
                VALUE   (LST)  VALUE       VALUE  FROM      YEAR
                                                  NORMAL
..................................................................
TEMPERATURE (F)
 YESTERDAY
  MAXIMUM         59    442 PM  80    1956  62     -3       58
  MINIMUM         42    242 AM  31    1982  43     -1       50
  AVERAGE         51                        53     -2       54

PRECIPITATION (IN)
  YESTERDAY        0.07          1.01 1965   0.10  -0.03     0.41
  MONTH TO DATE    1.32                      1.82  -0.50     2.08
  SINCE OCT 1     22.48                     28.16  -5.68    30.22
  SINCE JAN 1     16.66                     14.04   2.62     8.29

DEGREE DAYS
 HEATING
  YESTERDAY       14                        12      2       11
  MONTH TO DATE  212                       259    -47      265
  SINCE MAR 1    696                       781    -85      763
  SINCE JUL 1   3994                      3839    155     3660

 COOLING
  YESTERDAY        0                         0      0        0
  MONTH TO DATE    0                         0      0        0
  SINCE MAR 1      0                         0      0        0
  SINCE JAN 1      0                         0      0        0
..................................................................


WIND (MPH)
  HIGHEST WIND SPEED    24   HIGHEST WIND DIRECTION    SW (240)
  HIGHEST GUST SPEED    30   HIGHEST GUST DIRECTION    SW (220)
  AVERAGE WIND SPEED     9.5


SKY COVER
  POSSIBLE SUNSHINE  MM
  AVERAGE SKY COVER 0.7


WEATHER CONDITIONS
 THE FOLLOWING WEATHER WAS RECORDED YESTERDAY.
  LIGHT RAIN


RELATIVE HUMIDITY (PERCENT)
 HIGHEST    86          1100 PM
 LOWEST     51           500 PM
 AVERAGE    69

..........................................................


THE PORTLAND OR CLIMATE NORMALS FOR TODAY
                         NORMAL    RECORD    YEAR
 MAXIMUM TEMPERATURE (F)   62        84      1956
 MINIMUM TEMPERATURE (F)   44        33      1975


SUNRISE AND SUNSET
APRIL 20 2014.........SUNRISE   616 AM PDT   SUNSET   803 PM PDT
APRIL 21 2014.........SUNRISE   614 AM PDT   SUNSET   805 PM PDT


-  INDICATES NEGATIVE NUMBERS.
R  INDICATES RECORD WAS SET OR TIED.
MM INDICATES DATA IS MISSING.
T  INDICATES TRACE AMOUNT.




$$





U.S. Dept. of Commerce
NOAA National Weather Service
1325 East West Highway
Silver Spring, MD 20910
E-mail: w-nws.webmaster@noaa.gov
Page last modified: May 16, 2007
NATIONAL WEATHER SERVICE: for Safety, for Work, for Fun - FOR LIFE