075
CDUS46 KPQR 191146
CLIPDX


CLIMATE REPORT
NATIONAL WEATHER SERVICE PORTLAND OREGON
345 AM PST FRI DEC 19 2014


...................................

...THE PORTLAND OR CLIMATE SUMMARY FOR DECEMBER 18 2014...

CLIMATE NORMAL PERIOD 1981 TO 2010
CLIMATE RECORD PERIOD 1940 TO 2014


WEATHER ITEM   OBSERVED TIME   RECORD YEAR NORMAL DEPARTURE LAST
                VALUE   (LST)  VALUE       VALUE  FROM      YEAR
                                                  NORMAL
..................................................................
TEMPERATURE (F)
 YESTERDAY
  MAXIMUM         50   1156 PM  58    1972  45      5       43
  MINIMUM         42    551 AM  11    1964  35      7       30
  AVERAGE         46                        40      6       37

PRECIPITATION (IN)
  YESTERDAY        0.30          1.01 1941   0.18   0.12     0.06
  MONTH TO DATE    3.41                      3.32   0.09     1.15
  SINCE OCT 1     12.34                     11.95   0.39     5.35
  SINCE JAN 1     37.47                     33.86   3.61    26.25

DEGREE DAYS
 HEATING
  YESTERDAY       19                        25     -6       28
  MONTH TO DATE  370                       433    -63      553
  SINCE DEC 1    370                       433    -63      553
  SINCE JUL 1   1103                      1402   -299     1564

 COOLING
  YESTERDAY        0                         0      0        0
  MONTH TO DATE    0                         0      0        0
  SINCE DEC 1      0                         0      0        0
  SINCE JAN 1    653                       424    229      539
..................................................................


WIND (MPH)
  HIGHEST WIND SPEED    23   HIGHEST WIND DIRECTION     E (110)
  HIGHEST GUST SPEED    28   HIGHEST GUST DIRECTION     E (110)
  AVERAGE WIND SPEED    13.5


SKY COVER
  POSSIBLE SUNSHINE  MM
  AVERAGE SKY COVER 1.0


WEATHER CONDITIONS
 THE FOLLOWING WEATHER WAS RECORDED YESTERDAY.
  RAIN
  LIGHT RAIN
  FOG


RELATIVE HUMIDITY (PERCENT)
 HIGHEST   100          1000 PM
 LOWEST     82           400 PM
 AVERAGE    91

..........................................................


THE PORTLAND OR CLIMATE NORMALS FOR TODAY
                         NORMAL    RECORD    YEAR
 MAXIMUM TEMPERATURE (F)   45        59      1972
                                             1961
                                             1953
 MINIMUM TEMPERATURE (F)   35        14      1964


SUNRISE AND SUNSET
DECEMBER 19 2014......SUNRISE   747 AM PST   SUNSET   428 PM PST
DECEMBER 20 2014......SUNRISE   747 AM PST   SUNSET   429 PM PST


-  INDICATES NEGATIVE NUMBERS.
R  INDICATES RECORD WAS SET OR TIED.
MM INDICATES DATA IS MISSING.
T  INDICATES TRACE AMOUNT.




$$





U.S. Dept. of Commerce
NOAA National Weather Service
1325 East West Highway
Silver Spring, MD 20910
E-mail: w-nws.webmaster@noaa.gov
Page last modified: May 16, 2007
NATIONAL WEATHER SERVICE: for Safety, for Work, for Fun - FOR LIFE