993
CDUS46 KPQR 290228
CLIPDX


CLIMATE REPORT
NATIONAL WEATHER SERVICE PORTLAND OREGON
628 PM PST FRI NOV 28 2014


...................................

...THE PORTLAND OR CLIMATE SUMMARY FOR NOVEMBER 28 2014...
VALID TODAY AS OF 0600 PM LOCAL TIME.

CLIMATE NORMAL PERIOD 1981 TO 2010
CLIMATE RECORD PERIOD 1940 TO 2014


WEATHER ITEM   OBSERVED TIME   RECORD YEAR NORMAL DEPARTURE LAST
                VALUE   (LST)  VALUE       VALUE  FROM      YEAR
                                                  NORMAL
..................................................................
TEMPERATURE (F)
 TODAY
  MAXIMUM         56    452 PM  59    1940  49      7       53
  MINIMUM         47    559 PM  20    1952  38      9       28
  AVERAGE         52                        43      9       41

PRECIPITATION (IN)
  TODAY            0.47          1.41 2001   0.20   0.27     0.00
  MONTH TO DATE    2.84                      5.21  -2.37     2.91
  SINCE OCT 1      8.78                      8.21   0.57     4.06
  SINCE JAN 1     33.91                     30.12   3.79    24.96

DEGREE DAYS
 HEATING
  TODAY           13                        22     -9       24
  MONTH TO DATE  490                       506    -16      524
  SINCE SEP 1    670                       897   -227      958
  SINCE JUL 1    671                       924   -253      963

 COOLING
  TODAY            0                         0      0        0
  MONTH TO DATE    0                         0      0        0
  SINCE SEP 1    118                        61     57       86
  SINCE JAN 1    653                       424    229      539
..................................................................


WIND (MPH)
  HIGHEST WIND SPEED    25   HIGHEST WIND DIRECTION    NW (310)
  HIGHEST GUST SPEED    34   HIGHEST GUST DIRECTION     S (180)
  AVERAGE WIND SPEED    14.0



WEATHER CONDITIONS
 THE FOLLOWING WEATHER WAS RECORDED TODAY.
  RAIN
  LIGHT RAIN
  FOG


RELATIVE HUMIDITY (PERCENT)
 HIGHEST    93           200 AM
 LOWEST     86          1200 PM
 AVERAGE    90

..........................................................


THE PORTLAND OR CLIMATE NORMALS FOR TOMORROW
                         NORMAL    RECORD    YEAR
 MAXIMUM TEMPERATURE (F)   49        58      2008
                                             1995
                                             1942
 MINIMUM TEMPERATURE (F)   38        21      1985
                                             1952


SUNRISE AND SUNSET
NOVEMBER 28 2014......SUNRISE   727 AM PST   SUNSET   430 PM PST
NOVEMBER 29 2014......SUNRISE   728 AM PST   SUNSET   429 PM PST


-  INDICATES NEGATIVE NUMBERS.
R  INDICATES RECORD WAS SET OR TIED.
MM INDICATES DATA IS MISSING.
T  INDICATES TRACE AMOUNT.




$$





U.S. Dept. of Commerce
NOAA National Weather Service
1325 East West Highway
Silver Spring, MD 20910
E-mail: w-nws.webmaster@noaa.gov
Page last modified: May 16, 2007
NATIONAL WEATHER SERVICE: for Safety, for Work, for Fun - FOR LIFE