328
CDUS46 KPQR 300233
CLIPDX


CLIMATE REPORT
NATIONAL WEATHER SERVICE PORTLAND OREGON
733 PM PDT TUE JUL 29 2014


...................................

...THE PORTLAND OR CLIMATE SUMMARY FOR JULY 29 2014...
VALID TODAY AS OF 0700 PM LOCAL TIME.

CLIMATE NORMAL PERIOD 1981 TO 2010
CLIMATE RECORD PERIOD 1940 TO 2014


WEATHER ITEM   OBSERVED TIME   RECORD YEAR NORMAL DEPARTURE LAST
                VALUE   (LST)  VALUE       VALUE  FROM      YEAR
                                                  NORMAL
..................................................................
TEMPERATURE (F)
 TODAY
  MAXIMUM         90    432 PM 106    2009  82      8       77
  MINIMUM         62    550 AM  50    1956  59      3       58
                                      1941
  AVERAGE         76                        71      5       68

PRECIPITATION (IN)
  TODAY            0.00          0.17 2001   0.02  -0.02     0.00
  MONTH TO DATE    1.05                      0.62   0.43      T
  SINCE OCT 1     29.96                     33.86  -3.90    36.43
  SINCE JAN 1     24.14                     19.74   4.40    14.50

DEGREE DAYS
 HEATING
  TODAY            0                         0      0        0
  MONTH TO DATE    1                        15    -14        2
  SINCE JUN 1     63                       106    -43       51
  SINCE JUL 1      1                        15    -14        2

 COOLING
  TODAY           11                         6      5        3
  MONTH TO DATE  198                       137     61      159
  SINCE JUN 1    227                       184     43      226
  SINCE JAN 1    255                       201     54      241
..................................................................


WIND (MPH)
  HIGHEST WIND SPEED    17   HIGHEST WIND DIRECTION    NW (300)
  HIGHEST GUST SPEED    22   HIGHEST GUST DIRECTION    NW (310)
  AVERAGE WIND SPEED     6.6



WEATHER CONDITIONS
 THE FOLLOWING WEATHER WAS RECORDED TODAY.
  NO SIGNIFICANT WEATHER WAS OBSERVED.


RELATIVE HUMIDITY (PERCENT)
 HIGHEST    78           600 AM
 LOWEST     34           400 PM
 AVERAGE    56

..........................................................


THE PORTLAND OR CLIMATE NORMALS FOR TOMORROW
                         NORMAL    RECORD    YEAR
 MAXIMUM TEMPERATURE (F)   82       107      1965
 MINIMUM TEMPERATURE (F)   59        47      1945


SUNRISE AND SUNSET
JULY 29 2014..........SUNRISE   551 AM PDT   SUNSET   842 PM PDT
JULY 30 2014..........SUNRISE   552 AM PDT   SUNSET   841 PM PDT


-  INDICATES NEGATIVE NUMBERS.
R  INDICATES RECORD WAS SET OR TIED.
MM INDICATES DATA IS MISSING.
T  INDICATES TRACE AMOUNT.




$$





U.S. Dept. of Commerce
NOAA National Weather Service
1325 East West Highway
Silver Spring, MD 20910
E-mail: w-nws.webmaster@noaa.gov
Page last modified: May 16, 2007
NATIONAL WEATHER SERVICE: for Safety, for Work, for Fun - FOR LIFE