671
CDUS46 KPQR 281146
CLIPDX


CLIMATE REPORT
NATIONAL WEATHER SERVICE PORTLAND OREGON
345 AM PST WED JAN 28 2015


...................................

...THE PORTLAND OR CLIMATE SUMMARY FOR JANUARY 27 2015...

CLIMATE NORMAL PERIOD 1981 TO 2010
CLIMATE RECORD PERIOD 1940 TO 2015


WEATHER ITEM   OBSERVED TIME   RECORD YEAR NORMAL DEPARTURE LAST
                VALUE   (LST)  VALUE       VALUE  FROM      YEAR
                                                  NORMAL
..................................................................
TEMPERATURE (F)
 YESTERDAY
  MAXIMUM         50    709 PM  56    1984  49      1       41
  MINIMUM         42    924 AM   8    1957  36      6       32
  AVERAGE         46                        42      4       37

PRECIPITATION (IN)
  YESTERDAY        0.05          1.56 1954   0.15  -0.10      T
  MONTH TO DATE    3.29                      4.32  -1.03     2.00
  SINCE OCT 1     18.27                     18.44  -0.17     7.82
  SINCE JAN 1      3.29                      4.32  -1.03     2.00

DEGREE DAYS
 HEATING
  YESTERDAY       19                        23     -4       28
  MONTH TO DATE  581                       643    -62      644
  SINCE DEC 1   1221                      1406   -185     1524
  SINCE JUL 1   1954                      2375   -421     2535

 COOLING
  YESTERDAY        0                         0      0        0
  MONTH TO DATE    0                         0      0        0
  SINCE DEC 1      0                         0      0        0
  SINCE JAN 1      0                         0      0        0
..................................................................


WIND (MPH)
  HIGHEST WIND SPEED    10   HIGHEST WIND DIRECTION     E (110)
  HIGHEST GUST SPEED    11   HIGHEST GUST DIRECTION     E (100)
  AVERAGE WIND SPEED     4.9


SKY COVER
  POSSIBLE SUNSHINE  MM
  AVERAGE SKY COVER 1.0


WEATHER CONDITIONS
 THE FOLLOWING WEATHER WAS RECORDED YESTERDAY.
  LIGHT RAIN
  FOG
  FOG W/VISIBILITY <= 1/4 MILE


RELATIVE HUMIDITY (PERCENT)
 HIGHEST   100           100 AM
 LOWEST     80           300 PM
 AVERAGE    90

..........................................................


THE PORTLAND OR CLIMATE NORMALS FOR TODAY
                         NORMAL    RECORD    YEAR
 MAXIMUM TEMPERATURE (F)   49        59      1992
 MINIMUM TEMPERATURE (F)   36        10      1957
                                             1950
                                             1949


SUNRISE AND SUNSET
JANUARY 28 2015.......SUNRISE   736 AM PST   SUNSET   511 PM PST
JANUARY 29 2015.......SUNRISE   735 AM PST   SUNSET   512 PM PST


-  INDICATES NEGATIVE NUMBERS.
R  INDICATES RECORD WAS SET OR TIED.
MM INDICATES DATA IS MISSING.
T  INDICATES TRACE AMOUNT.




$$





U.S. Dept. of Commerce
NOAA National Weather Service
1325 East West Highway
Silver Spring, MD 20910
E-mail: w-nws.webmaster@noaa.gov
Page last modified: May 16, 2007
NATIONAL WEATHER SERVICE: for Safety, for Work, for Fun - FOR LIFE