797
CDUS46 KPDT 280925
CLIPDT

CLIMATE REPORT
NATIONAL WEATHER SERVICE PENDLETON OR
125 AM PST WED JAN 28 2015


...................................

...THE PENDLETON OR CLIMATE SUMMARY FOR JANUARY 27 2015...

CLIMATE NORMAL PERIOD 1981 TO 2010
CLIMATE RECORD PERIOD 1890 TO 2015


WEATHER ITEM   OBSERVED TIME   RECORD YEAR NORMAL DEPARTURE LAST
                VALUE   (LST)  VALUE       VALUE  FROM      YEAR
                                                  NORMAL
..................................................................
TEMPERATURE (F)
 YESTERDAY
  MAXIMUM         47    738 PM  69    1934  44      3       28
  MINIMUM         30    900 AM -22    1957  30      0       25
  AVERAGE         39                        37      2       27

PRECIPITATION (IN)
  YESTERDAY        T             0.83 2008   0.04  -0.04     0.00
  MONTH TO DATE    0.72                      1.27  -0.55     0.38
  SINCE OCT 1      5.42                      5.27   0.15     2.17
  SINCE JAN 1      0.72                      1.27  -0.55     0.38

SNOWFALL (IN)
  YESTERDAY        0.0           9.3  2008   0.1   -0.1      0.0
  MONTH TO DATE    0.4                       3.3   -2.9       T
  SINCE JAN 1      0.4                       3.3   -2.9       T
  SINCE JUL 1      7.2                      10.8   -3.6      6.5
  SNOW DEPTH       0

DEGREE DAYS
 HEATING
  YESTERDAY       26                        28     -2       38
  MONTH TO DATE  776                       809    -33      815
  SINCE DEC 1   1667                      1793   -126     1890
  SINCE JUL 1   2797                      3046   -249     3273

 COOLING
  YESTERDAY        0                         0      0        0
  MONTH TO DATE    0                         0      0        0
  SINCE DEC 1      0                         0      0        0
  SINCE JAN 1      0                         0      0        0
..................................................................


WIND (MPH)
  HIGHEST WIND SPEED    14   HIGHEST WIND DIRECTION    NW (310)
  HIGHEST GUST SPEED    15   HIGHEST GUST DIRECTION    NW (310)
  AVERAGE WIND SPEED     4.3


SKY COVER
  POSSIBLE SUNSHINE  MM
  AVERAGE SKY COVER 0.7


WEATHER CONDITIONS
THE FOLLOWING WEATHER WAS RECORDED YESTERDAY.
  LIGHT RAIN
  FOG
  FOG W/VISIBILITY <= 1/4 MILE


RELATIVE HUMIDITY (PERCENT)
 HIGHEST   100          1200 AM
 LOWEST     76           800 PM
 AVERAGE    88

..........................................................


THE PENDLETON OR CLIMATE NORMALS FOR TODAY
                         NORMAL    RECORD    YEAR
 MAXIMUM TEMPERATURE (F)   44        67      1931
 MINIMUM TEMPERATURE (F)   30       -14      1957


SUNRISE AND SUNSET
JANUARY 28 2015.......SUNRISE   722 AM PST   SUNSET   456 PM PST
JANUARY 29 2015.......SUNRISE   720 AM PST   SUNSET   457 PM PST


-  INDICATES NEGATIVE NUMBERS.
R  INDICATES RECORD WAS SET OR TIED.
MM INDICATES DATA IS MISSING.
T  INDICATES TRACE AMOUNT.

$$








U.S. Dept. of Commerce
NOAA National Weather Service
1325 East West Highway
Silver Spring, MD 20910
E-mail: w-nws.webmaster@noaa.gov
Page last modified: May 16, 2007
NATIONAL WEATHER SERVICE: for Safety, for Work, for Fun - FOR LIFE