225
CDUS46 KPDT 250136
CLIPDT

CLIMATE REPORT
NATIONAL WEATHER SERVICE PENDLETON OR
545 PM PDT THU APR 24 2014


...................................

...THE PENDLETON OR CLIMATE SUMMARY FOR APRIL 24 2014...
VALID TODAY AS OF 0500 PM LOCAL TIME.

CLIMATE NORMAL PERIOD 1981 TO 2010
CLIMATE RECORD PERIOD 1890 TO 2014


WEATHER ITEM   OBSERVED TIME   RECORD YEAR NORMAL DEPARTURE LAST
                VALUE   (LST)  VALUE       VALUE  FROM      YEAR
                                                  NORMAL
..................................................................
TEMPERATURE (F)
 TODAY
  MAXIMUM         63   1143 AM  91    1977  64     -1       68
  MINIMUM         48    634 AM  21    1924  40      8       31
  AVERAGE         56                        52      4       50

PRECIPITATION (IN)
  TODAY            0.19          0.49 1974   0.04   0.15      T
  MONTH TO DATE    1.02                      0.95   0.07     0.95
  SINCE OCT 1      7.43                      8.81  -1.38     7.29
  SINCE JAN 1      5.64                      4.81   0.83     2.85

SNOWFALL (IN)
  TODAY           MM             0.0  2002   0.0   MM        0.0
                                      2001
                                      2000
  MONTH TO DATE    0.0                       0.0    0.0       T
  SINCE JAN 1     15.2                       7.7    7.5      0.2
  SINCE JUL 1     21.7                      15.2    6.5      2.0
  SNOW DEPTH       0

DEGREE DAYS
 HEATING
  TODAY            9                        13     -4       15
  MONTH TO DATE  326                       358    -32      403
  SINCE MAR 1    927                       975    -48      996
  SINCE JUL 1   5192                      4874    318     4729

 COOLING
  TODAY            0                         0      0        0
  MONTH TO DATE    0                         0      0        0
  SINCE MAR 1      0                         0      0        0
  SINCE JAN 1      0                         0      0        0
..................................................................


WIND (MPH)
  HIGHEST WIND SPEED    29   HIGHEST WIND DIRECTION     W (260)
  HIGHEST GUST SPEED    36   HIGHEST GUST DIRECTION     W (260)
  AVERAGE WIND SPEED    11.9


SKY COVER
  POSSIBLE SUNSHINE  MM
  AVERAGE SKY COVER 0.9


WEATHER CONDITIONS
 THE FOLLOWING WEATHER WAS RECORDED TODAY.
  THUNDERSTORM
  LIGHT RAIN
  FOG


RELATIVE HUMIDITY (PERCENT)
 HIGHEST    86           600 AM
 LOWEST     46           100 PM
 AVERAGE    66

..........................................................


THE PENDLETON OR CLIMATE NORMALS FOR TOMORROW
                         NORMAL    RECORD    YEAR
 MAXIMUM TEMPERATURE (F)   64        94      1910
 MINIMUM TEMPERATURE (F)   40        22      1924


SUNRISE AND SUNSET
APRIL 24 2014.........SUNRISE   554 AM PDT   SUNSET   754 PM PDT
APRIL 25 2014.........SUNRISE   552 AM PDT   SUNSET   755 PM PDT


-  INDICATES NEGATIVE NUMBERS.
R  INDICATES RECORD WAS SET OR TIED.
MM INDICATES DATA IS MISSING.
T  INDICATES TRACE AMOUNT.




$$








U.S. Dept. of Commerce
NOAA National Weather Service
1325 East West Highway
Silver Spring, MD 20910
E-mail: w-nws.webmaster@noaa.gov
Page last modified: May 16, 2007
NATIONAL WEATHER SERVICE: for Safety, for Work, for Fun - FOR LIFE