838
CDUS42 KFFC 310824
CLIPDK


CLIMATE REPORT
NATIONAL WEATHER SERVICE PEACHTREE CITY GA
424 AM EDT FRI OCT 31 2014


...................................

...THE DEKALB PEACHTREE AIRPORT CLIMATE SUMMARY FOR OCTOBER 30 2014...

CLIMATE NORMAL PERIOD 1981 TO 2010
CLIMATE RECORD PERIOD 9999 TO 9999


WEATHER ITEM   OBSERVED TIME   RECORD YEAR NORMAL DEPARTURE LAST
                VALUE   (LST)  VALUE       VALUE  FROM      YEAR
                                                  NORMAL
..................................................................
TEMPERATURE (F)
 YESTERDAY
  MAXIMUM         67    356 PM  MM      MM  68     -1       78
  MINIMUM         40    657 AM  MM      MM  46     -6       52
  AVERAGE         54                        57     -3       65

PRECIPITATION (IN)
  YESTERDAY        0.00         MM      MM   0.10  -0.10     0.00
  MONTH TO DATE    3.09                      3.35  -0.26     3.04
  SINCE SEP 1      8.29                      7.91   0.38     6.11
  SINCE JAN 1     38.50                     44.49  -5.99    42.57

SNOWFALL (IN)
  YESTERDAY        0.0          MM      MM  MM     MM       MM
  MONTH TO DATE    0.0                      MM     MM        0.0
  SINCE SEP 1      0.0                      MM     MM        0.0
  SINCE JUL 1      0.0                      MM     MM        0.0
  SNOW DEPTH      MM

DEGREE DAYS
 HEATING
  YESTERDAY       11                         8      3        0
  MONTH TO DATE  108                       135    -27      118
  SINCE SEP 1    108                       145    -37      119
  SINCE JUL 1    108                       145    -37      120

 COOLING
  YESTERDAY        0                         1     -1        0
  MONTH TO DATE   76                        50     26       51
  SINCE SEP 1    364                       297     67      291
  SINCE JAN 1   1768                      1754     14     1560
..................................................................


WIND (MPH)
  RESULTANT WIND SPEED   1   RESULTANT WIND DIRECTION  NW (320)
  HIGHEST WIND SPEED    10   HIGHEST WIND DIRECTION     W (280)
  HIGHEST GUST SPEED    14   HIGHEST GUST DIRECTION     W (270)
  AVERAGE WIND SPEED     2.4


SKY COVER
  AVERAGE SKY COVER 0.0


WEATHER CONDITIONS
 THE FOLLOWING WEATHER WAS RECORDED YESTERDAY.
  NO SIGNIFICANT WEATHER WAS OBSERVED.


RELATIVE HUMIDITY (PERCENT)
 HIGHEST    89           400 AM
 LOWEST     31           500 PM
 AVERAGE    60

..........................................................


THE DEKALB PEACHTREE AIRPORT CLIMATE NORMALS FOR TODAY
                         NORMAL    RECORD    YEAR
 MAXIMUM TEMPERATURE (F)   68        MM        MM
 MINIMUM TEMPERATURE (F)   46        MM        MM


SUNRISE AND SUNSET
OCTOBER 31 2014.......SUNRISE   756 AM EDT   SUNSET   646 PM EDT
NOVEMBER  1 2014......SUNRISE   757 AM EDT   SUNSET   645 PM EDT


-  INDICATES NEGATIVE NUMBERS.
R  INDICATES RECORD WAS SET OR TIED.
MM INDICATES DATA IS MISSING.
T  INDICATES TRACE AMOUNT.




$$





U.S. Dept. of Commerce
NOAA National Weather Service
1325 East West Highway
Silver Spring, MD 20910
E-mail: w-nws.webmaster@noaa.gov
Page last modified: May 16, 2007
NATIONAL WEATHER SERVICE: for Safety, for Work, for Fun - FOR LIFE