436
CDUS42 KFFC 010816
CLIPDK


CLIMATE REPORT
NATIONAL WEATHER SERVICE PEACHTREE CITY GA
416 AM EDT WED OCT 1 2014


...................................

...THE DEKALB PEACHTREE AIRPORT CLIMATE SUMMARY FOR SEPTEMBER 30 2014...

CLIMATE NORMAL PERIOD 1981 TO 2010
CLIMATE RECORD PERIOD 9999 TO 9999


WEATHER ITEM   OBSERVED TIME   RECORD YEAR NORMAL DEPARTURE LAST
                VALUE   (LST)  VALUE       VALUE  FROM      YEAR
                                                  NORMAL
..................................................................
TEMPERATURE (F)
 YESTERDAY
  MAXIMUM         84    232 PM  MM      MM  78      6       76
  MINIMUM         62   1159 PM  MM      MM  57      5       54
  AVERAGE         73                        68      5       65

PRECIPITATION (IN)
  YESTERDAY        0.00         MM      MM   0.16  -0.16     0.00
  MONTH TO DATE    5.20                      4.56   0.64     3.07
  SINCE SEP 1      5.20                      4.56   0.64     3.07
  SINCE JAN 1     35.41                     41.14  -5.73    39.53

DEGREE DAYS
 HEATING
  YESTERDAY        0                         1     -1        0
  MONTH TO DATE    0                         8     -8        1
  SINCE SEP 1      0                        10    -10        1
  SINCE JUL 1      0                        10    -10        2

 COOLING
  YESTERDAY        8                         4      4        0
  MONTH TO DATE  288                       247     41      240
  SINCE SEP 1    288                       247     41      240
  SINCE JAN 1   1692                      1704    -12     1509
..................................................................


WIND (MPH)
  RESULTANT WIND SPEED   1   RESULTANT WIND DIRECTION  NE (30)
  HIGHEST WIND SPEED     9   HIGHEST WIND DIRECTION     N (350)
  HIGHEST GUST SPEED    12   HIGHEST GUST DIRECTION     N (350)
  AVERAGE WIND SPEED     1.0


SKY COVER
  AVERAGE SKY COVER 0.6


WEATHER CONDITIONS
 THE FOLLOWING WEATHER WAS RECORDED YESTERDAY.
  HAZE


RELATIVE HUMIDITY (PERCENT)
 HIGHEST    93          1200 AM
 LOWEST     45           500 PM
 AVERAGE    69

..........................................................


THE DEKALB PEACHTREE AIRPORT CLIMATE NORMALS FOR TODAY
                         NORMAL    RECORD    YEAR
 MAXIMUM TEMPERATURE (F)   78        MM        MM
 MINIMUM TEMPERATURE (F)   57        MM        MM


SUNRISE AND SUNSET
OCTOBER  1 2014.......SUNRISE   732 AM EDT   SUNSET   721 PM EDT
OCTOBER  2 2014.......SUNRISE   732 AM EDT   SUNSET   720 PM EDT


-  INDICATES NEGATIVE NUMBERS.
R  INDICATES RECORD WAS SET OR TIED.
MM INDICATES DATA IS MISSING.
T  INDICATES TRACE AMOUNT.




$$





U.S. Dept. of Commerce
NOAA National Weather Service
1325 East West Highway
Silver Spring, MD 20910
E-mail: w-nws.webmaster@noaa.gov
Page last modified: May 16, 2007
NATIONAL WEATHER SERVICE: for Safety, for Work, for Fun - FOR LIFE