214
CDUS42 KFFC 200819
CLIPDK


CLIMATE REPORT
NATIONAL WEATHER SERVICE PEACHTREE CITY GA
419 AM EDT WED AUG 20 2014


...................................

...THE DEKALB PEACHTREE AIRPORT CLIMATE SUMMARY FOR AUGUST 19 2014...

CLIMATE NORMAL PERIOD 1981 TO 2010
CLIMATE RECORD PERIOD 9999 TO 9999


WEATHER ITEM   OBSERVED TIME   RECORD YEAR NORMAL DEPARTURE LAST
                VALUE   (LST)  VALUE       VALUE  FROM      YEAR
                                                  NORMAL
..................................................................
TEMPERATURE (F)
 YESTERDAY
  MAXIMUM         87    321 PM  MM      MM  88     -1       82
  MINIMUM         70   1159 PM  MM      MM  70      0       69
  AVERAGE         79                        79      0       76

PRECIPITATION (IN)
  YESTERDAY        0.30         MM      MM   0.14   0.16     0.43
  MONTH TO DATE    3.21                      2.95   0.26     4.70
  SINCE JUN 1     11.10                     12.73  -1.63    23.99
  SINCE JAN 1     29.98                     35.22  -5.24    33.51

DEGREE DAYS
 COOLING
  YESTERDAY       14                        14      0       11
  MONTH TO DATE  234                       277    -43      224
  SINCE JUN 1   1018                      1089    -71      959
  SINCE JAN 1   1235                      1300    -65     1124
..................................................................


WIND (MPH)
  RESULTANT WIND SPEED   4   RESULTANT WIND DIRECTION   W (260)
  HIGHEST WIND SPEED    24   HIGHEST WIND DIRECTION    NW (320)
  HIGHEST GUST SPEED    33   HIGHEST GUST DIRECTION    NW (320)
  AVERAGE WIND SPEED     6.1


SKY COVER
  AVERAGE SKY COVER 0.6


WEATHER CONDITIONS
 THE FOLLOWING WEATHER WAS RECORDED YESTERDAY.
  HEAVY RAIN
  RAIN
  FOG
  HAZE


RELATIVE HUMIDITY (PERCENT)
 HIGHEST    97           100 AM
 LOWEST     55           300 PM
 AVERAGE    76

..........................................................


THE DEKALB PEACHTREE AIRPORT CLIMATE NORMALS FOR TODAY
                         NORMAL    RECORD    YEAR
 MAXIMUM TEMPERATURE (F)   88        MM        MM
 MINIMUM TEMPERATURE (F)   70        MM        MM


SUNRISE AND SUNSET
AUGUST 20 2014........SUNRISE   703 AM EDT   SUNSET   818 PM EDT
AUGUST 21 2014........SUNRISE   703 AM EDT   SUNSET   817 PM EDT


-  INDICATES NEGATIVE NUMBERS.
R  INDICATES RECORD WAS SET OR TIED.
MM INDICATES DATA IS MISSING.
T  INDICATES TRACE AMOUNT.




$$





U.S. Dept. of Commerce
NOAA National Weather Service
1325 East West Highway
Silver Spring, MD 20910
E-mail: w-nws.webmaster@noaa.gov
Page last modified: May 16, 2007
NATIONAL WEATHER SERVICE: for Safety, for Work, for Fun - FOR LIFE