717
CDUS42 KMFL 190939
CLIPBI


CLIMATE REPORT
NATIONAL WEATHER SERVICE MIAMI, FL
439 AM EST FRI DEC 19 2014


...................................

...THE WEST PALM BEACH CLIMATE SUMMARY FOR DECEMBER 18 2014...

CLIMATE NORMAL PERIOD 1981 TO 2010
CLIMATE RECORD PERIOD 1888 TO 2014


WEATHER ITEM   OBSERVED TIME   RECORD YEAR NORMAL DEPARTURE LAST
                VALUE   (LST)  VALUE       VALUE  FROM      YEAR
                                                  NORMAL
..................................................................
TEMPERATURE (F)
 YESTERDAY
  MAXIMUM         77    200 PM  86    1989  76      1       76
                                      1946
  MINIMUM         56    732 AM  37    1973  60     -4       58
  AVERAGE         67                        68     -1       67

PRECIPITATION (IN)
  YESTERDAY        0.00          1.91 2009   0.11  -0.11     0.00
  MONTH TO DATE    0.41                      1.92  -1.51     4.18
  SINCE NOV 1      2.35                      6.67  -4.32     6.96
  SINCE JAN 1     59.94                     60.87  -0.93    64.82

SNOWFALL (IN)
  YESTERDAY        0.0
  MONTH TO DATE    0.0
  SINCE DEC 1      0.0
  SINCE JUL 1      0.0
  SNOW DEPTH       0

DEGREE DAYS
 HEATING
  YESTERDAY        0                         2     -2
  MONTH TO DATE   25                        26     -1
  SINCE DEC 1     25                        26     -1
  SINCE JUL 1     42                        38      4

 COOLING
  YESTERDAY        2                         5     -3
  MONTH TO DATE   84                        99    -15
  SINCE DEC 1     84                        99    -15
  SINCE JAN 1   4224                      3965    259
..................................................................


WIND (MPH)
  HIGHEST WIND SPEED    14   HIGHEST WIND DIRECTION     W (290)
  HIGHEST GUST SPEED    22   HIGHEST GUST DIRECTION     W (280)
  AVERAGE WIND SPEED     5.2


SKY COVER
  AVERAGE SKY COVER 0.4


WEATHER CONDITIONS
 THE FOLLOWING WEATHER WAS RECORDED YESTERDAY.
  FOG


RELATIVE HUMIDITY (PERCENT)
 HIGHEST   100
 LOWEST     46
 AVERAGE    73

..........................................................


THE WEST PALM BEACH CLIMATE NORMALS FOR TODAY
                         NORMAL    RECORD    YEAR
 MAXIMUM TEMPERATURE (F)   76        88      1989
 MINIMUM TEMPERATURE (F)   59        39      1981


SUNRISE AND SUNSET
DECEMBER 19 2014......SUNRISE   704 AM EST   SUNSET   532 PM EST
DECEMBER 20 2014......SUNRISE   704 AM EST   SUNSET   532 PM EST


-  INDICATES NEGATIVE NUMBERS.
R  INDICATES RECORD WAS SET OR TIED.
MM INDICATES DATA IS MISSING.
T  INDICATES TRACE AMOUNT.




$$





U.S. Dept. of Commerce
NOAA National Weather Service
1325 East West Highway
Silver Spring, MD 20910
E-mail: w-nws.webmaster@noaa.gov
Page last modified: May 16, 2007
NATIONAL WEATHER SERVICE: for Safety, for Work, for Fun - FOR LIFE