172
CDUS42 KMFL 280835
CLIPBI


CLIMATE REPORT
NATIONAL WEATHER SERVICE MIAMI, FL
434 AM EDT THU AUG 28 2014


...................................

...THE WEST PALM BEACH CLIMATE SUMMARY FOR AUGUST 27 2014...

CLIMATE NORMAL PERIOD 1981 TO 2010
CLIMATE RECORD PERIOD 1894 TO 2014


WEATHER ITEM   OBSERVED TIME   RECORD YEAR NORMAL DEPARTURE LAST
                VALUE   (LST)  VALUE       VALUE  FROM      YEAR
                                                  NORMAL
..................................................................
TEMPERATURE (F)
 YESTERDAY
  MAXIMUM         91    216 PM  96    2011  90      1       86
                                      1912
  MINIMUM         75    509 AM  68    1921  76     -1       76
                                      1891
  AVERAGE         83                        83      0       81

PRECIPITATION (IN)
  YESTERDAY        0.00          3.99 1964   0.28  -0.28     0.35
  MONTH TO DATE    9.42                      6.86   2.56     3.83
  SINCE JUN 1     25.13                     20.92   4.21    22.40
  SINCE JAN 1     42.85                     39.63   3.22    47.35

SNOWFALL (IN)
  YESTERDAY        0.0
  MONTH TO DATE    0.0
  SINCE JUN 1      0.0
  SINCE JUL 1      0.0
  SNOW DEPTH       0

DEGREE DAYS
 HEATING
  YESTERDAY        0                         0      0
  MONTH TO DATE    0                         0      0
  SINCE JUN 1      0                         0      0
  SINCE JUL 1      0                         0      0

 COOLING
  YESTERDAY       18                        18      0
  MONTH TO DATE  524                       486     38
  SINCE JUN 1   1576                      1525     51
  SINCE JAN 1   2928                      2634    294
..................................................................


WIND (MPH)
  HIGHEST WIND SPEED    16   HIGHEST WIND DIRECTION    NE (60)
  HIGHEST GUST SPEED    21   HIGHEST GUST DIRECTION     E (80)
  AVERAGE WIND SPEED     8.6


SKY COVER
  AVERAGE SKY COVER 0.4


WEATHER CONDITIONS
 THE FOLLOWING WEATHER WAS RECORDED YESTERDAY.
  NO SIGNIFICANT WEATHER WAS OBSERVED.


RELATIVE HUMIDITY (PERCENT)
 HIGHEST    87
 LOWEST     52
 AVERAGE    70

..........................................................


THE WEST PALM BEACH CLIMATE NORMALS FOR TODAY
                         NORMAL    RECORD    YEAR
 MAXIMUM TEMPERATURE (F)   90        97      1932
 MINIMUM TEMPERATURE (F)   76        68      1889


SUNRISE AND SUNSET
AUGUST 28 2014........SUNRISE   658 AM EDT   SUNSET   745 PM EDT
AUGUST 29 2014........SUNRISE   659 AM EDT   SUNSET   744 PM EDT


-  INDICATES NEGATIVE NUMBERS.
R  INDICATES RECORD WAS SET OR TIED.
MM INDICATES DATA IS MISSING.
T  INDICATES TRACE AMOUNT.




$$





U.S. Dept. of Commerce
NOAA National Weather Service
1325 East West Highway
Silver Spring, MD 20910
E-mail: w-nws.webmaster@noaa.gov
Page last modified: May 16, 2007
NATIONAL WEATHER SERVICE: for Safety, for Work, for Fun - FOR LIFE