557
CDUS42 KMFL 190821
CLIPBI


CLIMATE REPORT
NATIONAL WEATHER SERVICE MIAMI, FL
421 AM EDT SAT APR 19 2014


...................................

...THE WEST PALM BEACH CLIMATE SUMMARY FOR APRIL 18 2014...

CLIMATE NORMAL PERIOD 1981 TO 2010
CLIMATE RECORD PERIOD 1894 TO 2014


WEATHER ITEM   OBSERVED TIME   RECORD YEAR NORMAL DEPARTURE LAST
                VALUE   (LST)  VALUE       VALUE  FROM      YEAR
                                                  NORMAL
..................................................................
TEMPERATURE (F)
 YESTERDAY
  MAXIMUM         84    254 PM  91    1967  82      2       84
  MINIMUM         73    324 AM  49    1983  66      7       75
  AVERAGE         79                        74      5       80

PRECIPITATION (IN)
  YESTERDAY        0.04          2.37 1957   0.12  -0.08     0.00
  MONTH TO DATE    0.79                      2.34  -1.55     3.31
  SINCE OCT 1     22.93                     26.14  -3.21    18.81
  SINCE JAN 1     14.67                     12.88   1.79     7.47

SNOWFALL (IN)
  YESTERDAY        0.0
  MONTH TO DATE    0.0
  SINCE MAR 1      0.0
  SINCE JUL 1      0.0
  SNOW DEPTH       0

DEGREE DAYS
 HEATING
  YESTERDAY        0                         0      0
  MONTH TO DATE    0                         0      0
  SINCE MAR 1      7                        24    -17
  SINCE JUL 1    122                       229   -107

 COOLING
  YESTERDAY       14                         9      5
  MONTH TO DATE  190                       146     44
  SINCE MAR 1    392                       339     53
  SINCE JAN 1    738                       574    164
..................................................................


WIND (MPH)
  HIGHEST WIND SPEED    24   HIGHEST WIND DIRECTION    SE (130)
  HIGHEST GUST SPEED    29   HIGHEST GUST DIRECTION    SE (150)
  AVERAGE WIND SPEED    15.3


SKY COVER
  AVERAGE SKY COVER 0.7


WEATHER CONDITIONS
 THE FOLLOWING WEATHER WAS RECORDED YESTERDAY.
  THUNDERSTORM
  RAIN
  LIGHT RAIN
  FOG


RELATIVE HUMIDITY (PERCENT)
 HIGHEST    93
 LOWEST     58
 AVERAGE    76

..........................................................


THE WEST PALM BEACH CLIMATE NORMALS FOR TODAY
                         NORMAL    RECORD    YEAR
 MAXIMUM TEMPERATURE (F)   82        93      1967
 MINIMUM TEMPERATURE (F)   66        49      1997


SUNRISE AND SUNSET
APRIL 19 2014.........SUNRISE   653 AM EDT   SUNSET   747 PM EDT
APRIL 20 2014.........SUNRISE   652 AM EDT   SUNSET   747 PM EDT


-  INDICATES NEGATIVE NUMBERS.
R  INDICATES RECORD WAS SET OR TIED.
MM INDICATES DATA IS MISSING.
T  INDICATES TRACE AMOUNT.




$$






U.S. Dept. of Commerce
NOAA National Weather Service
1325 East West Highway
Silver Spring, MD 20910
E-mail: w-nws.webmaster@noaa.gov
Page last modified: May 16, 2007
NATIONAL WEATHER SERVICE: for Safety, for Work, for Fun - FOR LIFE