637
CDUS42 KMFL 290927
CLIPBI


CLIMATE REPORT
NATIONAL WEATHER SERVICE MIAMI, FL
427 AM EST THU JAN 29 2015


...................................

...THE WEST PALM BEACH CLIMATE SUMMARY FOR JANUARY 28 2015...

CLIMATE NORMAL PERIOD 1981 TO 2010
CLIMATE RECORD PERIOD 1888 TO 2015


WEATHER ITEM   OBSERVED TIME   RECORD YEAR NORMAL DEPARTURE LAST
                VALUE   (LST)  VALUE       VALUE  FROM      YEAR
                                                  NORMAL
..................................................................
TEMPERATURE (F)
 YESTERDAY
  MAXIMUM         68    307 PM  87    1991  75     -7       82
                                      1952
                                      1929
  MINIMUM         49    722 AM  31    1986  57     -8       58
  AVERAGE         59                        66     -7       70

PRECIPITATION (IN)
  YESTERDAY        0.00          2.16 1924   0.10  -0.10     0.00
  MONTH TO DATE    1.05                      2.86  -1.81     6.72
  SINCE NOV 1      4.75                     10.99  -6.24    13.84
  SINCE JAN 1      1.05                      2.86  -1.81     6.72

SNOWFALL (IN)
  YESTERDAY        0.0
  MONTH TO DATE    0.0
  SINCE DEC 1      0.0
  SINCE JUL 1      0.0
  SNOW DEPTH       0

DEGREE DAYS
 HEATING
  YESTERDAY        6                         2      4
  MONTH TO DATE   24                        82    -58
  SINCE DEC 1     49                       141    -92
  SINCE JUL 1     66                       153    -87

 COOLING
  YESTERDAY        0                         4     -4
  MONTH TO DATE  164                        94     70
  SINCE DEC 1    362                       249    113
  SINCE JAN 1    164                        94     70
..................................................................


WIND (MPH)
  HIGHEST WIND SPEED    20   HIGHEST WIND DIRECTION     N (20)
  HIGHEST GUST SPEED    25   HIGHEST GUST DIRECTION     N (20)
  AVERAGE WIND SPEED    11.8


SKY COVER
  AVERAGE SKY COVER 0.2


WEATHER CONDITIONS
 THE FOLLOWING WEATHER WAS RECORDED YESTERDAY.
  NO SIGNIFICANT WEATHER WAS OBSERVED.


RELATIVE HUMIDITY (PERCENT)
 HIGHEST    93
 LOWEST     22
 AVERAGE    58

..........................................................


THE WEST PALM BEACH CLIMATE NORMALS FOR TODAY
                         NORMAL    RECORD    YEAR
 MAXIMUM TEMPERATURE (F)   75        85      2009
                                             1991
 MINIMUM TEMPERATURE (F)   57        31      1928


SUNRISE AND SUNSET
JANUARY 29 2015.......SUNRISE   707 AM EST   SUNSET   600 PM EST
JANUARY 30 2015.......SUNRISE   707 AM EST   SUNSET   601 PM EST


-  INDICATES NEGATIVE NUMBERS.
R  INDICATES RECORD WAS SET OR TIED.
MM INDICATES DATA IS MISSING.
T  INDICATES TRACE AMOUNT.




$$





U.S. Dept. of Commerce
NOAA National Weather Service
1325 East West Highway
Silver Spring, MD 20910
E-mail: w-nws.webmaster@noaa.gov
Page last modified: May 16, 2007
NATIONAL WEATHER SERVICE: for Safety, for Work, for Fun - FOR LIFE