902
CDUS42 KMFL 302245
CLIPBI


CLIMATE REPORT
NATIONAL WEATHER SERVICE MIAMI, FL
645 PM EDT TUE SEP 30 2014


...................................

...THE WEST PALM BEACH CLIMATE SUMMARY FOR SEPTEMBER 30 2014...
VALID TODAY AS OF 0500 PM LOCAL TIME.

CLIMATE NORMAL PERIOD 1981 TO 2010
CLIMATE RECORD PERIOD 1894 TO 2014


WEATHER ITEM   OBSERVED TIME   RECORD YEAR NORMAL DEPARTURE LAST
                VALUE   (LST)  VALUE       VALUE  FROM      YEAR
                                                  NORMAL
..................................................................
TEMPERATURE (F)
 TODAY
  MAXIMUM         82    500 PM  95    1980  87     -5       88
  MINIMUM         75        MM  63    1919  75      0       73
  AVERAGE         79                        81     -2       81

PRECIPITATION (IN)
  TODAY            T             3.87 1909   0.25  -0.25     0.00
  MONTH TO DATE    9.09                      8.35   0.74     9.10
  SINCE JUN 1     34.51                     30.36   4.15    31.77
  SINCE JAN 1     52.23                     49.07   3.16    56.72

SNOWFALL (IN)
  TODAY            0.0
  MONTH TO DATE    0.0
  SINCE SEP 1      0.0
  SINCE JUL 1      0.0
  SNOW DEPTH       0

DEGREE DAYS
 HEATING
  TODAY            0                         0      0
  MONTH TO DATE    0                         0      0
  SINCE SEP 1      0                         0      0
  SINCE JUL 1      0                         0      0

 COOLING
  TODAY           14                        16     -2
  MONTH TO DATE  507                       502      5
  SINCE SEP 1    507                       502      5
  SINCE JAN 1   3515                      3208    307
..................................................................


WIND (MPH)
  HIGHEST WIND SPEED     7   HIGHEST WIND DIRECTION    SW (230)
  HIGHEST GUST SPEED    MM   HIGHEST GUST DIRECTION    MM
  AVERAGE WIND SPEED     2.6


SKY COVER
  AVERAGE SKY COVER 0.7


WEATHER CONDITIONS
 THE FOLLOWING WEATHER WAS RECORDED TODAY.
  THUNDERSTORM


RELATIVE HUMIDITY (PERCENT)
 HIGHEST   100
 LOWEST     94
 AVERAGE    97

..........................................................


THE WEST PALM BEACH CLIMATE NORMALS FOR TOMORROW
                         NORMAL    RECORD    YEAR
 MAXIMUM TEMPERATURE (F)   87        94      1902
 MINIMUM TEMPERATURE (F)   74        55      1920


SUNRISE AND SUNSET
SEPTEMBER 30 2014.....SUNRISE   712 AM EDT   SUNSET   708 PM EDT
OCTOBER  1 2014.......SUNRISE   713 AM EDT   SUNSET   707 PM EDT


-  INDICATES NEGATIVE NUMBERS.
R  INDICATES RECORD WAS SET OR TIED.
MM INDICATES DATA IS MISSING.
T  INDICATES TRACE AMOUNT.




$$





U.S. Dept. of Commerce
NOAA National Weather Service
1325 East West Highway
Silver Spring, MD 20910
E-mail: w-nws.webmaster@noaa.gov
Page last modified: May 16, 2007
NATIONAL WEATHER SERVICE: for Safety, for Work, for Fun - FOR LIFE