223
CDUS42 KMFL 270934
CLIPBI


CLIMATE REPORT
NATIONAL WEATHER SERVICE MIAMI, FL
433 AM EST THU NOV 27 2014


...................................

...THE WEST PALM BEACH CLIMATE SUMMARY FOR NOVEMBER 26 2014...

CLIMATE NORMAL PERIOD 1981 TO 2010
CLIMATE RECORD PERIOD 1894 TO 2014


WEATHER ITEM   OBSERVED TIME   RECORD YEAR NORMAL DEPARTURE LAST
                VALUE   (LST)  VALUE       VALUE  FROM      YEAR
                                                  NORMAL
..................................................................
TEMPERATURE (F)
 YESTERDAY
  MAXIMUM         80    748 AM  87    1948  79      1       83
                                      1920
                                      1902
  MINIMUM         56   1159 PM  36    1950  64     -8       73
  AVERAGE         68                        71     -3       78

PRECIPITATION (IN)
  YESTERDAY        0.14          2.15 1921   0.13   0.01     0.09
  MONTH TO DATE    1.94                      4.22  -2.28     2.19
  SINCE NOV 1      1.94                      4.22  -2.28     2.19
  SINCE JAN 1     59.53                     58.42   1.11    60.05

SNOWFALL (IN)
  YESTERDAY        0.0
  MONTH TO DATE    0.0
  SINCE SEP 1      0.0
  SINCE JUL 1      0.0
  SNOW DEPTH       0

DEGREE DAYS
 HEATING
  YESTERDAY        0                         1     -1
  MONTH TO DATE   10                         5      5
  SINCE SEP 1     10                         6      4
  SINCE JUL 1     10                         6      4

 COOLING
  YESTERDAY        3                         7     -4
  MONTH TO DATE  194                       218    -24
  SINCE SEP 1   1122                      1133    -11
  SINCE JAN 1   4130                      3839    291
..................................................................


WIND (MPH)
  HIGHEST WIND SPEED    28   HIGHEST WIND DIRECTION     W (290)
  HIGHEST GUST SPEED    32   HIGHEST GUST DIRECTION     W (290)
  AVERAGE WIND SPEED    12.2


SKY COVER
  AVERAGE SKY COVER 0.7


WEATHER CONDITIONS
 THE FOLLOWING WEATHER WAS RECORDED YESTERDAY.
  LIGHT RAIN
  FOG


RELATIVE HUMIDITY (PERCENT)
 HIGHEST    91
 LOWEST     65
 AVERAGE    78

..........................................................


THE WEST PALM BEACH CLIMATE NORMALS FOR TODAY
                         NORMAL    RECORD    YEAR
 MAXIMUM TEMPERATURE (F)   79        89      1948
                                             1927
 MINIMUM TEMPERATURE (F)   64        40      1949


SUNRISE AND SUNSET
NOVEMBER 27 2014......SUNRISE   649 AM EST   SUNSET   527 PM EST
NOVEMBER 28 2014......SUNRISE   650 AM EST   SUNSET   527 PM EST


-  INDICATES NEGATIVE NUMBERS.
R  INDICATES RECORD WAS SET OR TIED.
MM INDICATES DATA IS MISSING.
T  INDICATES TRACE AMOUNT.




$$





U.S. Dept. of Commerce
NOAA National Weather Service
1325 East West Highway
Silver Spring, MD 20910
E-mail: w-nws.webmaster@noaa.gov
Page last modified: May 16, 2007
NATIONAL WEATHER SERVICE: for Safety, for Work, for Fun - FOR LIFE