593
CDUS44 KLZK 261009
CLIPBF


CLIMATE REPORT
NATIONAL WEATHER SERVICE LITTLE ROCK AR
409 AM CST WED NOV 26 2014


...................................

...THE PINE BLUFF CLIMATE SUMMARY FOR NOVEMBER 25 2014...

CLIMATE NORMAL PERIOD 1981 TO 2010
CLIMATE RECORD PERIOD 1883 TO 2014


WEATHER ITEM   OBSERVED TIME   RECORD YEAR NORMAL DEPARTURE LAST
                VALUE   (LST)  VALUE       VALUE  FROM      YEAR
                                                  NORMAL
..................................................................
TEMPERATURE (F)
 YESTERDAY
  MAXIMUM         54    323 PM  82    1908  60     -6       35
  MINIMUM         32    741 AM  18    1950  40     -8       31
  AVERAGE         43                        50     -7       33

PRECIPITATION (IN)
  YESTERDAY        0.00          1.70 1987   0.17  -0.17     0.23
  MONTH TO DATE    3.15                      3.95  -0.80     2.88
  SINCE SEP 1     10.30                     11.64  -1.34    11.30
  SINCE JAN 1     40.21                     44.83  -4.62    44.93

SNOWFALL (IN)
  YESTERDAY        0.0          MM      MM   0.0    0.0       T
  MONTH TO DATE    0.1                       0.0    0.1       T
  SINCE SEP 1      0.1                       0.0    0.1       T
  SINCE JUL 1      0.1                       0.0    0.1       T
  SNOW DEPTH       0

DEGREE DAYS
 HEATING
  YESTERDAY       22                        15      7       32
  MONTH TO DATE  450                       285    165      349
  SINCE SEP 1    534                       422    112      468
  SINCE JUL 1    535                       422    113      468

 COOLING
  YESTERDAY        0                         0      0        0
  MONTH TO DATE    0                        10    -10        6
  SINCE SEP 1    397                       371     26      484
  SINCE JAN 1   1898                      2129   -231     2148
..................................................................


WIND (MPH)
  HIGHEST WIND SPEED    10   HIGHEST WIND DIRECTION     N (340)
  HIGHEST GUST SPEED    12   HIGHEST GUST DIRECTION    NW (310)
  AVERAGE WIND SPEED     3.1


SKY COVER
  POSSIBLE SUNSHINE  MM
  AVERAGE SKY COVER 0.0


WEATHER CONDITIONS
 THE FOLLOWING WEATHER WAS RECORDED YESTERDAY.
  NO SIGNIFICANT WEATHER WAS OBSERVED.


RELATIVE HUMIDITY (PERCENT)
 HIGHEST    89          1100 PM
 LOWEST     32           200 PM
 AVERAGE    61

..........................................................


THE PINE BLUFF CLIMATE NORMALS FOR TODAY
                         NORMAL    RECORD    YEAR
 MAXIMUM TEMPERATURE (F)   59        84      1964
 MINIMUM TEMPERATURE (F)   39        23      1928


SUNRISE AND SUNSET
NOVEMBER 26 2014......SUNRISE   651 AM CST   SUNSET   459 PM CST
NOVEMBER 27 2014......SUNRISE   652 AM CST   SUNSET   459 PM CST


-  INDICATES NEGATIVE NUMBERS.
R  INDICATES RECORD WAS SET OR TIED.
MM INDICATES DATA IS MISSING.
T  INDICATES TRACE AMOUNT.




$$





U.S. Dept. of Commerce
NOAA National Weather Service
1325 East West Highway
Silver Spring, MD 20910
E-mail: w-nws.webmaster@noaa.gov
Page last modified: May 16, 2007
NATIONAL WEATHER SERVICE: for Safety, for Work, for Fun - FOR LIFE