260
CDUS44 KLZK 210902
CLIPBF


CLIMATE REPORT
NATIONAL WEATHER SERVICE LITTLE ROCK AR
401 AM CDT TUE OCT 21 2014


...................................

...THE PINE BLUFF CLIMATE SUMMARY FOR OCTOBER 20 2014...

CLIMATE NORMAL PERIOD 1981 TO 2010
CLIMATE RECORD PERIOD 1883 TO 2014


WEATHER ITEM   OBSERVED TIME   RECORD YEAR NORMAL DEPARTURE LAST
                VALUE   (LST)  VALUE       VALUE  FROM      YEAR
                                                  NORMAL
..................................................................
TEMPERATURE (F)
 YESTERDAY
  MAXIMUM         72    337 PM  91    1927  74     -2       67
                                      1920
  MINIMUM         45    617 AM  29    1917  50     -5       40
  AVERAGE         59                        62     -3       54

PRECIPITATION (IN)
  YESTERDAY        0.00          1.65 1949   0.18  -0.18     0.00
  MONTH TO DATE    5.04                      3.16   1.88     2.43
  SINCE SEP 1      5.83                      5.85  -0.02     6.91
  SINCE JAN 1     35.74                     39.04  -3.30    40.54

SNOWFALL (IN)
  YESTERDAY        0.0           0.0  2002   0.0    0.0      0.0
                                      2001
  MONTH TO DATE    0.0                       0.0    0.0      0.0
  SINCE SEP 1      0.0                       0.0    0.0      0.0
  SINCE JUL 1      0.0                       0.0    0.0      0.0
  SNOW DEPTH       0

DEGREE DAYS
 HEATING
  YESTERDAY        6                         5      1       11
  MONTH TO DATE   36                        56    -20       45
  SINCE SEP 1     39                        67    -28       45
  SINCE JUL 1     40                        67    -27       45

 COOLING
  YESTERDAY        0                         2     -2        0
  MONTH TO DATE   77                        59     18       88
  SINCE SEP 1    382                       345     37      476
  SINCE JAN 1   1883                      2103   -220     2140
..................................................................


WIND (MPH)
  HIGHEST WIND SPEED     9   HIGHEST WIND DIRECTION     W (280)
  HIGHEST GUST SPEED    12   HIGHEST GUST DIRECTION     W (280)
  AVERAGE WIND SPEED     3.1


SKY COVER
  POSSIBLE SUNSHINE  MM
  AVERAGE SKY COVER 0.1


WEATHER CONDITIONS
 THE FOLLOWING WEATHER WAS RECORDED YESTERDAY.
  FOG


RELATIVE HUMIDITY (PERCENT)
 HIGHEST    93          1200 AM
 LOWEST     49           100 PM
 AVERAGE    71

..........................................................


THE PINE BLUFF CLIMATE NORMALS FOR TODAY
                         NORMAL    RECORD    YEAR
 MAXIMUM TEMPERATURE (F)   73        93      1927
 MINIMUM TEMPERATURE (F)   50        29      1952


SUNRISE AND SUNSET
OCTOBER 21 2014.......SUNRISE   718 AM CDT   SUNSET   626 PM CDT
OCTOBER 22 2014.......SUNRISE   719 AM CDT   SUNSET   625 PM CDT


-  INDICATES NEGATIVE NUMBERS.
R  INDICATES RECORD WAS SET OR TIED.
MM INDICATES DATA IS MISSING.
T  INDICATES TRACE AMOUNT.




$$





U.S. Dept. of Commerce
NOAA National Weather Service
1325 East West Highway
Silver Spring, MD 20910
E-mail: w-nws.webmaster@noaa.gov
Page last modified: May 16, 2007
NATIONAL WEATHER SERVICE: for Safety, for Work, for Fun - FOR LIFE