702
CDUS44 KLZK 240904
CLIPBF


CLIMATE REPORT
NATIONAL WEATHER SERVICE LITTLE ROCK AR
404 AM CDT FRI OCT 24 2014


...................................

...THE PINE BLUFF CLIMATE SUMMARY FOR OCTOBER 23 2014...

CLIMATE NORMAL PERIOD 1981 TO 2010
CLIMATE RECORD PERIOD 1883 TO 2014


WEATHER ITEM   OBSERVED TIME   RECORD YEAR NORMAL DEPARTURE LAST
                VALUE   (LST)  VALUE       VALUE  FROM      YEAR
                                                  NORMAL
..................................................................
TEMPERATURE (F)
 YESTERDAY
  MAXIMUM         65    357 PM  96    1939  73     -8       66
  MINIMUM         45    230 AM  28    1952  50     -5       46
  AVERAGE         55                        61     -6       56

PRECIPITATION (IN)
  YESTERDAY        0.00          2.30 1913   0.17  -0.17     0.00
  MONTH TO DATE    5.04                      3.70   1.34     2.53
  SINCE SEP 1      5.83                      6.39  -0.56     7.01
  SINCE JAN 1     35.74                     39.58  -3.84    40.64

SNOWFALL (IN)
  YESTERDAY        0.0          MM      MM   0.0    0.0      0.0
  MONTH TO DATE    0.0                       0.0    0.0      0.0
  SINCE SEP 1      0.0                       0.0    0.0      0.0
  SINCE JUL 1      0.0                       0.0    0.0      0.0
  SNOW DEPTH       0

DEGREE DAYS
 HEATING
  YESTERDAY       10                         6      4        9
  MONTH TO DATE   51                        72    -21       64
  SINCE SEP 1     54                        83    -29       64
  SINCE JUL 1     55                        83    -28       64

 COOLING
  YESTERDAY        0                         2     -2        0
  MONTH TO DATE   78                        65     13       88
  SINCE SEP 1    383                       351     32      476
  SINCE JAN 1   1884                      2109   -225     2140
..................................................................


WIND (MPH)
  HIGHEST WIND SPEED     8   HIGHEST WIND DIRECTION     N (360)
  HIGHEST GUST SPEED    10   HIGHEST GUST DIRECTION     N (10)
  AVERAGE WIND SPEED     1.7


SKY COVER
  POSSIBLE SUNSHINE  MM
  AVERAGE SKY COVER 0.0


WEATHER CONDITIONS
 THE FOLLOWING WEATHER WAS RECORDED YESTERDAY.
  NO SIGNIFICANT WEATHER WAS OBSERVED.


RELATIVE HUMIDITY (PERCENT)
 HIGHEST    93           500 AM
 LOWEST     48           400 PM
 AVERAGE    71

..........................................................


THE PINE BLUFF CLIMATE NORMALS FOR TODAY
                         NORMAL    RECORD    YEAR
 MAXIMUM TEMPERATURE (F)   72        95      1927
 MINIMUM TEMPERATURE (F)   49        27      1917


SUNRISE AND SUNSET
OCTOBER 24 2014.......SUNRISE   720 AM CDT   SUNSET   623 PM CDT
OCTOBER 25 2014.......SUNRISE   721 AM CDT   SUNSET   622 PM CDT


-  INDICATES NEGATIVE NUMBERS.
R  INDICATES RECORD WAS SET OR TIED.
MM INDICATES DATA IS MISSING.
T  INDICATES TRACE AMOUNT.




$$





U.S. Dept. of Commerce
NOAA National Weather Service
1325 East West Highway
Silver Spring, MD 20910
E-mail: w-nws.webmaster@noaa.gov
Page last modified: May 16, 2007
NATIONAL WEATHER SERVICE: for Safety, for Work, for Fun - FOR LIFE