780
CDUS43 KPAH 210629
CLIPAH

CLIMATE REPORT
NATIONAL WEATHER SERVICE PADUCAH KY
126 AM CDT MON APR 21 2014

...................................

...THE PADUCAH KY CLIMATE SUMMARY FOR APRIL 20 2014...

CLIMATE NORMAL PERIOD 1981 TO 2010
CLIMATE RECORD PERIOD 1937 TO 2014

WEATHER ITEM   OBSERVED TIME   RECORD YEAR NORMAL DEPARTURE LAST
                VALUE   (LST)  VALUE       VALUE  FROM      YEAR
                                                  NORMAL
..................................................................
TEMPERATURE (F)
 YESTERDAY
  MAXIMUM         80    341 PM  88    1987  71      9       62
                                      1971
  MINIMUM         47    521 AM  27    1983  48     -1       32
  AVERAGE         64                        60      4       47

PRECIPITATION (IN)
  YESTERDAY        0.00          2.71 1995   0.16  -0.16     0.00
  MONTH TO DATE    4.73                      3.03   1.70     3.91
  SINCE MAR 1      8.38                      6.96   1.42     7.93
  SINCE JAN 1     13.56                     14.55  -0.99    19.68

SNOWFALL (IN)
  YESTERDAY        0.0           0.0  2002   0.0    0.0      0.0
                                      2001
  MONTH TO DATE    0.0                       0.0    0.0      0.0
  SINCE MAR 1      5.6                       0.6    5.0      0.7
  SINCE JUL 1     18.5                       9.1    9.4      6.8
  SNOW DEPTH       0

DEGREE DAYS
 HEATING
  YESTERDAY        1                         7     -6       18
  MONTH TO DATE  155                       190    -35      197
  SINCE MAR 1    801                       713     88      912
  SINCE JUL 1   4456                      4009    447     4023

 COOLING
  YESTERDAY        0                         1     -1        0
  MONTH TO DATE   21                        20      1       31
  SINCE MAR 1     21                        27     -6       31
  SINCE JAN 1     21                        27     -6       31
..................................................................

WIND (MPH)
  HIGHEST WIND SPEED    12   HIGHEST WIND DIRECTION     S (170)
  HIGHEST GUST SPEED    16   HIGHEST GUST DIRECTION     S (180)
  AVERAGE WIND SPEED     2.6

SKY COVER
  POSSIBLE SUNSHINE  MM
  AVERAGE SKY COVER 0.0

WEATHER CONDITIONS
 THE FOLLOWING WEATHER WAS RECORDED YESTERDAY.
  NO SIGNIFICANT WEATHER WAS OBSERVED.

RELATIVE HUMIDITY (PERCENT)
 HIGHEST    80           500 AM
 LOWEST     25           200 PM
 AVERAGE    53
..........................................................

THE PADUCAH KY CLIMATE NORMALS FOR TODAY
                         NORMAL    RECORD    YEAR
 MAXIMUM TEMPERATURE (F)   71        90      1987
                                             1946
 MINIMUM TEMPERATURE (F)   48        30      1943

SUNRISE AND SUNSET
APRIL 21 2014.........SUNRISE   613 AM CDT   SUNSET   735 PM CDT
APRIL 22 2014.........SUNRISE   612 AM CDT   SUNSET   736 PM CDT

-  INDICATES NEGATIVE NUMBERS.
R  INDICATES RECORD WAS SET OR TIED.
MM INDICATES DATA IS MISSING.
T  INDICATES TRACE AMOUNT.

&&
..........................................................
***** AGRICULTURAL DATA *****

SOIL TEMPERATURES AT A DEPTH OF FOUR INCHES

UNDER BARE GROUND...  MAX: MM  MIN: MM
UNDER GRASS.........  MAX: 57  MIN: 55

$$









U.S. Dept. of Commerce
NOAA National Weather Service
1325 East West Highway
Silver Spring, MD 20910
E-mail: w-nws.webmaster@noaa.gov
Page last modified: May 16, 2007
NATIONAL WEATHER SERVICE: for Safety, for Work, for Fun - FOR LIFE