175
CDUS43 KPAH 240632
CLIPAH


CLIMATE REPORT
NATIONAL WEATHER SERVICE PADUCAH KY
131 AM CDT FRI OCT 24 2014


...................................

...THE PADUCAH KY CLIMATE SUMMARY FOR OCTOBER 23 2014...

CLIMATE NORMAL PERIOD 1981 TO 2010
CLIMATE RECORD PERIOD 1937 TO 2014


WEATHER ITEM   OBSERVED TIME   RECORD YEAR NORMAL DEPARTURE LAST
                VALUE   (LST)  VALUE       VALUE  FROM      YEAR
                                                  NORMAL
..................................................................
TEMPERATURE (F)
 YESTERDAY
  MAXIMUM         62        MM  84    2000  69     -7       54
                                      1940
  MINIMUM         34        MM  27    1969  45    -11       40
  AVERAGE         48                        57     -9       47

PRECIPITATION (IN)
  YESTERDAY        0.00          1.74 2007   0.13  -0.13     0.00
  MONTH TO DATE    3.14                      2.99   0.15     4.92
  SINCE SEP 1      4.11                      6.74  -2.63     8.02
  SINCE JAN 1     40.88                     39.22   1.66    48.79

SNOWFALL (IN)
  YESTERDAY        0.0           0.0  2002   0.0    0.0      0.0
                                      2001
  MONTH TO DATE    0.0                       0.0    0.0      0.0
  SINCE SEP 1      0.0                       0.0    0.0      0.0
  SINCE JUL 1      0.0                       0.0    0.0      0.0
  SNOW DEPTH       0

DEGREE DAYS
 HEATING
  YESTERDAY       17                         9      8       18
  MONTH TO DATE  142                       147     -5      113
  SINCE SEP 1    163                       185    -22      118
  SINCE JUL 1    163                       186    -23      118

 COOLING
  YESTERDAY        0                         1     -1        0
  MONTH TO DATE   37                        34      3       63
  SINCE SEP 1    239                       221     18      297
  SINCE JAN 1   1710                      1534    176     1471
..................................................................


WIND (MPH)
  HIGHEST WIND SPEED     8   HIGHEST WIND DIRECTION     E (100)
  HIGHEST GUST SPEED    MM   HIGHEST GUST DIRECTION    MM
  AVERAGE WIND SPEED     1.9


SKY COVER
  POSSIBLE SUNSHINE  MM
  AVERAGE SKY COVER 0.0


WEATHER CONDITIONS
 THE FOLLOWING WEATHER WAS RECORDED YESTERDAY.
  FOG


RELATIVE HUMIDITY (PERCENT)
 HIGHEST   100           200 AM
 LOWEST     55          1200 PM
 AVERAGE    78

..........................................................


THE PADUCAH KY CLIMATE NORMALS FOR TODAY
                         NORMAL    RECORD    YEAR
 MAXIMUM TEMPERATURE (F)   68        89      1939
 MINIMUM TEMPERATURE (F)   45        22      1981


SUNRISE AND SUNSET
OCTOBER 24 2014.......SUNRISE   711 AM CDT   SUNSET   607 PM CDT
OCTOBER 25 2014.......SUNRISE   712 AM CDT   SUNSET   605 PM CDT


-  INDICATES NEGATIVE NUMBERS.
R  INDICATES RECORD WAS SET OR TIED.
MM INDICATES DATA IS MISSING.
T  INDICATES TRACE AMOUNT.

&&
..........................................................
***** AGRICULTURAL DATA *****

SOIL TEMPERATURES AT A DEPTH OF FOUR INCHES

UNDER BARE GROUND...  MAX: MM  MIN: MM
UNDER GRASS.........  MAX: 61  MIN: 60

$$









U.S. Dept. of Commerce
NOAA National Weather Service
1325 East West Highway
Silver Spring, MD 20910
E-mail: w-nws.webmaster@noaa.gov
Page last modified: May 16, 2007
NATIONAL WEATHER SERVICE: for Safety, for Work, for Fun - FOR LIFE