999
CDUS43 KPAH 302134
CLIPAH


CLIMATE REPORT
NATIONAL WEATHER SERVICE PADUCAH KY
432 PM CDT TUE SEP 30 2014

...................................

...THE PADUCAH KY CLIMATE SUMMARY FOR SEPTEMBER 30 2014...
VALID TODAY AS OF 0400 PM LOCAL TIME.

CLIMATE NORMAL PERIOD 1981 TO 2010
CLIMATE RECORD PERIOD 1937 TO 2014

WEATHER ITEM   OBSERVED TIME   RECORD YEAR NORMAL DEPARTURE LAST
                VALUE   (LST)  VALUE       VALUE  FROM      YEAR
                                                  NORMAL
..................................................................
TEMPERATURE (F)
 TODAY
  MAXIMUM         86    300 PM  91    1998  77      9       70
                                      1953
  MINIMUM         52    526 AM  34    1949  52      0       65
  AVERAGE         69                        64      5       68

PRECIPITATION (IN)
  TODAY            0.00          1.02 1939   0.14  -0.14      T
  MONTH TO DATE    0.97                      3.75  -2.78     3.10
  SINCE SEP 1      0.97                      3.75  -2.78     3.10
  SINCE JAN 1     37.74                     36.23   1.51    43.87

SNOWFALL (IN)
  TODAY            0.0                                       0.0
  MONTH TO DATE    0.0                                       0.0
  SINCE JUL 1      0.0                                       0.0
  SNOW DEPTH       0
..................................................................

WIND (MPH)
  HIGHEST WIND SPEED     7   HIGHEST WIND DIRECTION    NE (40)
  HIGHEST GUST SPEED    16   HIGHEST GUST DIRECTION    NE (60)

RELATIVE HUMIDITY (PERCENT)
 HIGHEST   100
 LOWEST     32
..........................................................

THE PADUCAH KY CLIMATE NORMALS FOR TOMORROW
                         NORMAL    RECORD    YEAR
 MAXIMUM TEMPERATURE (F)   76        93      1953
 MINIMUM TEMPERATURE (F)   51        35      1984

SUNRISE AND SUNSET
SEPTEMBER 30 2014.....SUNRISE   650 AM CDT   SUNSET   640 PM CDT
OCTOBER  1 2014.......SUNRISE   650 AM CDT   SUNSET   638 PM CDT

-  INDICATES NEGATIVE NUMBERS.
R  INDICATES RECORD WAS SET OR TIED.
MM INDICATES DATA IS MISSING.
T  INDICATES TRACE AMOUNT.

$$






U.S. Dept. of Commerce
NOAA National Weather Service
1325 East West Highway
Silver Spring, MD 20910
E-mail: w-nws.webmaster@noaa.gov
Page last modified: May 16, 2007
NATIONAL WEATHER SERVICE: for Safety, for Work, for Fun - FOR LIFE