564
CDUS45 KLKN 270935
CLIP68


CLIMATE REPORT
NATIONAL WEATHER SERVICE ELKO NV
129 AM PST THU NOV 27 2014


...................................

...THE EUREKA AIRPORT NV CLIMATE SUMMARY FOR NOVEMBER 26 2014...

CLIMATE NORMAL PERIOD 1981 TO 2010
CLIMATE RECORD PERIOD 1963 TO 2014


WEATHER ITEM   OBSERVED TIME   RECORD YEAR NORMAL DEPARTURE LAST
                VALUE   (LST)  VALUE       VALUE  FROM      YEAR
                                                  NORMAL
..................................................................
TEMPERATURE (F)
 YESTERDAY
  MAXIMUM         64R   152 PM  62    1998  44     20       50
  MINIMUM         27    153 AM -12    1992  16     11       20
  AVERAGE         46                        30     16       35

PRECIPITATION (IN)
  YESTERDAY        0.00          0.27 1989   0.02  -0.02     0.00
  MONTH TO DATE    0.33                      0.70  -0.37     0.64
  SINCE OCT 1      0.33                      1.44  -1.11     1.33
  SINCE JAN 1      8.27                      8.31  -0.04     7.47

DEGREE DAYS
 HEATING
  YESTERDAY       19                        35    -16       30
  MONTH TO DATE  725                       770    -45      693
  SINCE SEP 1   1222                      1570   -348     1501
  SINCE JUL 1   1247                      1617   -370     1502

 COOLING
  YESTERDAY        0                         0      0        0
  MONTH TO DATE    0                         0      0        0
  SINCE SEP 1     37                        11     26       44
  SINCE JAN 1    436                       288    148      585
..................................................................


WIND (MPH)
  HIGHEST WIND SPEED    15   HIGHEST WIND DIRECTION    SW (210)
  HIGHEST GUST SPEED    17   HIGHEST GUST DIRECTION     W (260)
  AVERAGE WIND SPEED     7.6




RELATIVE HUMIDITY (PERCENT)
 HIGHEST    81           200 AM
 LOWEST     17           200 PM
 AVERAGE    49

..........................................................


THE EUREKA AIRPORT NV CLIMATE NORMALS FOR TODAY
                         NORMAL    RECORD    YEAR
 MAXIMUM TEMPERATURE (F)   44        60      1999
 MINIMUM TEMPERATURE (F)   16        -4      1993


SUNRISE AND SUNSET
NOVEMBER 27 2014......SUNRISE   641 AM PST   SUNSET   422 PM PST
NOVEMBER 28 2014......SUNRISE   642 AM PST   SUNSET   421 PM PST


-  INDICATES NEGATIVE NUMBERS.
R  INDICATES RECORD WAS SET OR TIED.
MM INDICATES DATA IS MISSING.
T  INDICATES TRACE AMOUNT.




$$






U.S. Dept. of Commerce
NOAA National Weather Service
1325 East West Highway
Silver Spring, MD 20910
E-mail: w-nws.webmaster@noaa.gov
Page last modified: May 16, 2007
NATIONAL WEATHER SERVICE: for Safety, for Work, for Fun - FOR LIFE