135
CDUS45 KLKN 250930
CLIP68


CLIMATE REPORT
NATIONAL WEATHER SERVICE ELKO NV
227 AM PDT SAT OCT 25 2014


...................................

...THE EUREKA AIRPORT NV CLIMATE SUMMARY FOR OCTOBER 24 2014...

CLIMATE NORMAL PERIOD 1981 TO 2010
CLIMATE RECORD PERIOD 1963 TO 2014


WEATHER ITEM   OBSERVED TIME   RECORD YEAR NORMAL DEPARTURE LAST
                VALUE   (LST)  VALUE       VALUE  FROM      YEAR
                                                  NORMAL
..................................................................
TEMPERATURE (F)
 YESTERDAY
  MAXIMUM         78R   209 PM  78    2007  60     18       71
  MINIMUM         31    631 AM   9    1995  26      5       31
  AVERAGE         55                        43     12       51

PRECIPITATION (IN)
  YESTERDAY        0.00          0.56 2010   0.03  -0.03     0.00
  MONTH TO DATE    0.00                      0.54  -0.54     0.25
  SINCE OCT 1      0.00                      0.54  -0.54     0.25
  SINCE JAN 1      7.94                      7.41   0.53     6.39

DEGREE DAYS
 HEATING
  YESTERDAY       10                        22    -12       14
  MONTH TO DATE  277                       420   -143      459
  SINCE SEP 1    370                       637   -267      649
  SINCE JUL 1    395                       684   -289      650

 COOLING
  YESTERDAY        0                         0      0        0
  MONTH TO DATE    0                         0      0        0
  SINCE SEP 1     37                        11     26       44
  SINCE JAN 1    436                       288    148      585
..................................................................


WIND (MPH)
  HIGHEST WIND SPEED    25   HIGHEST WIND DIRECTION     S (180)
  HIGHEST GUST SPEED    32   HIGHEST GUST DIRECTION     S (170)
  AVERAGE WIND SPEED     9.7




RELATIVE HUMIDITY (PERCENT)
 HIGHEST    59           600 AM
 LOWEST     11           300 PM
 AVERAGE    35

..........................................................


THE EUREKA AIRPORT NV CLIMATE NORMALS FOR TODAY
                         NORMAL    RECORD    YEAR
 MAXIMUM TEMPERATURE (F)   60        77      1988
 MINIMUM TEMPERATURE (F)   26        11      1997


SUNRISE AND SUNSET
OCTOBER 25 2014.......SUNRISE   704 AM PDT   SUNSET   551 PM PDT
OCTOBER 26 2014.......SUNRISE   706 AM PDT   SUNSET   550 PM PDT


-  INDICATES NEGATIVE NUMBERS.
R  INDICATES RECORD WAS SET OR TIED.
MM INDICATES DATA IS MISSING.
T  INDICATES TRACE AMOUNT.




$$






U.S. Dept. of Commerce
NOAA National Weather Service
1325 East West Highway
Silver Spring, MD 20910
E-mail: w-nws.webmaster@noaa.gov
Page last modified: May 16, 2007
NATIONAL WEATHER SERVICE: for Safety, for Work, for Fun - FOR LIFE