106
CDUS45 KLKN 300032
CLIP68


CLIMATE REPORT
NATIONAL WEATHER SERVICE ELKO NV
532 PM PDT MON SEP 29 2014


...................................

...THE EUREKA AIRPORT NV CLIMATE SUMMARY FOR SEPTEMBER 29 2014...
VALID TODAY AS OF 0500 PM LOCAL TIME.

CLIMATE NORMAL PERIOD 1981 TO 2010
CLIMATE RECORD PERIOD 1963 TO 2014


WEATHER ITEM   OBSERVED TIME   RECORD YEAR NORMAL DEPARTURE LAST
                VALUE   (LST)  VALUE       VALUE  FROM      YEAR
                                                  NORMAL
..................................................................
TEMPERATURE (F)
 TODAY
  MAXIMUM         54    340 PM  90    2010  72    -18       72
  MINIMUM         36    538 AM  15    1985  34      2       39
  AVERAGE         45                        53     -8       56

PRECIPITATION (IN)
  TODAY            0.00          0.39 1982   0.02  -0.02     0.00
  MONTH TO DATE    1.13                      0.56   0.57     1.19
  SINCE OCT 1     10.34                      8.98   1.36     7.58
  SINCE JAN 1      7.94                      6.85   1.09     6.14

DEGREE DAYS
 HEATING
  TODAY           20                        12      8        9
  MONTH TO DATE   81                       204   -123      181
  SINCE SEP 1     81                       204   -123      181
  SINCE JUL 1    106                       251   -145      182

 COOLING
  TODAY            0                         0      0        0
  MONTH TO DATE   37                         9     28       44
  SINCE SEP 1     37                         9     28       44
  SINCE JAN 1    436                       286    150      585
..................................................................


WIND (MPH)
  HIGHEST WIND SPEED    18   HIGHEST WIND DIRECTION    NW (300)
  HIGHEST GUST SPEED    22   HIGHEST GUST DIRECTION     W (290)




RELATIVE HUMIDITY (PERCENT)
 HIGHEST    92           200 AM
 LOWEST     54           100 PM
 AVERAGE    73

..........................................................


THE EUREKA AIRPORT NV CLIMATE NORMALS FOR TOMORROW
                         NORMAL    RECORD    YEAR
 MAXIMUM TEMPERATURE (F)   72        91      2010
 MINIMUM TEMPERATURE (F)   33        19      1995


SUNRISE AND SUNSET
SEPTEMBER 29 2014.....SUNRISE   638 AM PDT   SUNSET   629 PM PDT
SEPTEMBER 30 2014.....SUNRISE   639 AM PDT   SUNSET   628 PM PDT


-  INDICATES NEGATIVE NUMBERS.
R  INDICATES RECORD WAS SET OR TIED.
MM INDICATES DATA IS MISSING.
T  INDICATES TRACE AMOUNT.




$$





U.S. Dept. of Commerce
NOAA National Weather Service
1325 East West Highway
Silver Spring, MD 20910
E-mail: w-nws.webmaster@noaa.gov
Page last modified: May 16, 2007
NATIONAL WEATHER SERVICE: for Safety, for Work, for Fun - FOR LIFE