187
CDUS45 KLKN 200933
CLIP68


CLIMATE REPORT
NATIONAL WEATHER SERVICE ELKO NV
229 AM PDT SUN APR 20 2014


...................................

...THE EUREKA AIRPORT NV CLIMATE SUMMARY FOR APRIL 19 2014...

CLIMATE NORMAL PERIOD 1981 TO 2010
CLIMATE RECORD PERIOD 1963 TO 2014


WEATHER ITEM   OBSERVED TIME   RECORD YEAR NORMAL DEPARTURE LAST
                VALUE   (LST)  VALUE       VALUE  FROM      YEAR
                                                  NORMAL
..................................................................
TEMPERATURE (F)
 YESTERDAY
  MAXIMUM         71   1219 PM  79    1989  60     11       63
  MINIMUM         37    412 AM  12    2007  29      8       23
                                      1987
  AVERAGE         54                        44     10       43

PRECIPITATION (IN)
  YESTERDAY        0.00          0.38 1964   0.04  -0.04     0.00
  MONTH TO DATE    0.13                      0.60  -0.47     0.41
  SINCE OCT 1      4.87                      5.26  -0.39     3.92
  SINCE JAN 1      2.47                      3.13  -0.66     2.48

DEGREE DAYS
 HEATING
  YESTERDAY       11                        21    -10       22
  MONTH TO DATE  362                       438    -76      421
  SINCE MAR 1   1140                      1309   -169     1140
  SINCE JUL 1   5944                      6594   -650     6228

 COOLING
  YESTERDAY        0                         0      0        0
  MONTH TO DATE    0                         0      0        0
  SINCE MAR 1      0                         0      0        0
  SINCE JAN 1      0                         0      0        0
..................................................................


WIND (MPH)
  HIGHEST WIND SPEED    24   HIGHEST WIND DIRECTION     S (160)
  HIGHEST GUST SPEED    30   HIGHEST GUST DIRECTION     S (160)
  AVERAGE WIND SPEED     6.8




RELATIVE HUMIDITY (PERCENT)
 HIGHEST    85           400 AM
 LOWEST     26          1200 PM
 AVERAGE    56

..........................................................


THE EUREKA AIRPORT NV CLIMATE NORMALS FOR TODAY
                         NORMAL    RECORD    YEAR
 MAXIMUM TEMPERATURE (F)   60        82      1994
 MINIMUM TEMPERATURE (F)   29         4      1966


SUNRISE AND SUNSET
APRIL 20 2014.........SUNRISE   559 AM PDT   SUNSET   727 PM PDT
APRIL 21 2014.........SUNRISE   558 AM PDT   SUNSET   728 PM PDT


-  INDICATES NEGATIVE NUMBERS.
R  INDICATES RECORD WAS SET OR TIED.
MM INDICATES DATA IS MISSING.
T  INDICATES TRACE AMOUNT.




$$






U.S. Dept. of Commerce
NOAA National Weather Service
1325 East West Highway
Silver Spring, MD 20910
E-mail: w-nws.webmaster@noaa.gov
Page last modified: May 16, 2007
NATIONAL WEATHER SERVICE: for Safety, for Work, for Fun - FOR LIFE