648
CDUS45 KLKN 310947
CLIP68


CLIMATE REPORT
NATIONAL WEATHER SERVICE ELKO NV
246 AM PDT FRI OCT 31 2014


...................................

...THE EUREKA AIRPORT NV CLIMATE SUMMARY FOR OCTOBER 30 2014...

CLIMATE NORMAL PERIOD 1981 TO 2010
CLIMATE RECORD PERIOD 1963 TO 2014


WEATHER ITEM   OBSERVED TIME   RECORD YEAR NORMAL DEPARTURE LAST
                VALUE   (LST)  VALUE       VALUE  FROM      YEAR
                                                  NORMAL
..................................................................
TEMPERATURE (F)
 YESTERDAY
  MAXIMUM         72   1258 PM  74    2008  57     15       43
  MINIMUM         27    519 AM   0    1991  25      2       28
  AVERAGE         50                        41      9       36

PRECIPITATION (IN)
  YESTERDAY        0.00          0.29 2001   0.03  -0.03     0.00
  MONTH TO DATE    0.00                      0.71  -0.71     0.69
  SINCE OCT 1      0.00                      0.71  -0.71     0.69
  SINCE JAN 1      7.94                      7.58   0.36     6.83

DEGREE DAYS
 HEATING
  YESTERDAY       15                        24     -9       29
  MONTH TO DATE  393                       559   -166      591
  SINCE SEP 1    486                       776   -290      781
  SINCE JUL 1    511                       823   -312      782

 COOLING
  YESTERDAY        0                         0      0        0
  MONTH TO DATE    0                         0      0        0
  SINCE SEP 1     37                        11     26       44
  SINCE JAN 1    436                       288    148      585
..................................................................


WIND (MPH)
  HIGHEST WIND SPEED    22   HIGHEST WIND DIRECTION    SE (150)
  HIGHEST GUST SPEED    27   HIGHEST GUST DIRECTION     S (160)
  AVERAGE WIND SPEED     9.1




RELATIVE HUMIDITY (PERCENT)
 HIGHEST    58           300 AM
 LOWEST     12          1200 PM
 AVERAGE    35

..........................................................


THE EUREKA AIRPORT NV CLIMATE NORMALS FOR TODAY
                         NORMAL    RECORD    YEAR
 MAXIMUM TEMPERATURE (F)   57        73      1988
                                             1965
 MINIMUM TEMPERATURE (F)   24        -1      1991


SUNRISE AND SUNSET
OCTOBER 31 2014.......SUNRISE   711 AM PDT   SUNSET   543 PM PDT
NOVEMBER  1 2014......SUNRISE   712 AM PDT   SUNSET   542 PM PDT


-  INDICATES NEGATIVE NUMBERS.
R  INDICATES RECORD WAS SET OR TIED.
MM INDICATES DATA IS MISSING.
T  INDICATES TRACE AMOUNT.




$$






U.S. Dept. of Commerce
NOAA National Weather Service
1325 East West Highway
Silver Spring, MD 20910
E-mail: w-nws.webmaster@noaa.gov
Page last modified: May 16, 2007
NATIONAL WEATHER SERVICE: for Safety, for Work, for Fun - FOR LIFE