511
CDUS45 KRIW 230758
CLIP60


CLIMATE REPORT
NATIONAL WEATHER SERVICE RIVERTON WY
157 AM MDT WED APR 23 2014


...................................

...THE LAKE YELLOWSTONE WY CLIMATE SUMMARY FOR APRIL 22 2014...

CLIMATE NORMAL PERIOD 1981 TO 2010
CLIMATE RECORD PERIOD 1998 TO 2014


WEATHER ITEM   OBSERVED TIME   RECORD YEAR NORMAL DEPARTURE LAST
                VALUE   (LST)  VALUE       VALUE  FROM      YEAR
                                                  NORMAL
..................................................................
TEMPERATURE (F)
 YESTERDAY
  MAXIMUM         53    323 PM  58    2006  45      8       26
  MINIMUM         30   1122 PM   5    2008  21      9        6
  AVERAGE         42                        33      9       16

PRECIPITATION (IN)
  YESTERDAY        0.30R         0.16 2003   0.07   0.23     0.03
  MONTH TO DATE    2.45                      1.48   0.97     2.28
  SINCE MAR 1      7.03                      2.69   4.34     4.59
  SINCE JAN 1     12.11                      6.21   5.90     6.93

DEGREE DAYS
 HEATING
  YESTERDAY       23                        32     -9       49
  MONTH TO DATE  829                       768     61      881
  SINCE MAR 1   2202                      2070    132     2277
  SINCE JUL 1  10255                     10007    248    10144

 COOLING
  YESTERDAY        0                         0      0        0
  MONTH TO DATE    0                         0      0        0
  SINCE MAR 1      0                         0      0        0
  SINCE JAN 1      0                         0      0        0
..................................................................


WIND (MPH)
  HIGHEST WIND SPEED    18   HIGHEST WIND DIRECTION     W (260)
  HIGHEST GUST SPEED    33   HIGHEST GUST DIRECTION     W (260)
  AVERAGE WIND SPEED     2.3


SKY COVER
  POSSIBLE SUNSHINE  MM
  AVERAGE SKY COVER 0.0


WEATHER CONDITIONS
 THE FOLLOWING WEATHER WAS RECORDED YESTERDAY.
  NO SIGNIFICANT WEATHER WAS OBSERVED.


RELATIVE HUMIDITY (PERCENT)
 HIGHEST   100           500 AM
 LOWEST     41           200 PM
 AVERAGE    71

..........................................................


THE LAKE YELLOWSTONE WY CLIMATE NORMALS FOR TODAY
                         NORMAL    RECORD    YEAR
 MAXIMUM TEMPERATURE (F)   45        51      2009
 MINIMUM TEMPERATURE (F)   22       -11      2013


SUNRISE AND SUNSET
APRIL 23 2014.........SUNRISE   624 AM MDT   SUNSET   816 PM MDT
APRIL 24 2014.........SUNRISE   623 AM MDT   SUNSET   818 PM MDT


-  INDICATES NEGATIVE NUMBERS.
R  INDICATES RECORD WAS SET OR TIED.
MM INDICATES DATA IS MISSING.
T  INDICATES TRACE AMOUNT.




$$






U.S. Dept. of Commerce
NOAA National Weather Service
1325 East West Highway
Silver Spring, MD 20910
E-mail: w-nws.webmaster@noaa.gov
Page last modified: May 16, 2007
NATIONAL WEATHER SERVICE: for Safety, for Work, for Fun - FOR LIFE