548
CDUS45 KRIW 290035
CLIP60


CLIMATE REPORT
NATIONAL WEATHER SERVICE RIVERTON WY
535 PM MST FRI NOV 28 2014


...................................

...THE LAKE YELLOWSTONE WY CLIMATE SUMMARY FOR NOVEMBER 28 2014...
VALID TODAY AS OF 0500 PM LOCAL TIME.

CLIMATE NORMAL PERIOD 1981 TO 2010
CLIMATE RECORD PERIOD 1998 TO 2014


WEATHER ITEM   OBSERVED TIME   RECORD YEAR NORMAL DEPARTURE LAST
                VALUE   (LST)  VALUE       VALUE  FROM      YEAR
                                                  NORMAL
..................................................................
TEMPERATURE (F)
 TODAY
  MAXIMUM         40R       MM  40    2011  27     13       36
  MINIMUM         31   1200 AM -13    2004   7     24        7
  AVERAGE         36

PRECIPITATION (IN)
  TODAY            0.00          0.42 1998   0.06  -0.06     0.00
  MONTH TO DATE    1.78                      1.94  -0.16     1.01
  SINCE SEP 1      5.28                      4.59   0.69     6.70
  SINCE JAN 1     28.40                     18.66   9.74    18.87

DEGREE DAYS
 HEATING
  TODAY           29                        48    -19       43
  MONTH TO DATE 1211                      1175     36     1180
  SINCE SEP 1   2577                      2636    -59     2722
  SINCE JUL 1   3239                      3223     16     3146

 COOLING
  TODAY            0                         0      0        0
  MONTH TO DATE    0                         0      0        0
  SINCE SEP 1      0                         0      0        0
  SINCE JAN 1      0                         0      0        0
..................................................................


WIND (MPH)
  HIGHEST WIND SPEED    12   HIGHEST WIND DIRECTION     W (250)
  HIGHEST GUST SPEED    33   HIGHEST GUST DIRECTION    SW (230)
  AVERAGE WIND SPEED     6.3


SKY COVER
  POSSIBLE SUNSHINE  MM
  AVERAGE SKY COVER 0.0


WEATHER CONDITIONS
 THE FOLLOWING WEATHER WAS RECORDED TODAY.
  NO SIGNIFICANT WEATHER WAS OBSERVED.


RELATIVE HUMIDITY (PERCENT)
 HIGHEST    85          1200 AM
 LOWEST     37           400 PM
 AVERAGE    61

..........................................................


THE LAKE YELLOWSTONE WY CLIMATE NORMALS FOR TOMORROW
                         NORMAL    RECORD    YEAR
 MAXIMUM TEMPERATURE (F)   27        38      2013
                                             1999
 MINIMUM TEMPERATURE (F)    7       -16      2004


SUNRISE AND SUNSET
NOVEMBER 28 2014......SUNRISE   735 AM MST   SUNSET   444 PM MST
NOVEMBER 29 2014......SUNRISE   736 AM MST   SUNSET   444 PM MST


-  INDICATES NEGATIVE NUMBERS.
R  INDICATES RECORD WAS SET OR TIED.
MM INDICATES DATA IS MISSING.
T  INDICATES TRACE AMOUNT.




$$





U.S. Dept. of Commerce
NOAA National Weather Service
1325 East West Highway
Silver Spring, MD 20910
E-mail: w-nws.webmaster@noaa.gov
Page last modified: May 16, 2007
NATIONAL WEATHER SERVICE: for Safety, for Work, for Fun - FOR LIFE