849
CDUS45 KRIW 280735
CLIP60


CLIMATE REPORT
NATIONAL WEATHER SERVICE RIVERTON WY
135 AM MDT MON JUL 28 2014


...................................

...THE LAKE YELLOWSTONE WY CLIMATE SUMMARY FOR JULY 27 2014...

CLIMATE NORMAL PERIOD 1981 TO 2010
CLIMATE RECORD PERIOD 1998 TO 2014


WEATHER ITEM   OBSERVED TIME   RECORD YEAR NORMAL DEPARTURE LAST
                VALUE   (LST)  VALUE       VALUE  FROM      YEAR
                                                  NORMAL
..................................................................
TEMPERATURE (F)
 YESTERDAY
  MAXIMUM         77    228 PM  82    2006  74      3       69
  MINIMUM         33    515 AM  32    2005  41     -8       41
  AVERAGE         55                        57     -2       55

PRECIPITATION (IN)
  YESTERDAY        0.00          0.36 2002   0.05  -0.05     0.00
  MONTH TO DATE    1.24                      1.28  -0.04     0.94
  SINCE JUN 1      3.58                      3.28   0.30     1.70
  SINCE JAN 1     18.72                     12.36   6.36    10.69

DEGREE DAYS
 HEATING
  YESTERDAY       10                         8      2       10
  MONTH TO DATE  229                       251    -22      153
  SINCE JUN 1    815                       744     71      586
  SINCE JUL 1    229                       251    -22      153

 COOLING
  YESTERDAY        0                         0      0        0
  MONTH TO DATE    0                         0      0        0
  SINCE JUN 1      0                         0      0        0
  SINCE JAN 1      0                         0      0        0
..................................................................


WIND (MPH)
  HIGHEST WIND SPEED     9   HIGHEST WIND DIRECTION     E (70)
  HIGHEST GUST SPEED    12   HIGHEST GUST DIRECTION    NE (60)
  AVERAGE WIND SPEED     2.4


SKY COVER
  POSSIBLE SUNSHINE  MM
  AVERAGE SKY COVER 0.0


WEATHER CONDITIONS
 THE FOLLOWING WEATHER WAS RECORDED YESTERDAY.
  NO SIGNIFICANT WEATHER WAS OBSERVED.


RELATIVE HUMIDITY (PERCENT)
 HIGHEST    89           500 AM
 LOWEST     21           400 PM
 AVERAGE    55

..........................................................


THE LAKE YELLOWSTONE WY CLIMATE NORMALS FOR TODAY
                         NORMAL    RECORD    YEAR
 MAXIMUM TEMPERATURE (F)   74        84      2006
 MINIMUM TEMPERATURE (F)   41        32      2002


SUNRISE AND SUNSET
JULY 28 2014..........SUNRISE   604 AM MDT   SUNSET   852 PM MDT
JULY 29 2014..........SUNRISE   605 AM MDT   SUNSET   851 PM MDT


-  INDICATES NEGATIVE NUMBERS.
R  INDICATES RECORD WAS SET OR TIED.
MM INDICATES DATA IS MISSING.
T  INDICATES TRACE AMOUNT.




$$





U.S. Dept. of Commerce
NOAA National Weather Service
1325 East West Highway
Silver Spring, MD 20910
E-mail: w-nws.webmaster@noaa.gov
Page last modified: May 16, 2007
NATIONAL WEATHER SERVICE: for Safety, for Work, for Fun - FOR LIFE