931
CDUS45 KRIW 250737
CLIP60


CLIMATE REPORT
NATIONAL WEATHER SERVICE RIVERTON WY
1236 AM MST SUN JAN 25 2015


...................................

...THE LAKE YELLOWSTONE WY CLIMATE SUMMARY FOR JANUARY 24 2015...

CLIMATE NORMAL PERIOD 1981 TO 2010
CLIMATE RECORD PERIOD 1998 TO 2015


WEATHER ITEM   OBSERVED TIME   RECORD YEAR NORMAL DEPARTURE LAST
                VALUE   (LST)  VALUE       VALUE  FROM      YEAR
                                                  NORMAL
..................................................................
TEMPERATURE (F)
 YESTERDAY
  MAXIMUM         29    408 PM  34    2007  24      5       30
  MINIMUM          4   1212 AM -27    2008   1      3       -7
  AVERAGE         17                        12      5       12

PRECIPITATION (IN)
  YESTERDAY        0.01          0.05 2013   0.05  -0.04     0.00
  MONTH TO DATE    1.66                      1.80  -0.14     1.44
  SINCE DEC 1      4.16                      3.30   0.86     3.39
  SINCE JAN 1      1.66                      1.80  -0.14     1.44

DEGREE DAYS
 HEATING
  YESTERDAY       48                        52     -4       53
  MONTH TO DATE 1211                      1248    -37     1257
  SINCE DEC 1   2659                      2838   -179     2966
  SINCE JUL 1   5986                      6158   -172     6194

 COOLING
  YESTERDAY        0                         0      0        0
  MONTH TO DATE    0                         0      0        0
  SINCE DEC 1      0                         0      0        0
  SINCE JAN 1      0                         0      0        0
..................................................................


WIND (MPH)
  HIGHEST WIND SPEED    14   HIGHEST WIND DIRECTION    NW (300)
  HIGHEST GUST SPEED    24   HIGHEST GUST DIRECTION     W (290)
  AVERAGE WIND SPEED     1.5


SKY COVER
  POSSIBLE SUNSHINE  MM
  AVERAGE SKY COVER 0.0


WEATHER CONDITIONS
 THE FOLLOWING WEATHER WAS RECORDED YESTERDAY.
  NO SIGNIFICANT WEATHER WAS OBSERVED.


RELATIVE HUMIDITY (PERCENT)
 HIGHEST    96           900 PM
 LOWEST     69           200 PM
 AVERAGE    83

..........................................................


THE LAKE YELLOWSTONE WY CLIMATE NORMALS FOR TODAY
                         NORMAL    RECORD    YEAR
 MAXIMUM TEMPERATURE (F)   24        33      2005
 MINIMUM TEMPERATURE (F)    1       -18      1999


SUNRISE AND SUNSET
JANUARY 25 2015.......SUNRISE   748 AM MST   SUNSET   521 PM MST
JANUARY 26 2015.......SUNRISE   747 AM MST   SUNSET   522 PM MST


-  INDICATES NEGATIVE NUMBERS.
R  INDICATES RECORD WAS SET OR TIED.
MM INDICATES DATA IS MISSING.
T  INDICATES TRACE AMOUNT.




$$





U.S. Dept. of Commerce
NOAA National Weather Service
1325 East West Highway
Silver Spring, MD 20910
E-mail: w-nws.webmaster@noaa.gov
Page last modified: May 16, 2007
NATIONAL WEATHER SERVICE: for Safety, for Work, for Fun - FOR LIFE