307
CDUS43 KDDC 232332
CLIP28


CLIMATE REPORT
NATIONAL WEATHER SERVICE DODGE CITY KS
631 PM CDT TUE SEP 23 2014


...................................

...THE MEDICINE LODGE KS CLIMATE SUMMARY FOR SEPTEMBER 23 2014...
VALID TODAY AS OF 0500 PM LOCAL TIME.

CLIMATE NORMAL PERIOD 1981 TO 2010
CLIMATE RECORD PERIOD 1893 TO 2014


WEATHER ITEM   OBSERVED TIME   RECORD YEAR NORMAL DEPARTURE LAST
                VALUE   (LST)  VALUE       VALUE  FROM      YEAR
                                                  NORMAL
..................................................................
TEMPERATURE (F)
 TODAY
  MAXIMUM         86    316 PM 104    1926  81      5       83
  MINIMUM         60    711 AM  32    1995  56      4       54
  AVERAGE         73                        68      5       69

PRECIPITATION (IN)
  TODAY            0.00          1.55 2010   0.07  -0.07     0.00
  MONTH TO DATE    0.54                      1.63  -1.09     0.17
  SINCE SEP 1      0.54                      1.63  -1.09     0.17
  SINCE JAN 1     18.05                     21.98  -3.93    21.81

DEGREE DAYS
 HEATING
  TODAY            0                         2     -2        0
  MONTH TO DATE   19                        14      5        1
  SINCE SEP 1     19                        14      5        1
  SINCE JUL 1     24                        14     10        1

 COOLING
  TODAY            8                         5      3        4
  MONTH TO DATE  200                       192      8      259
  SINCE SEP 1    200                       192      8      259
  SINCE JAN 1   1684                      1703    -19     1708
..................................................................


WIND (MPH)
  HIGHEST WIND SPEED    25   HIGHEST WIND DIRECTION     S (180)
  HIGHEST GUST SPEED    33   HIGHEST GUST DIRECTION     S (180)
  AVERAGE WIND SPEED    10.3




RELATIVE HUMIDITY (PERCENT)
 HIGHEST    72           600 AM
 LOWEST     36           100 PM
 AVERAGE    54

..........................................................


THE MEDICINE LODGE KS CLIMATE NORMALS FOR TOMORROW
                         NORMAL    RECORD    YEAR
 MAXIMUM TEMPERATURE (F)   80       100      1904
 MINIMUM TEMPERATURE (F)   55        31      1989


SUNRISE AND SUNSET
SEPTEMBER 23 2014.....SUNRISE   723 AM CDT   SUNSET   730 PM CDT
SEPTEMBER 24 2014.....SUNRISE   724 AM CDT   SUNSET   728 PM CDT


-  INDICATES NEGATIVE NUMBERS.
R  INDICATES RECORD WAS SET OR TIED.
MM INDICATES DATA IS MISSING.
T  INDICATES TRACE AMOUNT.




$$





U.S. Dept. of Commerce
NOAA National Weather Service
1325 East West Highway
Silver Spring, MD 20910
E-mail: w-nws.webmaster@noaa.gov
Page last modified: May 16, 2007
NATIONAL WEATHER SERVICE: for Safety, for Work, for Fun - FOR LIFE