490
CDUS43 KDDC 241014
CLIP28


CLIMATE REPORT
NATIONAL WEATHER SERVICE DODGE CITY KS
512 AM CDT THU APR 24 2014


...................................

...THE MEDICINE LODGE KS CLIMATE SUMMARY FOR APRIL 23 2014...

CLIMATE NORMAL PERIOD 1981 TO 2010
CLIMATE RECORD PERIOD 1893 TO 2014


WEATHER ITEM   OBSERVED TIME   RECORD YEAR NORMAL DEPARTURE LAST
                VALUE   (LST)  VALUE       VALUE  FROM      YEAR
                                                  NORMAL
..................................................................
TEMPERATURE (F)
 YESTERDAY
  MAXIMUM         84    416 PM  99    1989  71     13       35
  MINIMUM         55    709 AM  27    1982  46      9       30
  AVERAGE         70                        59     11       33

PRECIPITATION (IN)
  YESTERDAY        0.00          0.92 1933   0.10  -0.10     0.10
  MONTH TO DATE    0.55                      1.74  -1.19     1.55
  SINCE MAR 1      1.04                      4.00  -2.96     3.96
  SINCE JAN 1      1.99                      5.75  -3.76     7.51

SNOWFALL (IN)
  YESTERDAY        0.0          MM      MM   0.0             0.0
  MONTH TO DATE    0.0                       0.0             0.0
  SINCE MAR 1      4.0                       0.1             0.5
  SINCE JUL 1     27.0                       8.5            25.0
  SNOW DEPTH       0

DEGREE DAYS
 HEATING
  YESTERDAY        0                         7     -7
  MONTH TO DATE  220                       246    -26
  SINCE MAR 1    944                       814    130
  SINCE JUL 1   4895                      4343    552

 COOLING
  YESTERDAY        5                         1      4        0
  MONTH TO DATE   20                        15      5        3
  SINCE MAR 1     20                        17      3        4
  SINCE JAN 1     20                        17      3        4
..................................................................


WIND (MPH)
  HIGHEST WIND SPEED    29   HIGHEST WIND DIRECTION     S (190)
  HIGHEST GUST SPEED    41   HIGHEST GUST DIRECTION     S (170)
  AVERAGE WIND SPEED    16.5




RELATIVE HUMIDITY (PERCENT)
 HIGHEST    63          1100 PM
 LOWEST     34           400 PM
 AVERAGE    49

..........................................................


THE MEDICINE LODGE KS CLIMATE NORMALS FOR TODAY
                         NORMAL    RECORD    YEAR
 MAXIMUM TEMPERATURE (F)   71        94      2012
                                             1989
 MINIMUM TEMPERATURE (F)   47        25      2013


SUNRISE AND SUNSET
APRIL 24 2014.........SUNRISE   648 AM CDT   SUNSET   818 PM CDT
APRIL 25 2014.........SUNRISE   647 AM CDT   SUNSET   819 PM CDT


-  INDICATES NEGATIVE NUMBERS.
R  INDICATES RECORD WAS SET OR TIED.
MM INDICATES DATA IS MISSING.
T  INDICATES TRACE AMOUNT.




$$





U.S. Dept. of Commerce
NOAA National Weather Service
1325 East West Highway
Silver Spring, MD 20910
E-mail: w-nws.webmaster@noaa.gov
Page last modified: May 16, 2007
NATIONAL WEATHER SERVICE: for Safety, for Work, for Fun - FOR LIFE