643
CDUS43 KDDC 301009
CLIP28


CLIMATE REPORT
NATIONAL WEATHER SERVICE DODGE CITY KS
508 AM CDT WED JUL 30 2014


...................................

...THE MEDICINE LODGE KS CLIMATE SUMMARY FOR JULY 29 2014...

CLIMATE NORMAL PERIOD 1981 TO 2010
CLIMATE RECORD PERIOD 1893 TO 2014


WEATHER ITEM   OBSERVED TIME   RECORD YEAR NORMAL DEPARTURE LAST
                VALUE   (LST)  VALUE       VALUE  FROM      YEAR
                                                  NORMAL
..................................................................
TEMPERATURE (F)
 YESTERDAY
  MAXIMUM         89    248 PM 110    1978  95     -6       90
  MINIMUM         62    427 AM  58    1994  70     -8       67
  AVERAGE         76                        82     -6       79

PRECIPITATION (IN)
  YESTERDAY        0.00          1.40 1948   0.09  -0.09     0.55
  MONTH TO DATE    2.54                      3.16  -0.62     2.78
  SINCE JUN 1     10.43                      7.27   3.16     5.00
  SINCE JAN 1     13.32                     17.01  -3.69    15.35

SNOWFALL (IN)
  YESTERDAY        0.0          MM      MM   0.0             0.0
  MONTH TO DATE    0.0                       0.0             0.0
  SINCE JUN 1      0.0                       0.0             0.0
  SINCE JUL 1      0.0                       0.0             0.0
  SNOW DEPTH       0

DEGREE DAYS
 HEATING
  YESTERDAY        0                         0      0
  MONTH TO DATE    5                         0      5
  SINCE JUN 1      5                         3      2
  SINCE JUL 1      5                         0      5

 COOLING
  YESTERDAY       11                        18     -7       14
  MONTH TO DATE  362                       496   -134      452
  SINCE JUN 1    704                       849   -145      856
  SINCE JAN 1    973                      1005    -32      999
..................................................................


WIND (MPH)
  HIGHEST WIND SPEED    20   HIGHEST WIND DIRECTION    SW (220)
  HIGHEST GUST SPEED    22   HIGHEST GUST DIRECTION    SW (230)
  AVERAGE WIND SPEED     5.7




RELATIVE HUMIDITY (PERCENT)
 HIGHEST    93           400 AM
 LOWEST     36           200 PM
 AVERAGE    65

..........................................................


THE MEDICINE LODGE KS CLIMATE NORMALS FOR TODAY
                         NORMAL    RECORD    YEAR
 MAXIMUM TEMPERATURE (F)   95       109      2012
 MINIMUM TEMPERATURE (F)   70        53      1971


SUNRISE AND SUNSET
JULY 30 2014..........SUNRISE   637 AM CDT   SUNSET   844 PM CDT
JULY 31 2014..........SUNRISE   638 AM CDT   SUNSET   843 PM CDT


-  INDICATES NEGATIVE NUMBERS.
R  INDICATES RECORD WAS SET OR TIED.
MM INDICATES DATA IS MISSING.
T  INDICATES TRACE AMOUNT.




$$





U.S. Dept. of Commerce
NOAA National Weather Service
1325 East West Highway
Silver Spring, MD 20910
E-mail: w-nws.webmaster@noaa.gov
Page last modified: May 16, 2007
NATIONAL WEATHER SERVICE: for Safety, for Work, for Fun - FOR LIFE