270
CDAK49 PAOT 260042
CLIOTZ

CLIMATE REPORT
NATIONAL WEATHER SERVICE KOTZEBUE, AK
442 PM AKDT SAT OCT 25 2014

...................................
...THE KOTZEBUE WSO AP CLIMATE SUMMARY FOR OCTOBER 25 2014...
VALID TODAY AS OF 2:00 PM LOCAL TIME

CLIMATE NORMAL PERIOD  1981 TO  2010
CLIMATE RECORD PERIOD  1897 TO  2014

WEATHER ITEM   OBSERVED TIME    RECORD YEAR NORMAL DEPARTURE LAST
               VALUE    (LST)   VALUE       VALUE  FROM      YEAR
                                                   NORMAL
...................................................................
TEMPERATURE
TODAY
 MAXIMUM            35  0340 PM    42  1969     23      12     35
 MINIMUM            28  0947 AM   -17  1935     14      14     29
 AVERAGE            32                          19      13     32

PRECIPITATION
(INCHES)
 TODAY            0.15           0.51  2011   0.02    0.13   0.01
 MONTH TO DATE    0.24                        0.87   -0.63   1.41
 SINCE SEP 1      2.05                        2.45   -0.40   3.43
 SINCE JAN 1      8.79                        9.33   -0.54   9.89

SNOWFALL
(INCHES)
 TODAY             1.5            7.9  2011    0.2     1.3    0.2
 MONTH TO DATE     2.2                         4.6    -2.4    0.5
 SINCE SEP 1       2.2                         5.4    -3.2    0.9
 SINCE JUL 1       2.2                         5.4    -3.2    0.9
 SNOW DEPTH (IN)     3                                          T

DEGREE DAYS
 HEATING
  TODAY             33                          47     -14     33
  MONTH TO DATE    921                         973     -52    736
  SINCE SEP 1     1492                        1653    -161   1498
  SINCE JUL 1     2052                        2391    -339   2092

 COOLING
  TODAY              0                           0       0      0
  MONTH TO DATE      0                           0       0      0
  SINCE SEP 1        0                           0       0      0
  SINCE JAN 1       19                           0      19     13
...................................................................

WIND (MPH)
 HIGHEST WIND SPEED    30     HIGHEST WIND DIRECTION    100
 HIGHEST GUST SPEED    36     HIGHEST GUST DIRECTION    100
 AVERAGE WIND SPEED    MM

SKY COVER
  POSSIBLE SUNSHINE  MM            AVERAGE SKY COVER MM

WEATHER CONDITIONS
 THE FOLLOWING WEATHER WAS RECORDED TODAY.
FOG
SNOW


RELATIVE HUMIDITY
 HIGHEST RH     MM PERCENT       MM
 LOWEST  RH     MM PERCENT       MM
 AVERAGE RH     MM PERCENT       MM
...................................................................

THE KOTZEBUE CLIMATE NORMALS FOR TOMORROW
                        NORMAL    RECORD   YEAR
 MAXIMUM TEMPERATURE      22        39     2002
 MINIMUM TEMPERATURE      14       -16     1935

SUNRISE AND SUNSET
 OCT 25 2014..........SUNRISE 10:27 AM      SUNSET  6:41 PM
 OCT 26 2014..........SUNRISE 10:31 AM      SUNSET  6:37 PM

-  INDICATES NEGATIVE NUMBERS.
R  INDICATES RECORD HAS BEEN SET OR TIED.
MM INDICATES DATA IS MISSING.
T  INDICATES TRACE OF PRECIPITATION.

&&
-------------------------------------------------------------------

AMOUNT OF DAYLIGHT TODAY  (HOUR:MIN)........8 HOURS 14 MINUTES
GAIN/LOSS SINCE YESTERDAY (HOUR:MIN:SEC)....-0:07:35

$$
EWH OCT 14






U.S. Dept. of Commerce
NOAA National Weather Service
1325 East West Highway
Silver Spring, MD 20910
E-mail: w-nws.webmaster@noaa.gov
Page last modified: May 16, 2007
NATIONAL WEATHER SERVICE: for Safety, for Work, for Fun - FOR LIFE