593
CDAK49 PAOT 291202
CLIOTZ

CLIMATE REPORT
NATIONAL WEATHER SERVICE KOTZEBUE, AK
402 AM AKDT TUE JUL 29 2014

...................................
...THE KOTZEBUE WSO AP CLIMATE SUMMARY FOR JULY 28 2014...

CLIMATE NORMAL PERIOD  1981 TO  2010
CLIMATE RECORD PERIOD  1897 TO  2014

WEATHER ITEM   OBSERVED TIME    RECORD YEAR NORMAL DEPARTURE LAST
               VALUE    (LST)   VALUE       VALUE  FROM      YEAR
                                                   NORMAL
...................................................................
TEMPERATURE
YESTERDAY
 MAXIMUM            62  0621 PM    76  1903     59       3     62
 MINIMUM            48  0444 AM    36  2000     51      -3     54
 AVERAGE            55                          55       0     58

PRECIPITATION
(INCHES)
 YESTERDAY           T           0.69  1981   0.06   -0.06      T
 MONTH TO DATE    2.58                        1.25    1.33   1.25
 SINCE JUN 1      2.96                        1.83    1.13   2.16
 SINCE JAN 1      5.22                        4.50    0.72   5.76

SNOWFALL
(INCHES)
 YESTERDAY         0.0            0.0  2014    0.0     0.0    0.0
 MONTH TO DATE     0.0                         0.0     0.0    0.0
 SINCE JUN 1       0.0                         0.0     0.0    0.0
 SINCE JUL 1       0.0                         0.0     0.0    0.0
 SNOW DEPTH (IN)     0                                          0

DEGREE DAYS
 HEATING
  YESTERDAY         10                          10       0      7
  MONTH TO DATE    329                         295      34    241
  SINCE JUN 1      946                         876      70    666
  SINCE JUL 1      329                         295      34    241

 COOLING
  YESTERDAY          0                           0       0      0
  MONTH TO DATE      8                           0       8      5
  SINCE JUN 1        8                           0       8     13
  SINCE JAN 1        8                           0       8     13
...................................................................

WIND (MPH)
 HIGHEST WIND SPEED    22     HIGHEST WIND DIRECTION    300
 HIGHEST GUST SPEED    24     HIGHEST GUST DIRECTION    300
 AVERAGE WIND SPEED  11.4

SKY COVER
  POSSIBLE SUNSHINE    MM          AVERAGE SKY COVER     MM

WEATHER CONDITIONS
 THE FOLLOWING WEATHER WAS RECORDED YESTERDAY.
 FOG
 RAIN


RELATIVE HUMIDITY
 HIGHEST RH     MM PERCENT       MM
 LOWEST  RH     MM PERCENT       MM
 AVERAGE RH     MM PERCENT       MM
...................................................................

THE KOTZEBUE CLIMATE NORMALS FOR TODAY
                           NORMAL    RECORD   YEAR
 MAXIMUM TEMPERATURE (F)     59        73     2009
 MINIMUM TEMPERATURE (F)     50        37     1975

SUNRISE AND SUNSET
 JUL 29 2014..........SUNRISE  5:13 AM      SUNSET 12:39 AM
 JUL 30 2014..........SUNRISE  5:17 AM      SUNSET 12:34 AM

-  INDICATES NEGATIVE NUMBERS.
R  INDICATES RECORD HAS BEEN SET OR TIED.
MM INDICATES DATA IS MISSING.
T  INDICATES TRACE OF PRECIPITATION.

&&
-------------------------------------------------------------------

AMOUNT OF DAYLIGHT TODAY  (HOUR:MIN)........19 HOURS 26 MINUTES
GAIN/LOSS SINCE YESTERDAY (HOUR:MIN:SEC)....-0:09:02

$$


265 JUL 14





U.S. Dept. of Commerce
NOAA National Weather Service
1325 East West Highway
Silver Spring, MD 20910
E-mail: w-nws.webmaster@noaa.gov
Page last modified: May 16, 2007
NATIONAL WEATHER SERVICE: for Safety, for Work, for Fun - FOR LIFE