744
CDAK49 PAOT 210140
CLIOTZ

CLIMATE REPORT
NATIONAL WEATHER SERVICE KOTZEBUE, AK
540 PM AKDT SUN APR 20 2014

...................................
...THE KOTZEBUE WSO AP CLIMATE SUMMARY FOR APRIL 20 2014...
VALID TODAY AS OF 2:00 PM LOCAL TIME

CLIMATE NORMAL PERIOD  1981 TO  2010
CLIMATE RECORD PERIOD  1897 TO  2014

WEATHER ITEM   OBSERVED TIME    RECORD YEAR NORMAL DEPARTURE LAST
               VALUE    (LST)   VALUE       VALUE  FROM      YEAR
                                                   NORMAL
...................................................................
TEMPERATURE
TODAY
 MAXIMUM            39  0238 PM    42  1983     24      15     19
 MINIMUM            25  0728 AM   -18  1929      9      16      1
 AVERAGE            32                          16      16     10

PRECIPITATION
(INCHES)
 TODAY            0.00           0.08  1937   0.02   -0.02   0.00
 MONTH TO DATE    0.07                        0.34   -0.27   0.04
 SINCE MAR 1      0.41                        0.78   -0.37   0.41
 SINCE JAN 1      1.13                        2.06   -0.93   2.47

SNOWFALL
(INCHES)
 TODAY             0.0            4.0  1937    0.1    -0.1    0.0
 MONTH TO DATE     0.4                         3.6    -3.2    0.4
 SINCE MAR 1       7.2                         9.5    -2.3    4.1
 SINCE JUL 1      32.2                        57.1   -24.9   28.4
 SNOW DEPTH (IN)     1                                          4

DEGREE DAYS
 HEATING
  TODAY             33                          49     -16     55
  MONTH TO DATE    993                        1103    -110   1205
  SINCE MAR 1     2758                        3090    -332   3159
  SINCE JUL 1    11690                       13332   -1642  13490

 COOLING
  TODAY              0                           0       0      0
  MONTH TO DATE      0                           0       0      0
  SINCE MAR 1        0                           0       0      0
  SINCE JAN 1        0                           0       0      0
...................................................................

WIND (MPH)
 HIGHEST WIND SPEED    12     HIGHEST WIND DIRECTION     30
 HIGHEST GUST SPEED    14     HIGHEST GUST DIRECTION     30
 AVERAGE WIND SPEED    MM

SKY COVER
  POSSIBLE SUNSHINE  MM            AVERAGE SKY COVER MM

WEATHER CONDITIONS
 THE FOLLOWING WEATHER WAS RECORDED TODAY.
NO SIGNIFICANT WEATHER WAS OBSERVED.

RELATIVE HUMIDITY
 HIGHEST RH     MM PERCENT       MM
 LOWEST  RH     MM PERCENT       MM
 AVERAGE RH     MM PERCENT       MM
...................................................................

THE KOTZEBUE CLIMATE NORMALS FOR TOMORROW
                        NORMAL    RECORD   YEAR
 MAXIMUM TEMPERATURE      25        45     1931
 MINIMUM TEMPERATURE       9       -22     1929

SUNRISE AND SUNSET
 APR 20 2014..........SUNRISE  6:45 AM      SUNSET 10:58 PM
 APR 21 2014..........SUNRISE  6:40 AM      SUNSET 11:01 PM

-  INDICATES NEGATIVE NUMBERS.
R  INDICATES RECORD HAS BEEN SET OR TIED.
MM INDICATES DATA IS MISSING.
T  INDICATES TRACE OF PRECIPITATION.

&&
-------------------------------------------------------------------

AMOUNT OF DAYLIGHT TODAY  (HOUR:MIN)........16 HOURS 13 MINUTES
GAIN/LOSS SINCE YESTERDAY (HOUR:MIN:SEC)....+0:07:50

$$
EWH APR 14






U.S. Dept. of Commerce
NOAA National Weather Service
1325 East West Highway
Silver Spring, MD 20910
E-mail: w-nws.webmaster@noaa.gov
Page last modified: May 16, 2007
NATIONAL WEATHER SERVICE: for Safety, for Work, for Fun - FOR LIFE