399
CDAK49 PAOT 250003
CLIOTZ

CLIMATE REPORT
NATIONAL WEATHER SERVICE KOTZEBUE, AK
403 PM AKDT THU APR 24 2014

...................................
...THE KOTZEBUE WSO AP CLIMATE SUMMARY FOR APRIL 24 2014...
VALID TODAY AS OF 2:00 PM LOCAL TIME

CLIMATE NORMAL PERIOD  1981 TO  2010
CLIMATE RECORD PERIOD  1897 TO  2014

WEATHER ITEM   OBSERVED TIME    RECORD YEAR NORMAL DEPARTURE LAST
               VALUE    (LST)   VALUE       VALUE  FROM      YEAR
                                                   NORMAL
...................................................................
TEMPERATURE
TODAY
 MAXIMUM            41  0258 PM    48  1980     27      14     33
 MINIMUM            39  0159 PM   -20  1966     12      27     18
 AVERAGE            40                          19      21     26

PRECIPITATION
(INCHES)
 TODAY            0.00           0.12  1958   0.02   -0.02   0.09
 MONTH TO DATE    0.19                        0.42   -0.23   0.27
 SINCE MAR 1      0.53                        0.86   -0.33   0.64
 SINCE JAN 1      1.25                        2.14   -0.89   2.70

SNOWFALL
(INCHES)
 TODAY             0.0            3.5  1937    0.2    -0.2    0.9
 MONTH TO DATE     0.4                         4.3    -3.9    2.7
 SINCE MAR 1       7.2                        10.2    -3.0    6.4
 SINCE JUL 1      32.2                        57.8   -25.6   30.7
 SNOW DEPTH (IN)     T                                          5

DEGREE DAYS
 HEATING
  TODAY             25                          46     -21     39
  MONTH TO DATE   1103                        1291    -188   1387
  SINCE MAR 1     2868                        3278    -410   3341
  SINCE JUL 1    11800                       13520   -1720  13672

 COOLING
  TODAY              0                           0       0      0
  MONTH TO DATE      0                           0       0      0
  SINCE MAR 1        0                           0       0      0
  SINCE JAN 1        0                           0       0      0
...................................................................

WIND (MPH)
 HIGHEST WIND SPEED    15     HIGHEST WIND DIRECTION    100
 HIGHEST GUST SPEED    18     HIGHEST GUST DIRECTION    100
 AVERAGE WIND SPEED   0.0

SKY COVER
  POSSIBLE SUNSHINE  MM            AVERAGE SKY COVER MM

WEATHER CONDITIONS
 THE FOLLOWING WEATHER WAS RECORDED TODAY.
 NO SIGNIFICANT WEATHER WAS OBSERVED.

RELATIVE HUMIDITY
 HIGHEST RH     MM PERCENT       MM
 LOWEST  RH     MM PERCENT       MM
 AVERAGE RH     MM PERCENT       MM
...................................................................

THE KOTZEBUE CLIMATE NORMALS FOR TOMORROW
                        NORMAL    RECORD   YEAR
 MAXIMUM TEMPERATURE      27        44     1931
 MINIMUM TEMPERATURE      13       -23     1960

SUNRISE AND SUNSET
 APR 24 2014..........SUNRISE  6:28 AM      SUNSET 11:13 PM
 APR 25 2014..........SUNRISE  6:24 AM      SUNSET 11:17 PM

-  INDICATES NEGATIVE NUMBERS.
R  INDICATES RECORD HAS BEEN SET OR TIED.
MM INDICATES DATA IS MISSING.
T  INDICATES TRACE OF PRECIPITATION.

&&
-------------------------------------------------------------------

AMOUNT OF DAYLIGHT TODAY  (HOUR:MIN)........16 HOURS 45 MINUTES
GAIN SINCE YESTERDAY (HOUR:MIN:SEC).........+0:07:57

$$



CMK APR 14





U.S. Dept. of Commerce
NOAA National Weather Service
1325 East West Highway
Silver Spring, MD 20910
E-mail: w-nws.webmaster@noaa.gov
Page last modified: May 16, 2007
NATIONAL WEATHER SERVICE: for Safety, for Work, for Fun - FOR LIFE