687
CDUS46 KOTX 210840
CLIOTX


CLIMATE REPORT
NATIONAL WEATHER SERVICE SPOKANE, WA
136 AM PDT TUE OCT 21 2014


...................................

...THE SPOKANE  WA WFO CLIMATE SUMMARY FOR OCTOBER 20 2014...

CLIMATE NORMAL PERIOD 1981 TO 2010
CLIMATE RECORD PERIOD 1881 TO 2014


WEATHER ITEM   OBSERVED TIME   RECORD YEAR NORMAL DEPARTURE LAST
                VALUE   (LST)  VALUE       VALUE  FROM      YEAR
                                                  NORMAL
..................................................................
TEMPERATURE (F)
 YESTERDAY
  MAXIMUM         69     MM     MM     MM   55     14       65
  MINIMUM         44     MM     MM     MM   33     11       26
  AVERAGE         57                        44     13       46

PRECIPITATION (IN)
  YESTERDAY        0.03         MM     MM   0.04  -0.01     0.00
  MONTH TO DATE    0.33                     0.68  -0.35     0.12
  SINCE OCT 1      0.33                     0.68  -0.35     0.12
  SINCE JAN 1     12.30                    11.73   0.57    10.58

SNOWFALL (IN)
  YESTERDAY        0.0          MM     MM   0.0    0.0      0.0
  MONTH TO DATE    0.0                      0.0    0.0      0.0
  SINCE SEP 1      0.0                      0.0    0.0      0.0
  SINCE JUL 1      0.0                      0.0    0.0      0.0
  SNOW DEPTH       0

DEGREE DAYS
 HEATING
  YESTERDAY        8                        21    -13       19
  MONTH TO DATE  226                       344   -118      419
  SINCE SEP 1    383                       589   -206      610
  SINCE JUL 1    410                       700   -290      636

 COOLING
  YESTERDAY        0                         0      0        0
  MONTH TO DATE    0                         0      0        0
  SINCE SEP 1     11                        16     -5       67
  SINCE JAN 1    408                       249    159      383
..................................................................


WIND (MPH)
  HIGHEST WIND SPEED    MM   HIGHEST WIND DIRECTION    MM
  HIGHEST GUST SPEED    MM   HIGHEST GUST DIRECTION    MM
  AVERAGE WIND SPEED    MM


SKY COVER
  POSSIBLE SUNSHINE  MM
  AVERAGE SKY COVER  MM


WEATHER CONDITIONS
 THE FOLLOWING WEATHER WAS RECORDED YESTERDAY.
  LIGHT RAIN


RELATIVE HUMIDITY (PERCENT)
 HIGHEST    MM
 LOWEST     MM
 AVERAGE    MM

..........................................................


THE SPOKANE  WA WFO CLIMATE NORMALS FOR TODAY
                         NORMAL    RECORD    YEAR
 MAXIMUM TEMPERATURE (F)   55        MM        MM
 MINIMUM TEMPERATURE (F)   33        MM        MM


SUNRISE AND SUNSET
OCTOBER 21 2014.......SUNRISE   718 AM PDT   SUNSET   551 PM PDT
OCTOBER 22 2014.......SUNRISE   720 AM PDT   SUNSET   549 PM PDT


-  INDICATES NEGATIVE NUMBERS.
R  INDICATES RECORD WAS SET OR TIED.
MM INDICATES DATA IS MISSING.
T  INDICATES TRACE AMOUNT.

$$




U.S. Dept. of Commerce
NOAA National Weather Service
1325 East West Highway
Silver Spring, MD 20910
E-mail: w-nws.webmaster@noaa.gov
Page last modified: May 16, 2007
NATIONAL WEATHER SERVICE: for Safety, for Work, for Fun - FOR LIFE