338
CDUS43 KDMX 150754
CLIOTM

CLIMATE REPORT
NATIONAL WEATHER SERVICE DES MOINES IA
243 AM CDT TUE APR 15 2014

...................................

...THE OTTUMWA IA CLIMATE SUMMARY FOR APRIL 14 2014...

CLIMATE NORMAL PERIOD 1981 TO 2010
CLIMATE RECORD PERIOD 1920 TO 2014

WEATHER ITEM   OBSERVED TIME   RECORD YEAR NORMAL DEPARTURE LAST
                VALUE   (LST)  VALUE       VALUE  FROM      YEAR
                                                  NORMAL
..................................................................
TEMPERATURE (F)
 YESTERDAY
  MAXIMUM         39    503 PM  88    2003  62    -23       77
  MINIMUM         27   1159 PM  22    1950  39    -12       43
  AVERAGE         33                        50    -17       60

PRECIPITATION (IN)
  YESTERDAY        0.01          1.54 1960   0.11  -0.10     0.40
  MONTH TO DATE    1.49                      1.39   0.10     2.53
  SINCE MAR 1      2.02                      3.63  -1.61     4.99
  SINCE JAN 1      3.35                      5.81  -2.46     8.45

DEGREE DAYS
 HEATING
  YESTERDAY       32                        15     17        5
  MONTH TO DATE  252                       242     10      266
  SINCE MAR 1   1231                      1053    178     1277
  SINCE JUL 1   6743                      5938    805     5804

 COOLING
  YESTERDAY        0                         0      0        0
  MONTH TO DATE    5                         0      5        0
  SINCE MAR 1      5                         1      4        0
  SINCE JAN 1      5                         1      4        0
..................................................................

WIND (MPH)
  HIGHEST WIND SPEED    36   HIGHEST WIND DIRECTION     N (340)
  HIGHEST GUST SPEED    44   HIGHEST GUST DIRECTION     N (340)
  AVERAGE WIND SPEED    21.6

SKY COVER
  POSSIBLE SUNSHINE  MM
  AVERAGE SKY COVER 0.8

WEATHER CONDITIONS
 THE FOLLOWING WEATHER WAS RECORDED YESTERDAY.
  LIGHT RAIN
  LIGHT SNOW
  FOG

RELATIVE HUMIDITY (PERCENT)
 HIGHEST    92          1200 AM
 LOWEST     52           500 PM
 AVERAGE    72
..........................................................

THE OTTUMWA IA CLIMATE NORMALS FOR TODAY
                         NORMAL    RECORD    YEAR
 MAXIMUM TEMPERATURE (F)   62        89      2002
 MINIMUM TEMPERATURE (F)   39        19      1928

SUNRISE AND SUNSET
APRIL 15 2014.........SUNRISE   631 AM CDT   SUNSET   750 PM CDT
APRIL 16 2014.........SUNRISE   629 AM CDT   SUNSET   751 PM CDT

-  INDICATES NEGATIVE NUMBERS.
R  INDICATES RECORD WAS SET OR TIED.
MM INDICATES DATA IS MISSING.
T  INDICATES TRACE AMOUNT.

$$

FAB




U.S. Dept. of Commerce
NOAA National Weather Service
1325 East West Highway
Silver Spring, MD 20910
E-mail: w-nws.webmaster@noaa.gov
Page last modified: May 16, 2007
NATIONAL WEATHER SERVICE: for Safety, for Work, for Fun - FOR LIFE