775
CDUS43 KDMX 290703
CLIOTM

CLIMATE REPORT
NATIONAL WEATHER SERVICE DES MOINES IA
103 AM CST THU JAN 29 2015

...................................

...THE OTTUMWA IA CLIMATE SUMMARY FOR JANUARY 28 2015...

CLIMATE NORMAL PERIOD 1981 TO 2010
CLIMATE RECORD PERIOD 1920 TO 2015


WEATHER ITEM   OBSERVED TIME   RECORD YEAR NORMAL DEPARTURE LAST
                VALUE   (LST)  VALUE       VALUE  FROM      YEAR
                                                  NORMAL
..................................................................
TEMPERATURE (F)
 YESTERDAY
  MAXIMUM         46    242 PM  59    2008  32     14       18
  MINIMUM         28   1153 PM -20    1915  14     14       -7
  AVERAGE         37                        23     14        6

PRECIPITATION (IN)
  YESTERDAY        0.00          0.98 2006   0.03  -0.03     0.00
  MONTH TO DATE    0.38                      0.82  -0.44     0.44
  SINCE DEC 1      1.36                      2.19  -0.83     1.10
  SINCE JAN 1      0.38                      0.82  -0.44     0.44

DEGREE DAYS
 HEATING
  YESTERDAY       28                        42    -14       59
  MONTH TO DATE 1127                      1194    -67     1355
  SINCE DEC 1   2170                      2401   -231     2700
  SINCE JUL 1   3678                      3699    -21     4030

 COOLING
  YESTERDAY        0                         0      0        0
  MONTH TO DATE    0                         0      0        0
  SINCE DEC 1      0                         0      0        0
  SINCE JAN 1      0                         0      0        0
..................................................................


WIND (MPH)
  HIGHEST WIND SPEED    23   HIGHEST WIND DIRECTION     S (160)
  HIGHEST GUST SPEED    30   HIGHEST GUST DIRECTION     S (170)
  AVERAGE WIND SPEED    13.8


SKY COVER
  POSSIBLE SUNSHINE  MM
  AVERAGE SKY COVER 0.3


WEATHER CONDITIONS
 THE FOLLOWING WEATHER WAS RECORDED YESTERDAY.
  FOG


RELATIVE HUMIDITY (PERCENT)
 HIGHEST   100           300 AM
 LOWEST     65           300 PM
 AVERAGE    83

..........................................................


THE OTTUMWA IA CLIMATE NORMALS FOR TODAY
                         NORMAL    RECORD    YEAR
 MAXIMUM TEMPERATURE (F)   32        61      2013
 MINIMUM TEMPERATURE (F)   14       -20      1966


SUNRISE AND SUNSET
JANUARY 29 2015.......SUNRISE   724 AM CST   SUNSET   523 PM CST
JANUARY 30 2015.......SUNRISE   723 AM CST   SUNSET   524 PM CST


-  INDICATES NEGATIVE NUMBERS.
R  INDICATES RECORD WAS SET OR TIED.
MM INDICATES DATA IS MISSING.
T  INDICATES TRACE AMOUNT.

$$

SMALL




U.S. Dept. of Commerce
NOAA National Weather Service
1325 East West Highway
Silver Spring, MD 20910
E-mail: w-nws.webmaster@noaa.gov
Page last modified: May 16, 2007
NATIONAL WEATHER SERVICE: for Safety, for Work, for Fun - FOR LIFE