011
CDUS43 KDMX 230631 RRA
CLIOTM

CLIMATE REPORT
NATIONAL WEATHER SERVICE DES MOINES IA
128 AM CDT WED APR 23 2014

...................................

...THE OTTUMWA IA CLIMATE SUMMARY FOR APRIL 22 2014...

CLIMATE NORMAL PERIOD 1981 TO 2010
CLIMATE RECORD PERIOD 1920 TO 2014


WEATHER ITEM   OBSERVED TIME   RECORD YEAR NORMAL DEPARTURE LAST
                VALUE   (LST)  VALUE       VALUE  FROM      YEAR
                                                  NORMAL
..................................................................
TEMPERATURE (F)
 YESTERDAY
  MAXIMUM         65    339 PM  89    1980  65      0       67
  MINIMUM         38    544 AM  25    1936  42     -4       45
  AVERAGE         52                        53     -1       56

PRECIPITATION (IN)
  YESTERDAY        0.00          1.09 1948   0.13  -0.13      T
  MONTH TO DATE    1.65                      2.34  -0.69     8.45
  SINCE MAR 1      2.18                      4.58  -2.40    10.91
  SINCE JAN 1      3.51                      6.76  -3.25    14.37

DEGREE DAYS
 HEATING
  YESTERDAY       13                        12      1        9
  MONTH TO DATE  360                       350     10      422
  SINCE MAR 1   1339                      1161    178     1433
  SINCE JUL 1   6851                      6046    805     5960

 COOLING
  YESTERDAY        0                         1     -1        0
  MONTH TO DATE    8                         2      6        0
  SINCE MAR 1      8                         3      5        0
  SINCE JAN 1      8                         3      5        0
..................................................................


WIND (MPH)
  HIGHEST WIND SPEED    20   HIGHEST WIND DIRECTION     N (350)
  HIGHEST GUST SPEED    25   HIGHEST GUST DIRECTION     N (340)
  AVERAGE WIND SPEED    11.8


SKY COVER
  POSSIBLE SUNSHINE  MM
  AVERAGE SKY COVER 0.0


WEATHER CONDITIONS
 THE FOLLOWING WEATHER WAS RECORDED YESTERDAY.
  NO SIGNIFICANT WEATHER WAS OBSERVED.


RELATIVE HUMIDITY (PERCENT)
 HIGHEST    76           200 AM
 LOWEST     28           400 PM
 AVERAGE    52

..........................................................


THE OTTUMWA IA CLIMATE NORMALS FOR TODAY
                         NORMAL    RECORD    YEAR
 MAXIMUM TEMPERATURE (F)   65        86      1960
 MINIMUM TEMPERATURE (F)   42        26      1927


SUNRISE AND SUNSET
APRIL 23 2014.........SUNRISE   619 AM CDT   SUNSET   758 PM CDT
APRIL 24 2014.........SUNRISE   617 AM CDT   SUNSET   759 PM CDT


-  INDICATES NEGATIVE NUMBERS.
R  INDICATES RECORD WAS SET OR TIED.
MM INDICATES DATA IS MISSING.
T  INDICATES TRACE AMOUNT.

$$

REV




U.S. Dept. of Commerce
NOAA National Weather Service
1325 East West Highway
Silver Spring, MD 20910
E-mail: w-nws.webmaster@noaa.gov
Page last modified: May 16, 2007
NATIONAL WEATHER SERVICE: for Safety, for Work, for Fun - FOR LIFE