070
CDUS41 KBOX 010557
CLIORH


CLIMATE REPORT
NATIONAL WEATHER SERVICE TAUNTON MA
147 AM EDT MON SEP 1 2014


...................................

...THE WORCESTER MA CLIMATE SUMMARY FOR AUGUST 31 2014...

CLIMATE NORMAL PERIOD 1981 TO 2010
CLIMATE RECORD PERIOD 1892 TO 2014


WEATHER ITEM   OBSERVED TIME   RECORD YEAR NORMAL DEPARTURE LAST
                VALUE   (LST)  VALUE       VALUE  FROM      YEAR
                                                  NORMAL
..................................................................
TEMPERATURE (F)
 YESTERDAY
  MAXIMUM         79    331 PM  93    1953  75      4       76
  MINIMUM         64   1227 AM  39    1976  58      6       67
  AVERAGE         72                        66      6       72

PRECIPITATION (IN)
  YESTERDAY        2.41          4.97 1954   0.11   2.30      T
  MONTH TO DATE    6.00                      3.71   2.29     3.18
  SINCE JUN 1     13.84                     12.13   1.71    16.21
  SINCE JAN 1     35.03                     31.36   3.67    33.02

SNOWFALL (IN)
  YESTERDAY        0.0           0.0  2002   0.0    0.0      0.0
                                      2001
                                      2000
  MONTH TO DATE    0.0                       0.0    0.0      0.0
  SINCE JUN 1      0.0                       0.0    0.0      0.0
  SINCE JUL 1      0.0                       0.0    0.0      0.0
  SNOW DEPTH       0

DEGREE DAYS
 HEATING
  YESTERDAY        0                         2     -2        0
  MONTH TO DATE   20                        25     -5       12
  SINCE JUN 1     65                       122    -57       86
  SINCE JUL 1     20                        39    -19       19

 COOLING
  YESTERDAY        7                         3      4        7
  MONTH TO DATE   96                       145    -49      106
  SINCE JUN 1    354                       404    -50      507
  SINCE JAN 1    362                       426    -64      531
..................................................................


WIND (MPH)
  RESULTANT WIND SPEED  13   RESULTANT WIND DIRECTION  SW (230)
  HIGHEST WIND SPEED    20   HIGHEST WIND DIRECTION     N (340)
  HIGHEST GUST SPEED    28   HIGHEST GUST DIRECTION     N (340)
  AVERAGE WIND SPEED    12.7


SKY COVER
  POSSIBLE SUNSHINE  MM
  AVERAGE SKY COVER 0.8


WEATHER CONDITIONS
 THE FOLLOWING WEATHER WAS RECORDED YESTERDAY.
  THUNDERSTORM
  HEAVY RAIN
  RAIN
  LIGHT RAIN
  FOG


RELATIVE HUMIDITY (PERCENT)
 HIGHEST   100          1000 PM
 LOWEST     74           400 PM
 AVERAGE    87

..........................................................


THE WORCESTER MA CLIMATE NORMALS FOR TODAY
                         NORMAL    RECORD    YEAR
 MAXIMUM TEMPERATURE (F)   75        90      1937
 MINIMUM TEMPERATURE (F)   58        38      1926


SUNRISE AND SUNSET
SEPTEMBER  1 2014.....SUNRISE   613 AM EDT   SUNSET   721 PM EDT
SEPTEMBER  2 2014.....SUNRISE   614 AM EDT   SUNSET   720 PM EDT


-  INDICATES NEGATIVE NUMBERS.
R  INDICATES RECORD WAS SET OR TIED.
MM INDICATES DATA IS MISSING.
T  INDICATES TRACE AMOUNT.




$$





U.S. Dept. of Commerce
NOAA National Weather Service
1325 East West Highway
Silver Spring, MD 20910
E-mail: w-nws.webmaster@noaa.gov
Page last modified: May 16, 2007
NATIONAL WEATHER SERVICE: for Safety, for Work, for Fun - FOR LIFE