392
CDUS41 KBOX 310551
CLIORH


CLIMATE REPORT
NATIONAL WEATHER SERVICE TAUNTON MA
1241 AM EST SAT JAN 31 2015


...................................

...THE WORCESTER MA CLIMATE SUMMARY FOR JANUARY 30 2015...

CLIMATE NORMAL PERIOD 1981 TO 2010
CLIMATE RECORD PERIOD 1892 TO 2015


WEATHER ITEM   OBSERVED TIME   RECORD YEAR NORMAL DEPARTURE LAST
                VALUE   (LST)  VALUE       VALUE  FROM      YEAR
                                                  NORMAL
..................................................................
TEMPERATURE (F)
 YESTERDAY
  MAXIMUM         30    209 PM  56    2013  32     -2       25
  MINIMUM         11   1159 PM -11    1948  17     -6        4
  AVERAGE         21                        24     -3       15

PRECIPITATION (IN)
  YESTERDAY        0.06          1.40 1894   0.12  -0.06     0.00
  MONTH TO DATE    5.03                      3.38   1.65     3.10
  SINCE DEC 1      9.93                      7.20   2.73     7.53
  SINCE JAN 1      5.03                      3.38   1.65     3.10

SNOWFALL (IN)
  YESTERDAY        0.6           8.5  1966   0.6    0.0      0.0
  MONTH TO DATE   46.5                      16.5   30.0     20.0
  SINCE DEC 1     48.0                      30.9   17.1     38.9
  SINCE JUL 1     55.2                      33.7   21.5     39.4
  SNOW DEPTH      MM

DEGREE DAYS
 HEATING
  YESTERDAY       44                        41      3       50
  MONTH TO DATE 1304                      1226     78     1291
  SINCE DEC 1   2268                      2328    -60     2438
  SINCE JUL 1   3646                      3730    -84     3850

 COOLING
  YESTERDAY        0                         0      0        0
  MONTH TO DATE    0                         0      0        0
  SINCE DEC 1      0                         0      0        0
  SINCE JAN 1      0                         0      0        0
..................................................................


WIND (MPH)
  RESULTANT WIND SPEED  10   RESULTANT WIND DIRECTION  NW (300)
  HIGHEST WIND SPEED    37   HIGHEST WIND DIRECTION    NW (310)
  HIGHEST GUST SPEED    48   HIGHEST GUST DIRECTION    NW (320)
  AVERAGE WIND SPEED    12.9


SKY COVER
  POSSIBLE SUNSHINE  MM
  AVERAGE SKY COVER 0.8


WEATHER CONDITIONS
 THE FOLLOWING WEATHER WAS RECORDED YESTERDAY.
  LIGHT SNOW
  FOG
  BLOWING SNOW


RELATIVE HUMIDITY (PERCENT)
 HIGHEST   100           300 AM
 LOWEST     67           900 PM
 AVERAGE    84

..........................................................


THE WORCESTER MA CLIMATE NORMALS FOR TODAY
                         NORMAL    RECORD    YEAR
 MAXIMUM TEMPERATURE (F)   32        59      2013
 MINIMUM TEMPERATURE (F)   17       -10      1920


SUNRISE AND SUNSET
JANUARY 31 2015.......SUNRISE   702 AM EST   SUNSET   500 PM EST
FEBRUARY  1 2015......SUNRISE   701 AM EST   SUNSET   501 PM EST


-  INDICATES NEGATIVE NUMBERS.
R  INDICATES RECORD WAS SET OR TIED.
MM INDICATES DATA IS MISSING.
T  INDICATES TRACE AMOUNT.




$$





U.S. Dept. of Commerce
NOAA National Weather Service
1325 East West Highway
Silver Spring, MD 20910
E-mail: w-nws.webmaster@noaa.gov
Page last modified: May 16, 2007
NATIONAL WEATHER SERVICE: for Safety, for Work, for Fun - FOR LIFE