823
CDUS41 KAKQ 300845
CLIORF


CLIMATE REPORT
NATIONAL WEATHER SERVICE WAKEFIELD, VA
445 AM EDT THU OCT 30 2014


...................................

...THE NORFOLK VA CLIMATE SUMMARY FOR OCTOBER 29 2014...

CLIMATE NORMAL PERIOD 1981 TO 2010
CLIMATE RECORD PERIOD 1871 TO 2014


WEATHER ITEM   OBSERVED TIME   RECORD YEAR NORMAL DEPARTURE LAST
                VALUE   (LST)  VALUE       VALUE  FROM      YEAR
                                                  NORMAL
..................................................................
TEMPERATURE (F)
 YESTERDAY
  MAXIMUM         79    125 PM  82    1946  66     13       66
  MINIMUM         56   1159 PM  27    1976  50      6       50
  AVERAGE         68                        58     10       58

PRECIPITATION (IN)
  YESTERDAY        0.21          3.87 2012   0.12   0.09      T
  MONTH TO DATE    1.45                      3.19  -1.74     4.13
  SINCE SEP 1     10.62                      7.95   2.67     5.06
  SINCE JAN 1     43.03                     39.89   3.14    38.33

SNOWFALL (IN)
  YESTERDAY        0.0           0.0  2002   0.0    0.0
                                      2001
  MONTH TO DATE    0.0                       0.0    0.0
  SINCE NOV 1     15.5                       5.8    9.7
  SINCE JUL 1      0.0                       0.0    0.0
  SNOW DEPTH       0

DEGREE DAYS
 HEATING
  YESTERDAY        0                         8     -8        7
  MONTH TO DATE   73                       131    -58      111
  SINCE SEP 1     73                       142    -69      119
  SINCE JUL 1     73                       142    -69      119

 COOLING
  YESTERDAY        3                         1      2        0
  MONTH TO DATE   75                        54     21       81
  SINCE SEP 1    346                       284     62      294
  SINCE JAN 1   1719                      1619    100     1743
..................................................................


WIND (MPH)
  HIGHEST WIND SPEED    25   HIGHEST WIND DIRECTION    SW (220)
  HIGHEST GUST SPEED    34   HIGHEST GUST DIRECTION    SW (230)
  AVERAGE WIND SPEED    13.0


SKY COVER
  POSSIBLE SUNSHINE  MM
  AVERAGE SKY COVER 0.2


WEATHER CONDITIONS
 THE FOLLOWING WEATHER WAS RECORDED YESTERDAY.
  RAIN
  LIGHT RAIN


RELATIVE HUMIDITY (PERCENT)
 HIGHEST    84           500 AM
 LOWEST     43           100 PM
 AVERAGE    64

..........................................................


THE NORFOLK VA CLIMATE NORMALS FOR TODAY
                         NORMAL    RECORD    YEAR
 MAXIMUM TEMPERATURE (F)   66        84      1996
 MINIMUM TEMPERATURE (F)   49        29      1965


SUNRISE AND SUNSET
OCTOBER 30 2014.......SUNRISE   727 AM EDT   SUNSET   610 PM EDT
OCTOBER 31 2014.......SUNRISE   728 AM EDT   SUNSET   609 PM EDT


-  INDICATES NEGATIVE NUMBERS.
R  INDICATES RECORD WAS SET OR TIED.
MM INDICATES DATA IS MISSING.
T  INDICATES TRACE AMOUNT.




$$





U.S. Dept. of Commerce
NOAA National Weather Service
1325 East West Highway
Silver Spring, MD 20910
E-mail: w-nws.webmaster@noaa.gov
Page last modified: May 16, 2007
NATIONAL WEATHER SERVICE: for Safety, for Work, for Fun - FOR LIFE