026
CDUS41 KAKQ 230833
CLIORF


CLIMATE REPORT
NATIONAL WEATHER SERVICE WAKEFIELD, VA
433 AM EDT WED APR 23 2014


...................................

...THE NORFOLK VA CLIMATE SUMMARY FOR APRIL 22 2014...

CLIMATE NORMAL PERIOD 1981 TO 2010
CLIMATE RECORD PERIOD 1871 TO 2014


WEATHER ITEM   OBSERVED TIME   RECORD YEAR NORMAL DEPARTURE LAST
                VALUE   (LST)  VALUE       VALUE  FROM      YEAR
                                                  NORMAL
..................................................................
TEMPERATURE (F)
 YESTERDAY
  MAXIMUM         82    428 PM  94    1985  70     12       55
  MINIMUM         44    407 AM  34    1981  51     -7       45
  AVERAGE         63                        60      3       50

PRECIPITATION (IN)
  YESTERDAY        0.00          2.24 2012   0.12  -0.12     0.02
  MONTH TO DATE    3.34                      2.52   0.82     1.86
  SINCE MAR 1      7.16                      6.20   0.96     4.36
  SINCE JAN 1     13.45                     12.72   0.73    11.92

SNOWFALL (IN)
  YESTERDAY        0.0           0.0  2002   0.0    0.0
  MONTH TO DATE    0.0                       0.0    0.0
  SINCE NOV 1     15.5                       5.8    9.7
  SINCE JUL 1     15.5                       5.8    9.7
  SNOW DEPTH       0

DEGREE DAYS
 HEATING
  YESTERDAY        2                         6     -4       15
  MONTH TO DATE  185                       195    -10      147
  SINCE MAR 1    759                       687     72      759
  SINCE JUL 1   3370                      3256    114     3134

 COOLING
  YESTERDAY        0                         2     -2        0
  MONTH TO DATE   18                        24     -6       66
  SINCE MAR 1     19                        30    -11       66
  SINCE JAN 1     19                        31    -12       66
..................................................................


WIND (MPH)
  HIGHEST WIND SPEED    17   HIGHEST WIND DIRECTION     S (200)
  HIGHEST GUST SPEED    23   HIGHEST GUST DIRECTION     S (190)
  AVERAGE WIND SPEED     6.9


SKY COVER
  POSSIBLE SUNSHINE  MM
  AVERAGE SKY COVER 0.2


WEATHER CONDITIONS
 THE FOLLOWING WEATHER WAS RECORDED YESTERDAY.
  FOG


RELATIVE HUMIDITY (PERCENT)
 HIGHEST   100           600 AM
 LOWEST     26           400 PM
 AVERAGE    63

..........................................................


THE NORFOLK VA CLIMATE NORMALS FOR TODAY
                         NORMAL    RECORD    YEAR
 MAXIMUM TEMPERATURE (F)   70        92      1960
 MINIMUM TEMPERATURE (F)   51        38      1875


SUNRISE AND SUNSET
APRIL 23 2014.........SUNRISE   620 AM EDT   SUNSET   747 PM EDT
APRIL 24 2014.........SUNRISE   619 AM EDT   SUNSET   747 PM EDT


-  INDICATES NEGATIVE NUMBERS.
R  INDICATES RECORD WAS SET OR TIED.
MM INDICATES DATA IS MISSING.
T  INDICATES TRACE AMOUNT.




$$





U.S. Dept. of Commerce
NOAA National Weather Service
1325 East West Highway
Silver Spring, MD 20910
E-mail: w-nws.webmaster@noaa.gov
Page last modified: May 16, 2007
NATIONAL WEATHER SERVICE: for Safety, for Work, for Fun - FOR LIFE