782
CDUS41 KAKQ 230826
CLIORF


CLIMATE REPORT
NATIONAL WEATHER SERVICE WAKEFIELD, VA
425 AM EDT THU OCT 23 2014


...................................

...THE NORFOLK VA CLIMATE SUMMARY FOR OCTOBER 22 2014...

CLIMATE NORMAL PERIOD 1981 TO 2010
CLIMATE RECORD PERIOD 1871 TO 2014


WEATHER ITEM   OBSERVED TIME   RECORD YEAR NORMAL DEPARTURE LAST
                VALUE   (LST)  VALUE       VALUE  FROM      YEAR
                                                  NORMAL
..................................................................
TEMPERATURE (F)
 YESTERDAY
  MAXIMUM         59    156 PM  84    1984  68     -9       67
  MINIMUM         54    923 AM  34    1974  52      2       52
                                      1952
  AVERAGE         57                        60     -3       60

PRECIPITATION (IN)
  YESTERDAY        0.34          1.48 1893   0.11   0.23     0.00
  MONTH TO DATE    1.24                      2.44  -1.20     4.13
  SINCE SEP 1     10.41                      7.20   3.21     5.06
  SINCE JAN 1     42.82                     39.14   3.68    38.33

SNOWFALL (IN)
  YESTERDAY        0.0           0.0  2002   0.0    0.0
                                      2001
  MONTH TO DATE    0.0                       0.0    0.0
  SINCE NOV 1     15.5                       5.8    9.7
  SINCE JUL 1      0.0                       0.0    0.0
  SNOW DEPTH       0

DEGREE DAYS
 HEATING
  YESTERDAY        8                         6      2        5
  MONTH TO DATE   42                        81    -39       32
  SINCE SEP 1     42                        92    -50       40
  SINCE JUL 1     42                        92    -50       40

 COOLING
  YESTERDAY        0                         1     -1        0
  MONTH TO DATE   70                        47     23       81
  SINCE SEP 1    341                       277     64      294
  SINCE JAN 1   1714                      1612    102     1743
..................................................................


WIND (MPH)
  HIGHEST WIND SPEED    22   HIGHEST WIND DIRECTION    NW (330)
  HIGHEST GUST SPEED    33   HIGHEST GUST DIRECTION    NW (310)
  AVERAGE WIND SPEED    10.2


SKY COVER
  POSSIBLE SUNSHINE  MM
  AVERAGE SKY COVER 1.0


WEATHER CONDITIONS
 THE FOLLOWING WEATHER WAS RECORDED YESTERDAY.
  HEAVY RAIN
  RAIN
  LIGHT RAIN
  FOG


RELATIVE HUMIDITY (PERCENT)
 HIGHEST    93           900 AM
 LOWEST     67          1000 PM
 AVERAGE    80

..........................................................


THE NORFOLK VA CLIMATE NORMALS FOR TODAY
                         NORMAL    RECORD    YEAR
 MAXIMUM TEMPERATURE (F)   68        87      2007
 MINIMUM TEMPERATURE (F)   51        34      1987


SUNRISE AND SUNSET
OCTOBER 23 2014.......SUNRISE   720 AM EDT   SUNSET   618 PM EDT
OCTOBER 24 2014.......SUNRISE   721 AM EDT   SUNSET   617 PM EDT


-  INDICATES NEGATIVE NUMBERS.
R  INDICATES RECORD WAS SET OR TIED.
MM INDICATES DATA IS MISSING.
T  INDICATES TRACE AMOUNT.




$$





U.S. Dept. of Commerce
NOAA National Weather Service
1325 East West Highway
Silver Spring, MD 20910
E-mail: w-nws.webmaster@noaa.gov
Page last modified: May 16, 2007
NATIONAL WEATHER SERVICE: for Safety, for Work, for Fun - FOR LIFE