314
CDUS41 KAKQ 240835
CLIORF


CLIMATE REPORT
NATIONAL WEATHER SERVICE WAKEFIELD, VA
334 AM EST MON NOV 24 2014


...................................

...THE NORFOLK VA CLIMATE SUMMARY FOR NOVEMBER 23 2014...

CLIMATE NORMAL PERIOD 1981 TO 2010
CLIMATE RECORD PERIOD 1871 TO 2014


WEATHER ITEM   OBSERVED TIME   RECORD YEAR NORMAL DEPARTURE LAST
                VALUE   (LST)  VALUE       VALUE  FROM      YEAR
                                                  NORMAL
..................................................................
TEMPERATURE (F)
 YESTERDAY
  MAXIMUM         65   1100 PM  81    1992  59      6       63
  MINIMUM         34    325 AM  23    2008  42     -8       40
  AVERAGE         50                        51     -1       52

PRECIPITATION (IN)
  YESTERDAY        0.14          1.81 1881   0.10   0.04     0.03
  MONTH TO DATE    0.89                      2.41  -1.52     1.06
  SINCE SEP 1     11.63                     10.59   1.04     6.12
  SINCE JAN 1     44.04                     42.53   1.51    39.39

SNOWFALL (IN)
  YESTERDAY        0.0           0.0  2002   0.0    0.0
  MONTH TO DATE    0.0                       0.0    0.0
  SINCE NOV 1      0.0                       0.0    0.0
  SINCE JUL 1      0.0                       0.0    0.0
  SNOW DEPTH       0

DEGREE DAYS
 HEATING
  YESTERDAY       15                        14      1       13
  MONTH TO DATE  358                       261     97      250
  SINCE SEP 1    445                       418     27      370
  SINCE JUL 1    445                       418     27      370

 COOLING
  YESTERDAY        0                         0      0        0
  MONTH TO DATE    0                         1     -1        9
  SINCE SEP 1    346                       286     60      305
  SINCE JAN 1   1719                      1621     98     1754
..................................................................


WIND (MPH)
  HIGHEST WIND SPEED    18   HIGHEST WIND DIRECTION     S (170)
  HIGHEST GUST SPEED    28   HIGHEST GUST DIRECTION    SE (150)
  AVERAGE WIND SPEED     6.6


SKY COVER
  POSSIBLE SUNSHINE  MM
  AVERAGE SKY COVER 0.3


WEATHER CONDITIONS
 THE FOLLOWING WEATHER WAS RECORDED YESTERDAY.
  RAIN
  LIGHT RAIN
  FOG


RELATIVE HUMIDITY (PERCENT)
 HIGHEST    84           800 PM
 LOWEST     52           200 PM
 AVERAGE    68

..........................................................


THE NORFOLK VA CLIMATE NORMALS FOR TODAY
                         NORMAL    RECORD    YEAR
 MAXIMUM TEMPERATURE (F)   59        78      1983
 MINIMUM TEMPERATURE (F)   42        24      1970


SUNRISE AND SUNSET
NOVEMBER 24 2014......SUNRISE   652 AM EST   SUNSET   450 PM EST
NOVEMBER 25 2014......SUNRISE   653 AM EST   SUNSET   450 PM EST


-  INDICATES NEGATIVE NUMBERS.
R  INDICATES RECORD WAS SET OR TIED.
MM INDICATES DATA IS MISSING.
T  INDICATES TRACE AMOUNT.




$$






U.S. Dept. of Commerce
NOAA National Weather Service
1325 East West Highway
Silver Spring, MD 20910
E-mail: w-nws.webmaster@noaa.gov
Page last modified: May 16, 2007
NATIONAL WEATHER SERVICE: for Safety, for Work, for Fun - FOR LIFE