539
CDUS41 KAKQ 010827
CLIORF


CLIMATE REPORT
NATIONAL WEATHER SERVICE WAKEFIELD, VA
426 AM EDT WED OCT 1 2014


...................................

...THE NORFOLK VA CLIMATE SUMMARY FOR SEPTEMBER 30 2014...

CLIMATE NORMAL PERIOD 1981 TO 2010
CLIMATE RECORD PERIOD 1871 TO 2014


WEATHER ITEM   OBSERVED TIME   RECORD YEAR NORMAL DEPARTURE LAST
                VALUE   (LST)  VALUE       VALUE  FROM      YEAR
                                                  NORMAL
..................................................................
TEMPERATURE (F)
 YESTERDAY
  MAXIMUM         75    158 PM  91    1986  75      0       72
  MINIMUM         64    624 AM  40    1888  60      4       57
  AVERAGE         70                        68      2       65

PRECIPITATION (IN)
  YESTERDAY        0.01          7.85 2010   0.13  -0.12     0.00
  MONTH TO DATE    9.17                      4.76   4.41     0.93
  SINCE SEP 1      9.17                      4.76   4.41     0.93
  SINCE JAN 1     41.58                     36.70   4.88    34.20

SNOWFALL (IN)
  YESTERDAY        0.0           0.0  2002   0.0    0.0
                                      2001
  MONTH TO DATE    0.0                       0.0    0.0
  SINCE NOV 1     15.5                       5.8    9.7
  SINCE JUL 1      0.0                       0.0    0.0
  SNOW DEPTH       0

DEGREE DAYS
 HEATING
  YESTERDAY        0                         1     -1        0
  MONTH TO DATE    0                         8     -8        8
  SINCE SEP 1      0                        11    -11        8
  SINCE JUL 1      0                        11    -11        8

 COOLING
  YESTERDAY        5                         4      1        0
  MONTH TO DATE  271                       230     41      213
  SINCE SEP 1    271                       230     41      213
  SINCE JAN 1   1644                      1565     79     1662
..................................................................


WIND (MPH)
  HIGHEST WIND SPEED    12   HIGHEST WIND DIRECTION    NE (30)
  HIGHEST GUST SPEED    15   HIGHEST GUST DIRECTION    NE (40)
  AVERAGE WIND SPEED     4.6


SKY COVER
  POSSIBLE SUNSHINE  MM
  AVERAGE SKY COVER 0.3


WEATHER CONDITIONS
 THE FOLLOWING WEATHER WAS RECORDED YESTERDAY.
  LIGHT RAIN


RELATIVE HUMIDITY (PERCENT)
 HIGHEST    93           400 AM
 LOWEST     68          1100 AM
 AVERAGE    81

..........................................................


THE NORFOLK VA CLIMATE NORMALS FOR TODAY
                         NORMAL    RECORD    YEAR
 MAXIMUM TEMPERATURE (F)   75        94      1986
 MINIMUM TEMPERATURE (F)   60        40      1947


SUNRISE AND SUNSET
OCTOBER  1 2014.......SUNRISE   700 AM EDT   SUNSET   648 PM EDT
OCTOBER  2 2014.......SUNRISE   701 AM EDT   SUNSET   647 PM EDT


-  INDICATES NEGATIVE NUMBERS.
R  INDICATES RECORD WAS SET OR TIED.
MM INDICATES DATA IS MISSING.
T  INDICATES TRACE AMOUNT.




$$





U.S. Dept. of Commerce
NOAA National Weather Service
1325 East West Highway
Silver Spring, MD 20910
E-mail: w-nws.webmaster@noaa.gov
Page last modified: May 16, 2007
NATIONAL WEATHER SERVICE: for Safety, for Work, for Fun - FOR LIFE