890
CDUS41 KAKQ 250828
CLIORF


CLIMATE REPORT
NATIONAL WEATHER SERVICE WAKEFIELD, VA
425 AM EDT SAT OCT 25 2014


...................................

...THE NORFOLK VA CLIMATE SUMMARY FOR OCTOBER 24 2014...

CLIMATE NORMAL PERIOD 1981 TO 2010
CLIMATE RECORD PERIOD 1871 TO 2014


WEATHER ITEM   OBSERVED TIME   RECORD YEAR NORMAL DEPARTURE LAST
                VALUE   (LST)  VALUE       VALUE  FROM      YEAR
                                                  NORMAL
..................................................................
TEMPERATURE (F)
 YESTERDAY
  MAXIMUM         68    405 PM  86    2007  68      0       57
                                      2001
  MINIMUM         50   1159 PM  36    1969  51     -1       46
  AVERAGE         59                        59      0       52

PRECIPITATION (IN)
  YESTERDAY        0.00          3.71 1959   0.11  -0.11     0.00
  MONTH TO DATE    1.24                      2.65  -1.41     4.13
  SINCE SEP 1     10.41                      7.41   3.00     5.06
  SINCE JAN 1     42.82                     39.35   3.47    38.33

SNOWFALL (IN)
  YESTERDAY        0.0           0.0  2002   0.0    0.0
                                      2001
  MONTH TO DATE    0.0                       0.0    0.0
  SINCE NOV 1     15.5                       5.8    9.7
  SINCE JUL 1      0.0                       0.0    0.0
  SNOW DEPTH       0

DEGREE DAYS
 HEATING
  YESTERDAY        6                         7     -1       13
  MONTH TO DATE   53                        94    -41       54
  SINCE SEP 1     53                       105    -52       62
  SINCE JUL 1     53                       105    -52       62

 COOLING
  YESTERDAY        0                         1     -1        0
  MONTH TO DATE   70                        49     21       81
  SINCE SEP 1    341                       279     62      294
  SINCE JAN 1   1714                      1614    100     1743
..................................................................


WIND (MPH)
  HIGHEST WIND SPEED    16   HIGHEST WIND DIRECTION    NW (330)
  HIGHEST GUST SPEED    23   HIGHEST GUST DIRECTION     N (360)
  AVERAGE WIND SPEED     6.6


SKY COVER
  POSSIBLE SUNSHINE  MM
  AVERAGE SKY COVER 0.0


WEATHER CONDITIONS
 THE FOLLOWING WEATHER WAS RECORDED YESTERDAY.
  NO SIGNIFICANT WEATHER WAS OBSERVED.


RELATIVE HUMIDITY (PERCENT)
 HIGHEST    77          1000 PM
 LOWEST     42           300 PM
 AVERAGE    60

..........................................................


THE NORFOLK VA CLIMATE NORMALS FOR TODAY
                         NORMAL    RECORD    YEAR
 MAXIMUM TEMPERATURE (F)   67        83      2001
 MINIMUM TEMPERATURE (F)   51        34      1969


SUNRISE AND SUNSET
OCTOBER 25 2014.......SUNRISE   722 AM EDT   SUNSET   615 PM EDT
OCTOBER 26 2014.......SUNRISE   723 AM EDT   SUNSET   614 PM EDT


-  INDICATES NEGATIVE NUMBERS.
R  INDICATES RECORD WAS SET OR TIED.
MM INDICATES DATA IS MISSING.
T  INDICATES TRACE AMOUNT.




$$





U.S. Dept. of Commerce
NOAA National Weather Service
1325 East West Highway
Silver Spring, MD 20910
E-mail: w-nws.webmaster@noaa.gov
Page last modified: May 16, 2007
NATIONAL WEATHER SERVICE: for Safety, for Work, for Fun - FOR LIFE