367
CDUS43 KLOT 262241
CLIORD


CLIMATE REPORT
NATIONAL WEATHER SERVICE CHICAGO IL
441 PM CST MON JAN 26 2015


...................................

...THE CHICAGO-OHARE IL CLIMATE SUMMARY FOR JANUARY 26 2015...
VALID TODAY AS OF 0400 PM LOCAL TIME.

CLIMATE NORMAL PERIOD 1981 TO 2010
CLIMATE RECORD PERIOD 1871 TO 2015


WEATHER ITEM   OBSERVED TIME   RECORD YEAR NORMAL DEPARTURE LAST
                VALUE   (LST)  VALUE       VALUE  FROM      YEAR
                                                  NORMAL
..................................................................
TEMPERATURE (F)
 TODAY
  MAXIMUM         26    359 PM  62    1944  31     -5       31
  MINIMUM         15    644 AM -16    1897  16     -1        6
  AVERAGE         21                        24     -3       19

PRECIPITATION (IN)
  TODAY            T             1.66 1967   0.05  -0.05     0.17
  MONTH TO DATE    1.20                      1.48  -0.28     2.81
  SINCE DEC 1      1.99                      3.73  -1.74     4.75
  SINCE JAN 1      1.20                      1.48  -0.28     2.81

SNOWFALL (IN)
  TODAY           MM            16.4  1967   0.4   MM        2.4
  MONTH TO DATE   11.5                       9.0    2.5     33.1
  SINCE DEC 1     11.5                      17.5   -6.0     47.3
  SINCE JUL 1     14.4                      18.9   -4.5     48.2

DEGREE DAYS
 HEATING
  TODAY           44                        41      3       46
  MONTH TO DATE 1129                      1074     55     1254
  SINCE DEC 1   2144                      2229    -85     2537
  SINCE JUL 1   3587                      3485    102     3820

 COOLING
  TODAY            0                         0      0        0
  MONTH TO DATE    0                         0      0        0
  SINCE DEC 1      0                         0      0        0
  SINCE JAN 1      0                         0      0        0
..................................................................


WIND (MPH)
  HIGHEST WIND SPEED    13   HIGHEST WIND DIRECTION    NE (60)
  HIGHEST GUST SPEED    16   HIGHEST GUST DIRECTION    NE (60)
  AVERAGE WIND SPEED     6.0


SKY COVER
  POSSIBLE SUNSHINE  MM
  AVERAGE SKY COVER 0.8


WEATHER CONDITIONS
 THE FOLLOWING WEATHER WAS RECORDED TODAY.
  LIGHT SNOW
  FOG


RELATIVE HUMIDITY (PERCENT)
 HIGHEST    88           600 AM
 LOWEST     68          1200 AM
 AVERAGE    78

..........................................................


THE CHICAGO-OHARE IL CLIMATE NORMALS FOR TOMORROW
                         NORMAL    RECORD    YEAR
 MAXIMUM TEMPERATURE (F)   31        62      1916
 MINIMUM TEMPERATURE (F)   16       -10      1955


SUNRISE AND SUNSET
JANUARY 26 2015.......SUNRISE   710 AM CST   SUNSET   459 PM CST
JANUARY 27 2015.......SUNRISE   709 AM CST   SUNSET   500 PM CST


-  INDICATES NEGATIVE NUMBERS.
R  INDICATES RECORD WAS SET OR TIED.
MM INDICATES DATA IS MISSING.
T  INDICATES TRACE AMOUNT.




$$





U.S. Dept. of Commerce
NOAA National Weather Service
1325 East West Highway
Silver Spring, MD 20910
E-mail: w-nws.webmaster@noaa.gov
Page last modified: May 16, 2007
NATIONAL WEATHER SERVICE: for Safety, for Work, for Fun - FOR LIFE