773
CDUS43 KLOT 230633
CLIORD


CLIMATE REPORT
NATIONAL WEATHER SERVICE CHICAGO IL
1232 AM CST SUN NOV 23 2014


...................................

...THE CHICAGO-OHARE CLIMATE SUMMARY FOR NOVEMBER 22 2014...

CLIMATE NORMAL PERIOD 1981 TO 2010
CLIMATE RECORD PERIOD 1871 TO 2014


WEATHER ITEM   OBSERVED TIME   RECORD YEAR NORMAL DEPARTURE LAST
                VALUE   (LST)  VALUE       VALUE  FROM      YEAR
                                                  NORMAL
..................................................................
TEMPERATURE (F)
 YESTERDAY
  MAXIMUM         52   1159 PM  69    1913  45      7       43
  MINIMUM         33    410 AM   4    1880  30      3       27
  AVERAGE         43                        37      6       35

PRECIPITATION (IN)
  YESTERDAY        0.07          1.37 2010   0.11  -0.04     0.04
  MONTH TO DATE    0.34                      2.31  -1.97     2.06
  SINCE SEP 1      5.53                      8.67  -3.14     7.75
  SINCE JAN 1     37.61                     33.80   3.81    40.12

SNOWFALL (IN)
  YESTERDAY        0.0           2.2  1989   0.0    0.0       T
  MONTH TO DATE    1.9                       0.5    1.4      0.4
  SINCE SEP 1      2.0                       0.7    1.3      0.4
  SINCE JUL 1      2.0                       0.7    1.3      0.4
  SNOW DEPTH       0

DEGREE DAYS
 HEATING
  YESTERDAY       22                        28     -6       30
  MONTH TO DATE  672                       499    173      506
  SINCE SEP 1   1174                      1001    173      959
  SINCE JUL 1   1179                      1014    165      970

 COOLING
  YESTERDAY        0                         0      0        0
  MONTH TO DATE    0                         0      0        0
  SINCE SEP 1     84                       103    -19      168
  SINCE JAN 1    799                       843    -44      933
..................................................................


WIND (MPH)
  HIGHEST WIND SPEED    21   HIGHEST WIND DIRECTION     S (200)
  HIGHEST GUST SPEED    28   HIGHEST GUST DIRECTION     S (200)
  AVERAGE WIND SPEED    13.2


SKY COVER
  POSSIBLE SUNSHINE  MM
  AVERAGE SKY COVER 1.0


WEATHER CONDITIONS
 THE FOLLOWING WEATHER WAS RECORDED YESTERDAY.
  RAIN
  LIGHT RAIN
  FOG
  HAZE


RELATIVE HUMIDITY (PERCENT)
 HIGHEST    92           600 AM
 LOWEST     35          1200 AM
 AVERAGE    64

..........................................................


THE CHICAGO-OHARE CLIMATE NORMALS FOR TODAY
                         NORMAL    RECORD    YEAR
 MAXIMUM TEMPERATURE (F)   44        69      1931
 MINIMUM TEMPERATURE (F)   29        -1      1950


SUNRISE AND SUNSET
NOVEMBER 23 2014......SUNRISE   651 AM CST   SUNSET   425 PM CST
NOVEMBER 24 2014......SUNRISE   652 AM CST   SUNSET   424 PM CST


-  INDICATES NEGATIVE NUMBERS.
R  INDICATES RECORD WAS SET OR TIED.
MM INDICATES DATA IS MISSING.
T  INDICATES TRACE AMOUNT.




$$





U.S. Dept. of Commerce
NOAA National Weather Service
1325 East West Highway
Silver Spring, MD 20910
E-mail: w-nws.webmaster@noaa.gov
Page last modified: May 16, 2007
NATIONAL WEATHER SERVICE: for Safety, for Work, for Fun - FOR LIFE