524
CDUS46 KSGX 241418
CLIONT


CLIMATE REPORT
NATIONAL WEATHER SERVICE SAN DIEGO, CA
717 AM PDT FRI OCT 24 2014


...................................

...THE ONTARIO INTL AIRPORT CA CLIMATE SUMMARY FOR OCTOBER 23 2014...

CLIMATE NORMAL PERIOD 1981 TO 2010
CLIMATE RECORD PERIOD 1998 TO 2014


WEATHER ITEM   OBSERVED TIME   RECORD YEAR NORMAL DEPARTURE LAST
                VALUE   (LST)  VALUE       VALUE  FROM      YEAR
                                                  NORMAL
..................................................................
TEMPERATURE (F)
 YESTERDAY
  MAXIMUM         92    127 PM  98    2003  79     13       72
  MINIMUM         59    544 AM  50    2004  53      6       55
  AVERAGE         76                        66     10       64

PRECIPITATION (IN)
  YESTERDAY        0.00          0.00   MM   0.02  -0.02     0.00
  MONTH TO DATE    0.00                      0.38  -0.38     0.09
  SINCE JUL 1      0.25                      0.87  -0.62     0.13
  SINCE JAN 1      3.74                     11.25  -7.51     2.92

SNOWFALL (IN)
  YESTERDAY        0.0
  MONTH TO DATE    0.0
  SINCE JAN 1      0.0
  SINCE JUL 1      0.0
  SNOW DEPTH       0

DEGREE DAYS
 HEATING
  YESTERDAY        0                         2     -2        1
  MONTH TO DATE    0                        23    -23       20
  SINCE SEP 1      0                        26    -26       20
  SINCE JUL 1      0                        26    -26       20

 COOLING
  YESTERDAY       11                         3      8        0
  MONTH TO DATE  213                       111    102       95
  SINCE SEP 1    687                       439    248      491
  SINCE JAN 1   2306                      1662    644     1964
..................................................................


WIND (MPH)
  RESULTANT WIND SPEED   2   RESULTANT WIND DIRECTION   W (260)
  HIGHEST WIND SPEED    13   HIGHEST WIND DIRECTION     W (270)
  HIGHEST GUST SPEED    17   HIGHEST GUST DIRECTION     W (270)
  AVERAGE WIND SPEED     3.1


SKY COVER
  POSSIBLE SUNSHINE  MM
  AVERAGE SKY COVER 0.2


WEATHER CONDITIONS
 THE FOLLOWING WEATHER WAS RECORDED YESTERDAY.
  NO SIGNIFICANT WEATHER WAS OBSERVED.


RELATIVE HUMIDITY (PERCENT)
 HIGHEST    78           200 AM
 LOWEST     12           100 PM
 AVERAGE    45

..........................................................


THE ONTARIO INTL AIRPORT CA CLIMATE NORMALS FOR TODAY
                         NORMAL    RECORD    YEAR
 MAXIMUM TEMPERATURE (F)   79        96      2007
 MINIMUM TEMPERATURE (F)   53        50      2004


SUNRISE AND SUNSET
OCTOBER 24 2014.......SUNRISE   703 AM PDT   SUNSET   606 PM PDT
OCTOBER 25 2014.......SUNRISE   704 AM PDT   SUNSET   605 PM PDT


-  INDICATES NEGATIVE NUMBERS.
R  INDICATES RECORD WAS SET OR TIED.
MM INDICATES DATA IS MISSING.
T  INDICATES TRACE AMOUNT.




$$





U.S. Dept. of Commerce
NOAA National Weather Service
1325 East West Highway
Silver Spring, MD 20910
E-mail: w-nws.webmaster@noaa.gov
Page last modified: May 16, 2007
NATIONAL WEATHER SERVICE: for Safety, for Work, for Fun - FOR LIFE