333
CDUS45 KBOI 300932
CLIONO


CLIMATE REPORT
NATIONAL WEATHER SERVICE BOISE ID
331 AM MDT WED JUL 30 2014


...................................

...THE ONTARIO OR CLIMATE SUMMARY FOR JULY 29 2014...

CLIMATE NORMAL PERIOD 1981 TO 2010
CLIMATE RECORD PERIOD 1948 TO 2014


WEATHER ITEM   OBSERVED TIME   RECORD YEAR NORMAL DEPARTURE LAST
                VALUE   (LST)  VALUE       VALUE  FROM      YEAR
                                                  NORMAL
..................................................................
TEMPERATURE (F)
 YESTERDAY
  MAXIMUM        101    335 PM 109    1968  96      5       92
  MINIMUM         67    453 AM  44    1948  59      8       61
  AVERAGE         84                        77      7       77

PRECIPITATION (IN)
  YESTERDAY        T             0.37 1975   0.01  -0.01     0.00
  MONTH TO DATE    0.01                      0.29  -0.28     0.00
  SINCE OCT 1      6.52                      9.46  -2.94     5.55
  SINCE JAN 1      5.01                      6.05  -1.04     2.61

DEGREE DAYS
 HEATING
  YESTERDAY        0                         0      0        0
  MONTH TO DATE    0                         0      0        0
  SINCE JUN 1     28                        52    -24       39
  SINCE JUL 1      0                         0      0        0

 COOLING
  YESTERDAY       19                        12      7       12
  MONTH TO DATE  469                       322    147      482
  SINCE JUN 1    626                       461    165      686
  SINCE JAN 1    674                       497    177      733
..................................................................


WIND (MPH)
  HIGHEST WIND SPEED    37   HIGHEST WIND DIRECTION    NW (300)
  HIGHEST GUST SPEED    47   HIGHEST GUST DIRECTION    NW (300)
  AVERAGE WIND SPEED     8.2


SKY COVER
  AVERAGE SKY COVER 0.0


WEATHER CONDITIONS
 THE FOLLOWING WEATHER WAS RECORDED YESTERDAY.
  THUNDERSTORM
  LIGHT RAIN
  HAZE


RELATIVE HUMIDITY (PERCENT)
 HIGHEST    64          1200 AM
 LOWEST     16           600 PM
 AVERAGE    40

..........................................................


THE ONTARIO OR CLIMATE NORMALS FOR TODAY
                         NORMAL    RECORD    YEAR
 MAXIMUM TEMPERATURE (F)   96       109      1968
 MINIMUM TEMPERATURE (F)   59        45      1963


SUNRISE AND SUNSET
JULY 30 2014..........SUNRISE   634 AM MDT   SUNSET   914 PM MDT
JULY 31 2014..........SUNRISE   635 AM MDT   SUNSET   913 PM MDT


-  INDICATES NEGATIVE NUMBERS.
R  INDICATES RECORD WAS SET OR TIED.
MM INDICATES DATA IS MISSING.
T  INDICATES TRACE AMOUNT.




$$





U.S. Dept. of Commerce
NOAA National Weather Service
1325 East West Highway
Silver Spring, MD 20910
E-mail: w-nws.webmaster@noaa.gov
Page last modified: May 16, 2007
NATIONAL WEATHER SERVICE: for Safety, for Work, for Fun - FOR LIFE