728
CDUS45 KBOI 230934
CLIONO


CLIMATE REPORT
NATIONAL WEATHER SERVICE BOISE ID
334 AM MDT TUE SEP 23 2014


...................................

...THE ONTARIO OR CLIMATE SUMMARY FOR SEPTEMBER 22 2014...

CLIMATE NORMAL PERIOD 1981 TO 2010
CLIMATE RECORD PERIOD 1948 TO 2014


WEATHER ITEM   OBSERVED TIME   RECORD YEAR NORMAL DEPARTURE LAST
                VALUE   (LST)  VALUE       VALUE  FROM      YEAR
                                                  NORMAL
..................................................................
TEMPERATURE (F)
 YESTERDAY
  MAXIMUM         81    547 PM 100    1966  79      2       71
  MINIMUM         63    642 AM  27    1995  43     20       53
  AVERAGE         72                        61     11       62

PRECIPITATION (IN)
  YESTERDAY        T             0.24 2007   0.02  -0.02     0.00
  MONTH TO DATE    0.01                      0.28  -0.27     0.14
  SINCE OCT 1      7.06                      9.93  -2.87     5.69
  SINCE JAN 1      5.55                      6.52  -0.97     2.75

DEGREE DAYS
 HEATING
  YESTERDAY        0                         5     -5        3
  MONTH TO DATE   18                        62    -44       21
  SINCE SEP 1     18                        62    -44       21
  SINCE JUL 1     19                        78    -59       21

 COOLING
  YESTERDAY        7                         1      6        0
  MONTH TO DATE   79                        53     26      127
  SINCE SEP 1     79                        53     26      127
  SINCE JAN 1   1076                       846    230     1299
..................................................................


WIND (MPH)
  HIGHEST WIND SPEED    18   HIGHEST WIND DIRECTION    NW (310)
  HIGHEST GUST SPEED    25   HIGHEST GUST DIRECTION    NW (310)
  AVERAGE WIND SPEED     2.3


SKY COVER
  AVERAGE SKY COVER 0.2


WEATHER CONDITIONS
 THE FOLLOWING WEATHER WAS RECORDED YESTERDAY.
  HAZE


RELATIVE HUMIDITY (PERCENT)
 HIGHEST    78           600 AM
 LOWEST     42           300 PM
 AVERAGE    60

..........................................................


THE ONTARIO OR CLIMATE NORMALS FOR TODAY
                         NORMAL    RECORD    YEAR
 MAXIMUM TEMPERATURE (F)   78        95      1966
 MINIMUM TEMPERATURE (F)   42        26      1956


SUNRISE AND SUNSET
SEPTEMBER 23 2014.....SUNRISE   736 AM MDT   SUNSET   743 PM MDT
SEPTEMBER 24 2014.....SUNRISE   738 AM MDT   SUNSET   742 PM MDT


-  INDICATES NEGATIVE NUMBERS.
R  INDICATES RECORD WAS SET OR TIED.
MM INDICATES DATA IS MISSING.
T  INDICATES TRACE AMOUNT.




$$





U.S. Dept. of Commerce
NOAA National Weather Service
1325 East West Highway
Silver Spring, MD 20910
E-mail: w-nws.webmaster@noaa.gov
Page last modified: May 16, 2007
NATIONAL WEATHER SERVICE: for Safety, for Work, for Fun - FOR LIFE