574
CDUS45 KBOI 250932
CLIONO


CLIMATE REPORT
NATIONAL WEATHER SERVICE BOISE ID
331 AM MDT SAT OCT 25 2014


...................................

...THE ONTARIO OR CLIMATE SUMMARY FOR OCTOBER 24 2014...

CLIMATE NORMAL PERIOD 1981 TO 2010
CLIMATE RECORD PERIOD 1948 TO 2014


WEATHER ITEM   OBSERVED TIME   RECORD YEAR NORMAL DEPARTURE LAST
                VALUE   (LST)  VALUE       VALUE  FROM      YEAR
                                                  NORMAL
..................................................................
TEMPERATURE (F)
 YESTERDAY
  MAXIMUM         62    458 PM  76    1988  62      0       68
  MINIMUM         47   1159 PM  22    1949  32     15       30
  AVERAGE         55                        47      8       49

PRECIPITATION (IN)
  YESTERDAY        0.11          0.62 2010   0.03   0.08     0.00
  MONTH TO DATE    0.47                      0.43   0.04      T
  SINCE OCT 1      0.47                      0.43   0.04      T
  SINCE JAN 1      6.43                      7.08  -0.65     3.77

DEGREE DAYS
 HEATING
  YESTERDAY       10                        18     -8       16
  MONTH TO DATE  203                       318   -115      353
  SINCE SEP 1    239                       436   -197      441
  SINCE JUL 1    240                       452   -212      441

 COOLING
  YESTERDAY        0                         0      0        0
  MONTH TO DATE    1                         0      1        0
  SINCE SEP 1     91                        58     33      127
  SINCE JAN 1   1088                       851    237     1299
..................................................................


WIND (MPH)
  HIGHEST WIND SPEED     7   HIGHEST WIND DIRECTION     W (250)
  HIGHEST GUST SPEED     9   HIGHEST GUST DIRECTION     N (10)
  AVERAGE WIND SPEED     2.2


SKY COVER
  AVERAGE SKY COVER 0.6


WEATHER CONDITIONS
 THE FOLLOWING WEATHER WAS RECORDED YESTERDAY.
  LIGHT RAIN
  FOG


RELATIVE HUMIDITY (PERCENT)
 HIGHEST   100           200 AM
 LOWEST     60           500 PM
 AVERAGE    80

..........................................................


THE ONTARIO OR CLIMATE NORMALS FOR TODAY
                         NORMAL    RECORD    YEAR
 MAXIMUM TEMPERATURE (F)   61        80      1977
 MINIMUM TEMPERATURE (F)   32        21      1955


SUNRISE AND SUNSET
OCTOBER 25 2014.......SUNRISE   815 AM MDT   SUNSET   648 PM MDT
OCTOBER 26 2014.......SUNRISE   817 AM MDT   SUNSET   647 PM MDT


-  INDICATES NEGATIVE NUMBERS.
R  INDICATES RECORD WAS SET OR TIED.
MM INDICATES DATA IS MISSING.
T  INDICATES TRACE AMOUNT.




$$





U.S. Dept. of Commerce
NOAA National Weather Service
1325 East West Highway
Silver Spring, MD 20910
E-mail: w-nws.webmaster@noaa.gov
Page last modified: May 16, 2007
NATIONAL WEATHER SERVICE: for Safety, for Work, for Fun - FOR LIFE