794
CDUS45 KBOI 220933
CLIONO


CLIMATE REPORT
NATIONAL WEATHER SERVICE BOISE ID
232 AM MST MON DEC 22 2014


...................................

...THE ONTARIO OR CLIMATE SUMMARY FOR DECEMBER 21 2014...

CLIMATE NORMAL PERIOD 1981 TO 2010
CLIMATE RECORD PERIOD 1948 TO 2014


WEATHER ITEM   OBSERVED TIME   RECORD YEAR NORMAL DEPARTURE LAST
                VALUE   (LST)  VALUE       VALUE  FROM      YEAR
                                                  NORMAL
..................................................................
TEMPERATURE (F)
 YESTERDAY
  MAXIMUM         50    214 PM  59    1957  35     15       30
  MINIMUM         41    341 AM -20    1990  19     22       20
  AVERAGE         46                        27     19       25

PRECIPITATION (IN)
  YESTERDAY        0.23          0.53 2008   0.05   0.18     0.01
  MONTH TO DATE    2.05                      1.11   0.94     0.44
  SINCE OCT 1      3.97                      2.84   1.13     1.50
  SINCE JAN 1      9.93                      9.49   0.44     5.27

DEGREE DAYS
 HEATING
  YESTERDAY       19                        38    -19       40
  MONTH TO DATE  528                       768   -240      958
  SINCE DEC 1    528                       768   -240      958
  SINCE JUL 1   1809                      2196   -387     2353

 COOLING
  YESTERDAY        0                         0      0        0
  MONTH TO DATE    0                         0      0        0
  SINCE DEC 1      0                         0      0        0
  SINCE JAN 1   1088                       852    236     1299
..................................................................


WIND (MPH)
  HIGHEST WIND SPEED    30   HIGHEST WIND DIRECTION    NW (310)
  HIGHEST GUST SPEED    37   HIGHEST GUST DIRECTION    NW (310)
  AVERAGE WIND SPEED     5.6


SKY COVER
  AVERAGE SKY COVER 0.9


WEATHER CONDITIONS
 THE FOLLOWING WEATHER WAS RECORDED YESTERDAY.
  LIGHT RAIN
  FOG


RELATIVE HUMIDITY (PERCENT)
 HIGHEST    96           800 PM
 LOWEST     71           100 PM
 AVERAGE    84

..........................................................


THE ONTARIO OR CLIMATE NORMALS FOR TODAY
                         NORMAL    RECORD    YEAR
 MAXIMUM TEMPERATURE (F)   35        66      1955
 MINIMUM TEMPERATURE (F)   19       -20      1990


SUNRISE AND SUNSET
DECEMBER 22 2014......SUNRISE   820 AM MST   SUNSET   513 PM MST
DECEMBER 23 2014......SUNRISE   821 AM MST   SUNSET   514 PM MST


-  INDICATES NEGATIVE NUMBERS.
R  INDICATES RECORD WAS SET OR TIED.
MM INDICATES DATA IS MISSING.
T  INDICATES TRACE AMOUNT.




$$





U.S. Dept. of Commerce
NOAA National Weather Service
1325 East West Highway
Silver Spring, MD 20910
E-mail: w-nws.webmaster@noaa.gov
Page last modified: May 16, 2007
NATIONAL WEATHER SERVICE: for Safety, for Work, for Fun - FOR LIFE