536
CDUS45 KBOI 280930
CLIONO


CLIMATE REPORT
NATIONAL WEATHER SERVICE BOISE ID
330 AM MDT THU AUG 28 2014


...................................

...THE ONTARIO OR CLIMATE SUMMARY FOR AUGUST 27 2014...

CLIMATE NORMAL PERIOD 1981 TO 2010
CLIMATE RECORD PERIOD 1948 TO 2014


WEATHER ITEM   OBSERVED TIME   RECORD YEAR NORMAL DEPARTURE LAST
                VALUE   (LST)  VALUE       VALUE  FROM      YEAR
                                                  NORMAL
..................................................................
TEMPERATURE (F)
 YESTERDAY
  MAXIMUM         92    433 PM 101    1974  89      3       93
  MINIMUM         51    655 AM  38    1993  52     -1       56
  AVERAGE         72                        70      2       75

PRECIPITATION (IN)
  YESTERDAY        0.00          0.35 1956   0.01  -0.01     0.00
  MONTH TO DATE    0.46                      0.15   0.31      T
  SINCE OCT 1      6.98                      9.62  -2.64     5.55
  SINCE JAN 1      5.47                      6.21  -0.74     2.61

DEGREE DAYS
 HEATING
  YESTERDAY        0                         1     -1        0
  MONTH TO DATE    0                         3     -3        0
  SINCE JUN 1     28                        60    -32       39
  SINCE JUL 1      0                         8     -8        0

 COOLING
  YESTERDAY        7                         6      1       10
  MONTH TO DATE  273                       249     24      364
  SINCE JUN 1    926                       736    190     1073
  SINCE JAN 1    974                       772    202     1120
..................................................................


WIND (MPH)
  HIGHEST WIND SPEED     7   HIGHEST WIND DIRECTION    SE (120)
  HIGHEST GUST SPEED    11   HIGHEST GUST DIRECTION     E (100)
  AVERAGE WIND SPEED     1.9


SKY COVER
  AVERAGE SKY COVER 0.0


WEATHER CONDITIONS
 THE FOLLOWING WEATHER WAS RECORDED YESTERDAY.
  NO SIGNIFICANT WEATHER WAS OBSERVED.


RELATIVE HUMIDITY (PERCENT)
 HIGHEST    77           500 AM
 LOWEST     21           300 PM
 AVERAGE    49

..........................................................


THE ONTARIO OR CLIMATE NORMALS FOR TODAY
                         NORMAL    RECORD    YEAR
 MAXIMUM TEMPERATURE (F)   88       102      1972
 MINIMUM TEMPERATURE (F)   51        33      1960


SUNRISE AND SUNSET
AUGUST 28 2014........SUNRISE   707 AM MDT   SUNSET   831 PM MDT
AUGUST 29 2014........SUNRISE   708 AM MDT   SUNSET   829 PM MDT


-  INDICATES NEGATIVE NUMBERS.
R  INDICATES RECORD WAS SET OR TIED.
MM INDICATES DATA IS MISSING.
T  INDICATES TRACE AMOUNT.




$$





U.S. Dept. of Commerce
NOAA National Weather Service
1325 East West Highway
Silver Spring, MD 20910
E-mail: w-nws.webmaster@noaa.gov
Page last modified: May 16, 2007
NATIONAL WEATHER SERVICE: for Safety, for Work, for Fun - FOR LIFE