596
CDUS46 KOTX 290828
CLIOMK


CLIMATE REPORT
NATIONAL WEATHER SERVICE SPOKANE, WA
1228 AM PST THU JAN 29 2015


...................................

...THE OMAK WA AIRPORT CLIMATE SUMMARY FOR JANUARY 28 2015...

CLIMATE NORMAL PERIOD 1981 TO 2010
CLIMATE RECORD PERIOD 9999 TO 9999


WEATHER ITEM   OBSERVED TIME   RECORD YEAR NORMAL DEPARTURE LAST
                VALUE   (LST)  VALUE       VALUE  FROM      YEAR
                                                  NORMAL
..................................................................
TEMPERATURE (F)
 YESTERDAY
  MAXIMUM         36    538 PM  53    1974  36      0       34
  MINIMUM         33   1159 PM -21    1949  22     11       30
  AVERAGE         35                        29      6       32

PRECIPITATION (IN)
  YESTERDAY        0.00          0.56 1992   0.03  -0.03     0.00
  MONTH TO DATE    0.73                      1.59  -0.86     0.16
  SINCE OCT 1      7.30                      7.04   0.26     1.33
  SINCE JAN 1      0.73                      1.59  -0.86     0.16

SNOWFALL (IN)
  YESTERDAY       MM

DEGREE DAYS
 HEATING
  YESTERDAY       30                        36     -6       33
  MONTH TO DATE  964                      1075   -111      951
  SINCE DEC 1   2015                      2291   -276     2254
  SINCE JUL 1   3412                      3824   -412     3851

 COOLING
  YESTERDAY        0                         0      0        0
  MONTH TO DATE    0                         0      0        0
  SINCE DEC 1      0                         0      0        0
  SINCE JAN 1      0                         0      0        0
..................................................................


WIND (MPH)
  HIGHEST WIND SPEED     7   HIGHEST WIND DIRECTION     S (170)
  HIGHEST GUST SPEED     9   HIGHEST GUST DIRECTION     S (170)
  AVERAGE WIND SPEED     1.6


SKY COVER
  POSSIBLE SUNSHINE  MM
  AVERAGE SKY COVER 1.0


WEATHER CONDITIONS
 THE FOLLOWING WEATHER WAS RECORDED YESTERDAY.
  FOG


RELATIVE HUMIDITY (PERCENT)
 HIGHEST   100          1200 AM
 LOWEST     89          1200 PM
 AVERAGE    95

..........................................................


THE OMAK WA AIRPORT CLIMATE NORMALS FOR TODAY
                         NORMAL    RECORD    YEAR
 MAXIMUM TEMPERATURE (F)   36        52      1974
 MINIMUM TEMPERATURE (F)   22       -20      1950


SUNRISE AND SUNSET
JANUARY 29 2015.......SUNRISE   731 AM PST   SUNSET   452 PM PST
JANUARY 30 2015.......SUNRISE   730 AM PST   SUNSET   453 PM PST


-  INDICATES NEGATIVE NUMBERS.
R  INDICATES RECORD WAS SET OR TIED.
MM INDICATES DATA IS MISSING.
T  INDICATES TRACE AMOUNT.




$$





U.S. Dept. of Commerce
NOAA National Weather Service
1325 East West Highway
Silver Spring, MD 20910
E-mail: w-nws.webmaster@noaa.gov
Page last modified: May 16, 2007
NATIONAL WEATHER SERVICE: for Safety, for Work, for Fun - FOR LIFE