244
CDUS46 KOTX 210827
CLIOMK


CLIMATE REPORT
NATIONAL WEATHER SERVICE SPOKANE, WA
126 AM PDT THU AUG 21 2014


...................................

...THE OMAK WA AIRPORT CLIMATE SUMMARY FOR AUGUST 20 2014...

CLIMATE NORMAL PERIOD 1981 TO 2010
CLIMATE RECORD PERIOD 9999 TO 9999


WEATHER ITEM   OBSERVED TIME   RECORD YEAR NORMAL DEPARTURE LAST
                VALUE   (LST)  VALUE       VALUE  FROM      YEAR
                                                  NORMAL
..................................................................
TEMPERATURE (F)
 YESTERDAY
  MAXIMUM         88    405 PM 102    2009  87      1       85
  MINIMUM         65    512 AM  40    1973  56      9       55
  AVERAGE         77                        72      5       70

PRECIPITATION (IN)
  YESTERDAY        T             0.23 1965   0.01  -0.01     0.00
  MONTH TO DATE    0.40                      0.33   0.07     1.11
  SINCE OCT 1      6.96                     14.34  -7.38    14.20
  SINCE JAN 1      5.79                      8.89  -3.10     7.21

SNOWFALL (IN)
  YESTERDAY       MM            MM      MM  MM     MM       MM
  MONTH TO DATE   MM                        MM     MM       MM
  SINCE JUN 1     MM                        MM     MM       MM
  SINCE JUL 1     MM                        MM     MM       MM
  SNOW DEPTH      MM

DEGREE DAYS
 HEATING
  YESTERDAY        0                         0      0        0
  MONTH TO DATE    0                         0      0        0
  SINCE JUN 1     40                        84    -44       67
  SINCE JUL 1      2                        15    -13        0

 COOLING
  YESTERDAY       12                         7      5        5
  MONTH TO DATE  277                       181     96      198
  SINCE JUN 1    759                       519    240      611
  SINCE JAN 1    773                       542    231      634
..................................................................


WIND (MPH)
  HIGHEST WIND SPEED    18   HIGHEST WIND DIRECTION     N (20)
  HIGHEST GUST SPEED    29   HIGHEST GUST DIRECTION     N (350)
  AVERAGE WIND SPEED    10.6


SKY COVER
  POSSIBLE SUNSHINE  MM
  AVERAGE SKY COVER 0.5


WEATHER CONDITIONS
 THE FOLLOWING WEATHER WAS RECORDED YESTERDAY.
  LIGHT RAIN


RELATIVE HUMIDITY (PERCENT)
 HIGHEST    53           600 AM
 LOWEST     24           300 PM
 AVERAGE    39

..........................................................


THE OMAK WA AIRPORT CLIMATE NORMALS FOR TODAY
                         NORMAL    RECORD    YEAR
 MAXIMUM TEMPERATURE (F)   87       100      2005
 MINIMUM TEMPERATURE (F)   56        34      1945


SUNRISE AND SUNSET
AUGUST 21 2014........SUNRISE   600 AM PDT   SUNSET   801 PM PDT
AUGUST 22 2014........SUNRISE   602 AM PDT   SUNSET   759 PM PDT


-  INDICATES NEGATIVE NUMBERS.
R  INDICATES RECORD WAS SET OR TIED.
MM INDICATES DATA IS MISSING.
T  INDICATES TRACE AMOUNT.




$$





U.S. Dept. of Commerce
NOAA National Weather Service
1325 East West Highway
Silver Spring, MD 20910
E-mail: w-nws.webmaster@noaa.gov
Page last modified: May 16, 2007
NATIONAL WEATHER SERVICE: for Safety, for Work, for Fun - FOR LIFE