536
CDUS46 KOTX 170834
CLIOMK


CLIMATE REPORT
NATIONAL WEATHER SERVICE SPOKANE, WA
134 AM PDT WED SEP 17 2014


...................................

...THE OMAK WA AIRPORT CLIMATE SUMMARY FOR SEPTEMBER 16 2014...

CLIMATE NORMAL PERIOD 1981 TO 2010
CLIMATE RECORD PERIOD 9999 TO 9999


WEATHER ITEM   OBSERVED TIME   RECORD YEAR NORMAL DEPARTURE LAST
                VALUE   (LST)  VALUE       VALUE  FROM      YEAR
                                                  NORMAL
..................................................................
TEMPERATURE (F)
 YESTERDAY
  MAXIMUM         87    410 PM  91    2001  78      9       78
  MINIMUM         50    156 AM  28    1973  47      3       53
  AVERAGE         69                        63      6       66

PRECIPITATION (IN)
  YESTERDAY        0.00          0.70 1996   0.01  -0.01      T
  MONTH TO DATE    0.40                      0.25   0.15     0.91
  SINCE OCT 1      7.81                     14.72  -6.91    15.32
  SINCE JAN 1      6.64                      9.27  -2.63     8.33

SNOWFALL (IN)
  YESTERDAY       MM            MM      MM  MM     MM       MM
  MONTH TO DATE   MM                        MM     MM       MM
  SINCE SEP 1     MM                        MM     MM       MM
  SINCE JUL 1     MM                        MM     MM       MM
  SNOW DEPTH      MM

DEGREE DAYS
 HEATING
  YESTERDAY        0                         4     -4        0
  MONTH TO DATE   50                        42      8        6
  SINCE SEP 1     50                        42      8        6
  SINCE JUL 1     55                        73    -18        6

 COOLING
  YESTERDAY        4                         2      2        1
  MONTH TO DATE   19                        48    -29      128
  SINCE SEP 1     19                        48    -29      128
  SINCE JAN 1    843                       654    189      814
..................................................................


WIND (MPH)
  HIGHEST WIND SPEED    13   HIGHEST WIND DIRECTION     N (20)
  HIGHEST GUST SPEED    17   HIGHEST GUST DIRECTION     N (20)
  AVERAGE WIND SPEED     6.4


SKY COVER
  POSSIBLE SUNSHINE  MM
  AVERAGE SKY COVER 0.0


WEATHER CONDITIONS
 THE FOLLOWING WEATHER WAS RECORDED YESTERDAY.
  NO SIGNIFICANT WEATHER WAS OBSERVED.


RELATIVE HUMIDITY (PERCENT)
 HIGHEST    56           200 AM
 LOWEST     14           400 PM
 AVERAGE    35

..........................................................


THE OMAK WA AIRPORT CLIMATE NORMALS FOR TODAY
                         NORMAL    RECORD    YEAR
 MAXIMUM TEMPERATURE (F)   77        91      2008
 MINIMUM TEMPERATURE (F)   47        30      1965


SUNRISE AND SUNSET
SEPTEMBER 17 2014.....SUNRISE   638 AM PDT   SUNSET   706 PM PDT
SEPTEMBER 18 2014.....SUNRISE   639 AM PDT   SUNSET   704 PM PDT


-  INDICATES NEGATIVE NUMBERS.
R  INDICATES RECORD WAS SET OR TIED.
MM INDICATES DATA IS MISSING.
T  INDICATES TRACE AMOUNT.




$$





U.S. Dept. of Commerce
NOAA National Weather Service
1325 East West Highway
Silver Spring, MD 20910
E-mail: w-nws.webmaster@noaa.gov
Page last modified: May 16, 2007
NATIONAL WEATHER SERVICE: for Safety, for Work, for Fun - FOR LIFE