556
CDAK49 PAOM 240922
CLIOME

CLIMATE REPORT
NATIONAL WEATHER SERVICE NOME, AK
1222 AM AKST MON NOV 24 2014

...................................
...THE NOME WSO AP CLIMATE SUMMARY FOR NOVEMBER 23 2014...

CLIMATE NORMAL PERIOD  1981 TO  2010
CLIMATE RECORD PERIOD  1906 TO  2014

WEATHER ITEM   OBSERVED TIME    RECORD YEAR NORMAL DEPARTURE LAST
               VALUE    (LST)   VALUE       VALUE  FROM      YEAR
                                                   NORMAL
...................................................................
TEMPERATURE
YESTERDAY
 MAXIMUM            24  1236 AM    44  1947     21       3     18
 MINIMUM             8  0959 AM   -24  1918      8       0     13
 AVERAGE            16                          15       1     16

PRECIPITATION
(INCHES)
 YESTERDAY        0.00           0.36  2003   0.04   -0.04   0.12
 MONTH TO DATE    0.65                        0.97   -0.32   1.58
 SINCE SEP 1      3.86                        5.03   -1.17   7.11
 SINCE JAN 1     12.88                       15.48   -2.60  20.22

SNOWFALL
(INCHES)
 YESTERDAY         0.0            4.8  2003    0.4    -0.4    3.4
 MONTH TO DATE     2.6                         9.2    -6.6   10.2
 SINCE SEP 1       7.5                        14.4    -6.9   11.8
 SINCE JUL 1       7.5                        14.4    -6.9   11.8
 SNOW DEPTH (IN)     T                                          6

DEGREE DAYS
 HEATING
  YESTERDAY         49                          50      -1     49
  MONTH TO DATE    859                        1082    -223   1008
  SINCE SEP 1     2546                        2873    -327   2658
  SINCE JUL 1     3249                        3737    -488   3432

 COOLING
  YESTERDAY          0                           0       0      0
  MONTH TO DATE      0                           0       0      0
  SINCE SEP 1        0                           0       0      0
  SINCE JAN 1        3                           0       3      7
...................................................................

WIND (MPH)
 HIGHEST WIND SPEED    23     HIGHEST WIND DIRECTION     40
 HIGHEST GUST SPEED    26     HIGHEST GUST DIRECTION     30
 AVERAGE WIND SPEED   8.6

SKY COVER
  POSSIBLE SUNSHINE    MM          AVERAGE SKY COVER     MM

WEATHER CONDITIONS
 THE FOLLOWING WEATHER WAS RECORDED YESTERDAY.
  NO SIGNIFICANT WEATHER WAS OBSERVED.

RELATIVE HUMIDITY
 HIGHEST RH     MM PERCENT       MM
 LOWEST  RH     MM PERCENT       MM
 AVERAGE RH     MM PERCENT       MM
...................................................................

THE NOME CLIMATE NORMALS FOR TODAY
                           NORMAL    RECORD   YEAR
 MAXIMUM TEMPERATURE (F)     21        42     1947
 MINIMUM TEMPERATURE (F)      8       -27     1948

SUNRISE AND SUNSET
 NOV 24 2014..........SUNRISE 11:05 AM      SUNSET  4:32 PM
 NOV 25 2014..........SUNRISE 11:08 AM      SUNSET  4:30 PM

-  INDICATES NEGATIVE NUMBERS.
R  INDICATES RECORD HAS BEEN SET OR TIED.
MM INDICATES DATA IS MISSING.
T  INDICATES TRACE OF PRECIPITATION.

&&
-------------------------------------------------------------------

AMOUNT OF DAYLIGHT TODAY  (HOUR:MIN)........5 HOURS 27 MINUTES
GAIN/LOSS SINCE YESTERDAY (HOUR:MIN:SEC)....-0:05:48

TIDE INFORMATION FOR MONDAY NOVEMBER 24 2014
 4:24 AM HIGH 1.3 FT
11:51 AM LOW  0.0 FT
 6:48 PM HIGH 1.2 FT
11:44 PM LOW  0.8 FT

$$
RWM NOV 14





U.S. Dept. of Commerce
NOAA National Weather Service
1325 East West Highway
Silver Spring, MD 20910
E-mail: w-nws.webmaster@noaa.gov
Page last modified: May 16, 2007
NATIONAL WEATHER SERVICE: for Safety, for Work, for Fun - FOR LIFE