728
CDAK49 PAOM 260904
CLIOME

CLIMATE REPORT
NATIONAL WEATHER SERVICE NOME, AK
105 AM AKDT SUN OCT 26 2014

...................................
...THE NOME WSO AP CLIMATE SUMMARY FOR OCTOBER 25 2014...

CLIMATE NORMAL PERIOD  1981 TO  2010
CLIMATE RECORD PERIOD  1906 TO  2014

WEATHER ITEM   OBSERVED TIME    RECORD YEAR NORMAL DEPARTURE LAST
               VALUE    (LST)   VALUE       VALUE  FROM      YEAR
                                                   NORMAL
...................................................................
TEMPERATURE
YESTERDAY
 MAXIMUM            36  1138 AM    45  1937     30       6     41
 MINIMUM            31  0202 PM    -5  1996     19      12     33
 AVERAGE            34                          25       9     37

PRECIPITATION
(INCHES)
 YESTERDAY        0.21           1.10  1919   0.05    0.16   0.23
 MONTH TO DATE    0.60                        1.35   -0.75   3.25
 SINCE SEP 1      3.18                        3.80   -0.62   5.23
 SINCE JAN 1     12.20                       14.25   -2.05  18.34

SNOWFALL
(INCHES)
 YESTERDAY         0.9            3.4  1992    0.2     0.7    0.1
 MONTH TO DATE     4.5                         3.1     1.4    0.5
 SINCE SEP 1       4.5                         3.7     0.8    1.6
 SINCE JUL 1       4.5                         3.7     0.8    1.6
 SNOW DEPTH (IN)     2                                          0

DEGREE DAYS
 HEATING
  YESTERDAY         31                          40      -9     28
  MONTH TO DATE    868                         874      -6    711
  SINCE SEP 1     1451                        1540     -89   1457
  SINCE JUL 1     2154                        2404    -250   2231

 COOLING
  YESTERDAY          0                           0       0      0
  MONTH TO DATE      0                           0       0      0
  SINCE SEP 1        0                           0       0      0
  SINCE JAN 1        3                           0       3      7
...................................................................

WIND (MPH)
 HIGHEST WIND SPEED    26     HIGHEST WIND DIRECTION    250
 HIGHEST GUST SPEED    32     HIGHEST GUST DIRECTION    240
 AVERAGE WIND SPEED  14.2

SKY COVER
  POSSIBLE SUNSHINE    MM          AVERAGE SKY COVER     MM

WEATHER CONDITIONS
 THE FOLLOWING WEATHER WAS RECORDED YESTERDAY.
  FOG
RAIN
SNOW


RELATIVE HUMIDITY
 HIGHEST RH     MM PERCENT       MM
 LOWEST  RH     MM PERCENT       MM
 AVERAGE RH     MM PERCENT       MM
...................................................................

THE NOME CLIMATE NORMALS FOR TODAY
                           NORMAL    RECORD   YEAR
 MAXIMUM TEMPERATURE (F)     30        46     1911
 MINIMUM TEMPERATURE (F)     19        -1     1997

SUNRISE AND SUNSET
 OCT 26 2014..........SUNRISE 10:29 AM      SUNSET  7:02 PM
 OCT 27 2014..........SUNRISE 10:32 AM      SUNSET  6:59 PM

-  INDICATES NEGATIVE NUMBERS.
R  INDICATES RECORD HAS BEEN SET OR TIED.
MM INDICATES DATA IS MISSING.
T  INDICATES TRACE OF PRECIPITATION.

&&
-------------------------------------------------------------------

AMOUNT OF DAYLIGHT TODAY  (HOUR:MIN)........8 HOURS 33 MINUTES
GAIN/LOSS SINCE YESTERDAY (HOUR:MIN:SEC)....-0:06:37

TIDE INFORMATION FOR SUNDAY OCTOBER 26 2014
12:39 AM LOW  0.7 FT
 6:18 AM HIGH 1.2 FT
 1:17 PM LOW  0.1 FT
 8:05 PM HIGH 1.2 FT

$$
RWM OCT 14





U.S. Dept. of Commerce
NOAA National Weather Service
1325 East West Highway
Silver Spring, MD 20910
E-mail: w-nws.webmaster@noaa.gov
Page last modified: May 16, 2007
NATIONAL WEATHER SERVICE: for Safety, for Work, for Fun - FOR LIFE