206
CDAK49 PAOM 300901
CLIOME

CLIMATE REPORT
NATIONAL WEATHER SERVICE NOME, AK
101 AM AKDT TUE SEP 30 2014

...................................
...THE NOME WSO AP CLIMATE SUMMARY FOR SEPTEMBER 29 2014...

CLIMATE NORMAL PERIOD  1981 TO  2010
CLIMATE RECORD PERIOD  1906 TO  2014

WEATHER ITEM   OBSERVED TIME    RECORD YEAR NORMAL DEPARTURE LAST
               VALUE    (LST)   VALUE       VALUE  FROM      YEAR
                                                   NORMAL
...................................................................
TEMPERATURE
YESTERDAY
 MAXIMUM            44  0442 PM    57  1969     43       1     38
 MINIMUM            30  0756 AM    14  1992     31      -1     26
 AVERAGE            37                          37       0     32

PRECIPITATION
(INCHES)
 YESTERDAY        0.00           0.97  1950   0.06   -0.06      T
 MONTH TO DATE    2.58                        2.38    0.20   1.98
 SINCE SEP 1      2.58                        2.38    0.20   1.98
 SINCE JAN 1     11.60                       12.83   -1.23  15.09

SNOWFALL
(INCHES)
 YESTERDAY         0.0            1.9  1993    0.0     0.0      T
 MONTH TO DATE     0.0                         0.5    -0.5    1.1
 SINCE SEP 1       0.0                         0.5    -0.5    1.1
 SINCE JUL 1       0.0                         0.5    -0.5    1.1
 SNOW DEPTH (IN)     0                                          0

DEGREE DAYS
 HEATING
  YESTERDAY         28                          28       0     33
  MONTH TO DATE    558                         637     -79    711
  SINCE SEP 1      558                         637     -79    711
  SINCE JUL 1     1261                        1501    -240   1485

 COOLING
  YESTERDAY          0                           0       0      0
  MONTH TO DATE      0                           0       0      0
  SINCE SEP 1        0                           0       0      0
  SINCE JAN 1        3                           0       3      7
...................................................................

WIND (MPH)
 HIGHEST WIND SPEED    25     HIGHEST WIND DIRECTION    250
 HIGHEST GUST SPEED    29     HIGHEST GUST DIRECTION    250
 AVERAGE WIND SPEED  12.1

SKY COVER
  POSSIBLE SUNSHINE    MM          AVERAGE SKY COVER     MM

WEATHER CONDITIONS
 THE FOLLOWING WEATHER WAS RECORDED YESTERDAY.
  NO SIGNIFICANT WEATHER WAS OBSERVED.

RELATIVE HUMIDITY
 HIGHEST RH     MM PERCENT       MM
 LOWEST  RH     MM PERCENT       MM
 AVERAGE RH     MM PERCENT       MM
...................................................................

THE NOME CLIMATE NORMALS FOR TODAY
                           NORMAL    RECORD   YEAR
 MAXIMUM TEMPERATURE (F)     42        52     1969
 MINIMUM TEMPERATURE (F)     31        16     1923

SUNRISE AND SUNSET
 SEP 30 2014..........SUNRISE  9:09 AM      SUNSET  8:33 PM
 OCT 1 2014..........SUNRISE  9:12 AM      SUNSET  8:30 PM

-  INDICATES NEGATIVE NUMBERS.
R  INDICATES RECORD HAS BEEN SET OR TIED.
MM INDICATES DATA IS MISSING.
T  INDICATES TRACE OF PRECIPITATION.

&&
-------------------------------------------------------------------

AMOUNT OF DAYLIGHT TODAY  (HOUR:MIN)........11 HOURS 24 MINUTES
GAIN/LOSS SINCE YESTERDAY (HOUR:MIN:SEC)....-0:06:32

TIDE INFORMATION FOR TUESDAY SEPTEMBER 30 2014
 3:03 AM LOW  0.7 FT
 8:38 AM HIGH 1.3 FT
 4:02 PM LOW  0.1 FT
10:46 PM HIGH 1.1 FT

$$
RWM SEP 14





U.S. Dept. of Commerce
NOAA National Weather Service
1325 East West Highway
Silver Spring, MD 20910
E-mail: w-nws.webmaster@noaa.gov
Page last modified: May 16, 2007
NATIONAL WEATHER SERVICE: for Safety, for Work, for Fun - FOR LIFE