894
CDAK49 PAOM 311200
CLIOME

CLIMATE REPORT
NATIONAL WEATHER SERVICE NOME, AK
3 AM AKST SAT JAN 31 2015

...................................
...THE NOME WSO AP CLIMATE SUMMARY FOR JANUARY 30 2015...

CLIMATE NORMAL PERIOD  1981 TO  2010
CLIMATE RECORD PERIOD  1906 TO  2015

WEATHER ITEM   OBSERVED TIME    RECORD YEAR NORMAL DEPARTURE LAST
               VALUE    (LST)   VALUE       VALUE  FROM      YEAR
                                                   NORMAL
...................................................................
TEMPERATURE
YESTERDAY
 MAXIMUM            14  1159 PM    42  2007     13       1     33
 MINIMUM            -2  1200 AM   -46  1993     -3       1     29
 AVERAGE             6                           5       1     31

PRECIPITATION
(INCHES)
 YESTERDAY           T           0.24  1922   0.03   -0.03   0.11
 MONTH TO DATE    0.71                        0.91   -0.20   1.32
 SINCE DEC 1      1.25                        1.99   -0.74   3.33
 SINCE JAN 1      0.71                        0.91   -0.20   1.32

SNOWFALL
(INCHES)
 YESTERDAY           T            3.7  2013    0.4    -0.4      T
 MONTH TO DATE    10.4                        12.3    -1.9   11.8
 SINCE DEC 1      15.5                        26.8   -11.3   30.2
 SINCE JUL 1      33.1                        44.1   -11.0   44.8
 SNOW DEPTH (IN)    12                                          7

DEGREE DAYS
 HEATING
  YESTERDAY         59                          60      -1     34
  MONTH TO DATE   1676                        1793    -117   1318
  SINCE DEC 1     3194                        3513    -319   2878
  SINCE JUL 1     6739                        7611    -872   6684

 COOLING
  YESTERDAY          0                           0       0      0
  MONTH TO DATE      0                           0       0      0
  SINCE DEC 1        0                           0       0      0
  SINCE JAN 1        0                           0       0      0
...................................................................

WIND (MPH)
 HIGHEST WIND SPEED    14     HIGHEST WIND DIRECTION     90
 HIGHEST GUST SPEED    15     HIGHEST GUST DIRECTION    100
 AVERAGE WIND SPEED   8.6

SKY COVER
  POSSIBLE SUNSHINE    MM          AVERAGE SKY COVER     MM

WEATHER CONDITIONS
 THE FOLLOWING WEATHER WAS RECORDED YESTERDAY.
  LIGHT SNOWFALL

RELATIVE HUMIDITY
 HIGHEST RH     MM PERCENT       MM
 LOWEST  RH     MM PERCENT       MM
 AVERAGE RH     MM PERCENT       MM
...................................................................

THE NOME CLIMATE NORMALS FOR TODAY
                           NORMAL    RECORD   YEAR
 MAXIMUM TEMPERATURE (F)     13        38     2007
 MINIMUM TEMPERATURE (F)     -3       -40     1999

SUNRISE AND SUNSET
 JAN 31 2015..........SUNRISE 10:48 AM      SUNSET  5:44 PM
 FEB 1 2015..........SUNRISE 10:45 AM      SUNSET  5:47 PM

-  INDICATES NEGATIVE NUMBERS.
R  INDICATES RECORD HAS BEEN SET OR TIED.
MM INDICATES DATA IS MISSING.
T  INDICATES TRACE OF PRECIPITATION.

&&
-------------------------------------------------------------------

AMOUNT OF DAYLIGHT TODAY  (HOUR:MIN)........6 HOURS 56 MINUTES
GAIN/LOSS SINCE YESTERDAY (HOUR:MIN:SEC)....+0:06:32

NOME TIDAL INFORMATION FOR 31 JANUARY 2015
0123AM  +1.3
0822AM  +0.1
0325PM  +1.2
0821PM  +0.8

$$

CKC JAN 15





U.S. Dept. of Commerce
NOAA National Weather Service
1325 East West Highway
Silver Spring, MD 20910
E-mail: w-nws.webmaster@noaa.gov
Page last modified: May 16, 2007
NATIONAL WEATHER SERVICE: for Safety, for Work, for Fun - FOR LIFE