364
CDAK49 PAOM 181030
CLIOME

CLIMATE REPORT
NATIONAL WEATHER SERVICE NOME, AK
130 AM AKST THU DEC 18 2014

...................................
...THE NOME WSO AP CLIMATE SUMMARY FOR DECEMBER 17 2014...

CLIMATE NORMAL PERIOD  1981 TO  2010
CLIMATE RECORD PERIOD  1906 TO  2014

WEATHER ITEM   OBSERVED TIME    RECORD YEAR NORMAL DEPARTURE LAST
               VALUE    (LST)   VALUE       VALUE  FROM      YEAR
                                                   NORMAL
...................................................................
TEMPERATURE
YESTERDAY
 MAXIMUM            28  1159 PM    34  1971     17      11     25
 MINIMUM            25  0312 AM   -32  1966      2      23     13
 AVERAGE            27                           9      18     19

PRECIPITATION
(INCHES)
 YESTERDAY        0.03           0.32  2008   0.03    0.00   0.07
 MONTH TO DATE    0.25                        0.58   -0.33   1.60
 SINCE DEC 1      0.25                        0.58   -0.33   1.60
 SINCE JAN 1     13.92                       16.31   -2.39  21.92

SNOWFALL
(INCHES)
 YESTERDAY         0.4            6.0  2012    0.5    -0.1    1.9
 MONTH TO DATE     2.9                         7.6    -4.7    9.5
 SINCE DEC 1       2.9                         7.6    -4.7    9.5
 SINCE JUL 1      20.5                        24.9    -4.4   24.1
 SNOW DEPTH (IN)    11                                          6

DEGREE DAYS
 HEATING
  YESTERDAY         38                          56     -18     46
  MONTH TO DATE    803                         921    -118    744
  SINCE DEC 1      803                         921    -118    744
  SINCE JUL 1     4348                        5019    -671   4546

 COOLING
  YESTERDAY          0                           0       0      0
  MONTH TO DATE      0                           0       0      0
  SINCE DEC 1        0                           0       0      0
  SINCE JAN 1        3                           0       3      7
...................................................................

WIND (MPH)
 HIGHEST WIND SPEED    17     HIGHEST WIND DIRECTION     90
 HIGHEST GUST SPEED    20     HIGHEST GUST DIRECTION     70
 AVERAGE WIND SPEED  12.7

SKY COVER
  POSSIBLE SUNSHINE    MM          AVERAGE SKY COVER     MM

WEATHER CONDITIONS
 THE FOLLOWING WEATHER WAS RECORDED YESTERDAY.
  PATCHY FOG
  LIGHT SNOWFALL

RELATIVE HUMIDITY
 HIGHEST RH     MM PERCENT       MM
 LOWEST  RH     MM PERCENT       MM
 AVERAGE RH     MM PERCENT       MM
...................................................................

THE NOME CLIMATE NORMALS FOR TODAY
                           NORMAL    RECORD   YEAR
 MAXIMUM TEMPERATURE (F)     17        36     1932
 MINIMUM TEMPERATURE (F)      2       -36     1946

SUNRISE AND SUNSET
 DEC 18 2014..........SUNRISE 12:01 PM      SUNSET  3:57 PM
 DEC 19 2014..........SUNRISE 12:02 PM      SUNSET  3:57 PM

-  INDICATES NEGATIVE NUMBERS.
R  INDICATES RECORD HAS BEEN SET OR TIED.
MM INDICATES DATA IS MISSING.
T  INDICATES TRACE OF PRECIPITATION.

&&
-------------------------------------------------------------------

AMOUNT OF DAYLIGHT TODAY  (HOUR:MIN)........3 HOURS 56 MINUTES
GAIN/LOSS SINCE YESTERDAY (HOUR:MIN:SEC)....-0:01:06

NOME TIDAL INFORMATION FOR 18 DECEMBER
01:03 AM +1.2
07:56 AM +0.4
02:33 PM +1.0
07:26 PM +0.7

$$

CKC DEC 14





U.S. Dept. of Commerce
NOAA National Weather Service
1325 East West Highway
Silver Spring, MD 20910
E-mail: w-nws.webmaster@noaa.gov
Page last modified: May 16, 2007
NATIONAL WEATHER SERVICE: for Safety, for Work, for Fun - FOR LIFE