154
CDUS43 KOAX 242239
CLIOMA


CLIMATE REPORT
NATIONAL WEATHER SERVICE OMAHA NEBRASKA
431 PM CST MON NOV 24 2014


...................................

...THE OMAHA EPPLEY, NEBRASKA CLIMATE SUMMARY FOR NOVEMBER 24 2014...
VALID TODAY AS OF 400 PM LOCAL TIME.

CLIMATE NORMAL PERIOD 1981 TO 2010
CLIMATE RECORD PERIOD 1871 TO 2014


WEATHER ITEM   OBSERVED TIME   RECORD YEAR NORMAL DEPARTURE LAST
                VALUE   (LST)  VALUE       VALUE  FROM      YEAR
                                                  NORMAL
..................................................................
TEMPERATURE (F)
 TODAY
  MAXIMUM         37    328 PM  73    2011  44     -7       31
  MINIMUM         28    946 AM   3    1898  25      3       11
  AVERAGE         33                        34     -1       21

PRECIPITATION (IN)
  TODAY            T             1.18 2001   0.05  -0.05     0.00
  MONTH TO DATE    0.20                      1.36  -1.16     1.06
  SINCE SEP 1      8.79                      6.19   2.60     7.56
  SINCE JAN 1     37.44                     29.30   8.14    28.80

SNOWFALL (IN)
  TODAY            T                         0.2   -0.2      0.0
  MONTH TO DATE    2.4                       1.6    0.8      0.4
  SINCE JUL 1      2.4                       1.9    0.5      0.4
  SNOW DEPTH       0

DEGREE DAYS
 HEATING
  TODAY           32                        31      1       44
  MONTH TO DATE  722                       590    132      613
  SINCE SEP 1   1096                      1067     29     1015
  SINCE JUL 1   1100                      1075     25     1020

 COOLING
  TODAY            0                         0      0        0
  MONTH TO DATE    0                         0      0        0
  SINCE SEP 1    126                       132     -6      228
  SINCE JAN 1   1149                      1112     37     1294
..................................................................


WIND (MPH)
  HIGHEST WIND SPEED    33   HIGHEST WIND DIRECTION    NW (330)
  HIGHEST GUST SPEED    41   HIGHEST GUST DIRECTION    NW (320)
  AVERAGE WIND SPEED    22.2


SKY COVER
  POSSIBLE SUNSHINE  MM
  AVERAGE SKY COVER 0.9


WEATHER CONDITIONS
 THE FOLLOWING WEATHER WAS RECORDED TODAY.
  LIGHT SNOW
  HAZE


RELATIVE HUMIDITY (PERCENT)
 HIGHEST    69           600 AM
 LOWEST     44           300 PM
 AVERAGE    57

..........................................................


THE OMAHA EPPLEY, NEBRASKA CLIMATE NORMALS FOR TOMORROW
                         NORMAL    RECORD    YEAR
 MAXIMUM TEMPERATURE (F)   43        72      1960
 MINIMUM TEMPERATURE (F)   24         3      1977


SUNRISE AND SUNSET
NOVEMBER 24 2014......SUNRISE   722 AM CST   SUNSET   458 PM CST
NOVEMBER 25 2014......SUNRISE   723 AM CST   SUNSET   457 PM CST


-  INDICATES NEGATIVE NUMBERS.
R  INDICATES RECORD WAS SET OR TIED.
MM INDICATES DATA IS MISSING.
T  INDICATES TRACE AMOUNT.




$$






U.S. Dept. of Commerce
NOAA National Weather Service
1325 East West Highway
Silver Spring, MD 20910
E-mail: w-nws.webmaster@noaa.gov
Page last modified: May 16, 2007
NATIONAL WEATHER SERVICE: for Safety, for Work, for Fun - FOR LIFE