223
CDUS43 KOAX 310631
CLIOMA


CLIMATE REPORT
NATIONAL WEATHER SERVICE OMAHA NEBRASKA
1230 AM CST SAT JAN 31 2015


...................................

...THE OMAHA EPPLEY, NEBRASKA CLIMATE SUMMARY FOR JANUARY 30 2015...

CLIMATE NORMAL PERIOD 1981 TO 2010
CLIMATE RECORD PERIOD 1871 TO 2015


WEATHER ITEM   OBSERVED TIME   RECORD YEAR NORMAL DEPARTURE LAST
                VALUE   (LST)  VALUE       VALUE  FROM      YEAR
                                                  NORMAL
..................................................................
TEMPERATURE (F)
 YESTERDAY
  MAXIMUM         37   1159 PM  69    2012  34      3       42
  MINIMUM         18    804 AM -16    1965  14      4       17
  AVERAGE         28                        24      4       30

PRECIPITATION (IN)
  YESTERDAY        0.00          0.33 1915   0.02  -0.02      T
  MONTH TO DATE    0.07                      0.69  -0.62     0.11
  SINCE DEC 1      1.75                      1.73   0.02     0.31
  SINCE JAN 1      0.07                      0.69  -0.62     0.11

SNOWFALL (IN)
  YESTERDAY        0.0                       0.2   -0.2      0.0
  MONTH TO DATE    1.3                       5.9   -4.6      1.5
  SINCE JUL 1      4.4                      14.9  -10.5      5.0
  SNOW DEPTH       0

DEGREE DAYS
 HEATING
  YESTERDAY       37                        41     -4       35
  MONTH TO DATE 1117                      1251   -134     1314
  SINCE DEC 1   2147                      2460   -313     2632
  SINCE JUL 1   3448                      3730   -282     3858

 COOLING
  YESTERDAY        0                         0      0        0
  MONTH TO DATE    0                         0      0        0
  SINCE DEC 1      0                         0      0        0
  SINCE JAN 1      0                         0      0        0
..................................................................


WIND (MPH)
  HIGHEST WIND SPEED    16   HIGHEST WIND DIRECTION     S (170)
  HIGHEST GUST SPEED    20   HIGHEST GUST DIRECTION     S (180)
  AVERAGE WIND SPEED     7.9


SKY COVER
  POSSIBLE SUNSHINE  MM
  AVERAGE SKY COVER 0.5


WEATHER CONDITIONS
 THE FOLLOWING WEATHER WAS RECORDED YESTERDAY.
  NO SIGNIFICANT WEATHER WAS OBSERVED.


RELATIVE HUMIDITY (PERCENT)
 HIGHEST    92           400 AM
 LOWEST     54           300 PM
 AVERAGE    73

..........................................................


THE OMAHA EPPLEY, NEBRASKA CLIMATE NORMALS FOR TODAY
                         NORMAL    RECORD    YEAR
 MAXIMUM TEMPERATURE (F)   34        65      1989
 MINIMUM TEMPERATURE (F)   15       -20      1918


SUNRISE AND SUNSET
JANUARY 31 2015.......SUNRISE   736 AM CST   SUNSET   539 PM CST
FEBRUARY  1 2015......SUNRISE   735 AM CST   SUNSET   540 PM CST


-  INDICATES NEGATIVE NUMBERS.
R  INDICATES RECORD WAS SET OR TIED.
MM INDICATES DATA IS MISSING.
T  INDICATES TRACE AMOUNT.




$$






U.S. Dept. of Commerce
NOAA National Weather Service
1325 East West Highway
Silver Spring, MD 20910
E-mail: w-nws.webmaster@noaa.gov
Page last modified: May 16, 2007
NATIONAL WEATHER SERVICE: for Safety, for Work, for Fun - FOR LIFE