681
CDUS46 KSEW 210830
CLIOLM


CLIMATE REPORT
NATIONAL WEATHER SERVICE SEATTLE WA
130 AM PDT SUN SEP 21 2014


...................................

...THE OLYMPIA WA AIRPORT CLIMATE SUMMARY FOR SEPTEMBER 20 2014...

CLIMATE NORMAL PERIOD 1981 TO 2010
CLIMATE RECORD PERIOD 1948 TO 2014


WEATHER ITEM   OBSERVED TIME   RECORD YEAR NORMAL DEPARTURE LAST
                VALUE   (LST)  VALUE       VALUE  FROM      YEAR
                                                  NORMAL
..................................................................
TEMPERATURE (F)
 YESTERDAY
  MAXIMUM         76    442 PM  92    1974  71      5       70
  MINIMUM         46    553 AM  32    1983  45      1       43
  AVERAGE         61                        58      3       57

PRECIPITATION (IN)
  YESTERDAY        0.00          1.11 1972   0.05  -0.05     0.08
  MONTH TO DATE    0.13                      1.03  -0.90     2.37
  SINCE OCT 1     41.38                     49.32  -7.94    52.59
  SINCE JAN 1     32.54                     28.63   3.91    25.63

DEGREE DAYS
 HEATING
  YESTERDAY        4                         7     -3        8
  MONTH TO DATE   68                       102    -34       35
  SINCE SEP 1     68                       102    -34       35
  SINCE JUL 1    121                       252   -131      112

 COOLING
  YESTERDAY        0                         0      0        0
  MONTH TO DATE    6                         4      2       26
  SINCE SEP 1      6                         4      2       26
  SINCE JAN 1    187                       103     84      147
..................................................................


WIND (MPH)
  RESULTANT WIND SPEED   6   RESULTANT WIND DIRECTION  NE (40)
  HIGHEST WIND SPEED    17   HIGHEST WIND DIRECTION    NE (30)
  HIGHEST GUST SPEED    23   HIGHEST GUST DIRECTION    NE (30)
  AVERAGE WIND SPEED     6.2


SKY COVER
  AVERAGE SKY COVER 0.3


WEATHER CONDITIONS
 THE FOLLOWING WEATHER WAS RECORDED YESTERDAY.
  FOG
  FOG W/VISIBILITY <= 1/4 MILE


RELATIVE HUMIDITY (PERCENT)
 HIGHEST   100           300 AM
 LOWEST     46           400 PM
 AVERAGE    73

..........................................................


THE OLYMPIA WA AIRPORT CLIMATE NORMALS FOR TODAY
                         NORMAL    RECORD    YEAR
 MAXIMUM TEMPERATURE (F)   70        91      1974
 MINIMUM TEMPERATURE (F)   45        32      1993
                                             1971
                                             1955


SUNRISE AND SUNSET
SEPTEMBER 21 2014.....SUNRISE   657 AM PDT   SUNSET   711 PM PDT
SEPTEMBER 22 2014.....SUNRISE   659 AM PDT   SUNSET   709 PM PDT


-  INDICATES NEGATIVE NUMBERS.
R  INDICATES RECORD WAS SET OR TIED.
MM INDICATES DATA IS MISSING.
T  INDICATES TRACE AMOUNT.




$$





U.S. Dept. of Commerce
NOAA National Weather Service
1325 East West Highway
Silver Spring, MD 20910
E-mail: w-nws.webmaster@noaa.gov
Page last modified: May 16, 2007
NATIONAL WEATHER SERVICE: for Safety, for Work, for Fun - FOR LIFE