001
CDUS46 KSEW 240828
CLIOLM


CLIMATE REPORT
NATIONAL WEATHER SERVICE SEATTLE WA
128 AM PDT FRI OCT 24 2014


...................................

...THE OLYMPIA WA AIRPORT CLIMATE SUMMARY FOR OCTOBER 23 2014...

CLIMATE NORMAL PERIOD 1981 TO 2010
CLIMATE RECORD PERIOD 1948 TO 2014


WEATHER ITEM   OBSERVED TIME   RECORD YEAR NORMAL DEPARTURE LAST
                VALUE   (LST)  VALUE       VALUE  FROM      YEAR
                                                  NORMAL
..................................................................
TEMPERATURE (F)
 YESTERDAY
  MAXIMUM         58   1251 PM  77    1992  57      1       55
  MINIMUM         46    916 PM  27    1975  40      6       40
  AVERAGE         52                        48      4       48

PRECIPITATION (IN)
  YESTERDAY        0.66          1.69 1960   0.19   0.47     0.00
  MONTH TO DATE    3.90                      2.96   0.94     1.93
  SINCE OCT 1      3.90                      2.96   0.94     1.93
  SINCE JAN 1     39.38                     32.27   7.11    34.55

DEGREE DAYS
 HEATING
  YESTERDAY       13                        17     -4       17
  MONTH TO DATE  168                       314   -146      363
  SINCE SEP 1    286                       504   -218      505
  SINCE JUL 1    339                       654   -315      582

 COOLING
  YESTERDAY        0                         0      0        0
  MONTH TO DATE    0                         0      0        0
  SINCE SEP 1      6                         7     -1       26
  SINCE JAN 1    187                       106     81      147
..................................................................


WIND (MPH)
  RESULTANT WIND SPEED   7   RESULTANT WIND DIRECTION   S (190)
  HIGHEST WIND SPEED    17   HIGHEST WIND DIRECTION     W (290)
  HIGHEST GUST SPEED    23   HIGHEST GUST DIRECTION    NW (300)
  AVERAGE WIND SPEED     6.6


SKY COVER
  AVERAGE SKY COVER 0.8


WEATHER CONDITIONS
 THE FOLLOWING WEATHER WAS RECORDED YESTERDAY.
  HEAVY RAIN
  RAIN
  LIGHT RAIN
  FOG


RELATIVE HUMIDITY (PERCENT)
 HIGHEST   100           900 PM
 LOWEST     67           200 PM
 AVERAGE    84

..........................................................


THE OLYMPIA WA AIRPORT CLIMATE NORMALS FOR TODAY
                         NORMAL    RECORD    YEAR
 MAXIMUM TEMPERATURE (F)   57        74      1965
 MINIMUM TEMPERATURE (F)   40        29      1975


SUNRISE AND SUNSET
OCTOBER 24 2014.......SUNRISE   743 AM PDT   SUNSET   608 PM PDT
OCTOBER 25 2014.......SUNRISE   744 AM PDT   SUNSET   606 PM PDT


-  INDICATES NEGATIVE NUMBERS.
R  INDICATES RECORD WAS SET OR TIED.
MM INDICATES DATA IS MISSING.
T  INDICATES TRACE AMOUNT.




$$





U.S. Dept. of Commerce
NOAA National Weather Service
1325 East West Highway
Silver Spring, MD 20910
E-mail: w-nws.webmaster@noaa.gov
Page last modified: May 16, 2007
NATIONAL WEATHER SERVICE: for Safety, for Work, for Fun - FOR LIFE