331
CDUS46 KSEW 250119
CLIOLM


CLIMATE REPORT
NATIONAL WEATHER SERVICE SEATTLE WA
619 PM PDT THU JUL 24 2014


...................................

...THE OLYMPIA WA AIRPORT CLIMATE SUMMARY FOR JULY 24 2014...
VALID TODAY AS OF 0600 PM LOCAL TIME.

CLIMATE NORMAL PERIOD 1981 TO 2010
CLIMATE RECORD PERIOD 1948 TO 2014


WEATHER ITEM   OBSERVED TIME   RECORD YEAR NORMAL DEPARTURE LAST
                VALUE   (LST)  VALUE       VALUE  FROM      YEAR
                                                  NORMAL
..................................................................
TEMPERATURE (F)
 TODAY
  MAXIMUM         68    459 PM  99    2004  78    -10       87
  MINIMUM         54    149 AM  38    1973  51      3       51
  AVERAGE         61                        65     -4       69

PRECIPITATION (IN)
  TODAY            T             0.25 1991   0.01  -0.01     0.00
  MONTH TO DATE    0.27                      0.53  -0.26      T
  SINCE OCT 1     39.80                     47.25  -7.45    48.38
  SINCE JAN 1     30.96                     26.56   4.40    21.42

DEGREE DAYS
 HEATING
  TODAY            4                         2      2        0
  MONTH TO DATE   26                        66    -40       44
  SINCE JUN 1    181                       254    -73      180
  SINCE JUL 1     26                        66    -40       44

 COOLING
  TODAY            0                         2     -2        4
  MONTH TO DATE   73                        32     41       31
  SINCE JUN 1     74                        43     31       57
  SINCE JAN 1     75                        46     29       59
..................................................................


WIND (MPH)
  RESULTANT WIND SPEED  11   RESULTANT WIND DIRECTION  SW (220)
  HIGHEST WIND SPEED    18   HIGHEST WIND DIRECTION     W (250)
  HIGHEST GUST SPEED    25   HIGHEST GUST DIRECTION     W (270)
  AVERAGE WIND SPEED    12.2


SKY COVER
  AVERAGE SKY COVER 0.7


WEATHER CONDITIONS
 THE FOLLOWING WEATHER WAS RECORDED TODAY.
  LIGHT RAIN
  FOG


RELATIVE HUMIDITY (PERCENT)
 HIGHEST    93           800 AM
 LOWEST     52           400 PM
 AVERAGE    73

..........................................................


THE OLYMPIA WA AIRPORT CLIMATE NORMALS FOR TOMORROW
                         NORMAL    RECORD    YEAR
 MAXIMUM TEMPERATURE (F)   78        93      1988
 MINIMUM TEMPERATURE (F)   52        39      1960


SUNRISE AND SUNSET
JULY 24 2014..........SUNRISE   542 AM PDT   SUNSET   854 PM PDT
JULY 25 2014..........SUNRISE   543 AM PDT   SUNSET   853 PM PDT


-  INDICATES NEGATIVE NUMBERS.
R  INDICATES RECORD WAS SET OR TIED.
MM INDICATES DATA IS MISSING.
T  INDICATES TRACE AMOUNT.




$$





U.S. Dept. of Commerce
NOAA National Weather Service
1325 East West Highway
Silver Spring, MD 20910
E-mail: w-nws.webmaster@noaa.gov
Page last modified: May 16, 2007
NATIONAL WEATHER SERVICE: for Safety, for Work, for Fun - FOR LIFE