015
CDUS46 KSEW 020832
CLIOLM


CLIMATE REPORT
NATIONAL WEATHER SERVICE SEATTLE WA
132 AM PDT THU OCT 2 2014


...................................

...THE OLYMPIA WA AIRPORT CLIMATE SUMMARY FOR OCTOBER 1 2014...

CLIMATE NORMAL PERIOD 1981 TO 2010
CLIMATE RECORD PERIOD 1948 TO 2014


WEATHER ITEM   OBSERVED TIME   RECORD YEAR NORMAL DEPARTURE LAST
                VALUE   (LST)  VALUE       VALUE  FROM      YEAR
                                                  NORMAL
..................................................................
TEMPERATURE (F)
 YESTERDAY
  MAXIMUM         66    309 PM  90    1987  66      0       59
  MINIMUM         41    620 AM  29    1983  43     -2       45
                                      1950
  AVERAGE         54                        54      0       52

PRECIPITATION (IN)
  YESTERDAY        0.00          1.07 1967   0.08  -0.08     0.76
  MONTH TO DATE    0.00                      0.08  -0.08     0.76
  SINCE OCT 1      0.00                      0.08  -0.08     0.76
  SINCE JAN 1     35.48                     29.39   6.09    33.38

DEGREE DAYS
 HEATING
  YESTERDAY       11                        10      1       13
  MONTH TO DATE   11                        10      1       13
  SINCE SEP 1    129                       200    -71      155
  SINCE JUL 1    182                       350   -168      232

 COOLING
  YESTERDAY        0                         0      0        0
  MONTH TO DATE    0                         0      0        0
  SINCE SEP 1      6                         7     -1       26
  SINCE JAN 1    187                       106     81      147
..................................................................


WIND (MPH)
  RESULTANT WIND SPEED   2   RESULTANT WIND DIRECTION   W (250)
  HIGHEST WIND SPEED    14   HIGHEST WIND DIRECTION     W (270)
  HIGHEST GUST SPEED    17   HIGHEST GUST DIRECTION     W (280)
  AVERAGE WIND SPEED     2.1


SKY COVER
  AVERAGE SKY COVER 0.6


WEATHER CONDITIONS
 THE FOLLOWING WEATHER WAS RECORDED YESTERDAY.
  FOG
  FOG W/VISIBILITY <= 1/4 MILE


RELATIVE HUMIDITY (PERCENT)
 HIGHEST   100           200 AM
 LOWEST     48           300 PM
 AVERAGE    74

..........................................................


THE OLYMPIA WA AIRPORT CLIMATE NORMALS FOR TODAY
                         NORMAL    RECORD    YEAR
 MAXIMUM TEMPERATURE (F)   66        80      1993
                                             1980
 MINIMUM TEMPERATURE (F)   43        30      1950


SUNRISE AND SUNSET
OCTOBER  2 2014.......SUNRISE   712 AM PDT   SUNSET   649 PM PDT
OCTOBER  3 2014.......SUNRISE   713 AM PDT   SUNSET   647 PM PDT


-  INDICATES NEGATIVE NUMBERS.
R  INDICATES RECORD WAS SET OR TIED.
MM INDICATES DATA IS MISSING.
T  INDICATES TRACE AMOUNT.




$$





U.S. Dept. of Commerce
NOAA National Weather Service
1325 East West Highway
Silver Spring, MD 20910
E-mail: w-nws.webmaster@noaa.gov
Page last modified: May 16, 2007
NATIONAL WEATHER SERVICE: for Safety, for Work, for Fun - FOR LIFE