119
CDUS45 KGGW 220740
CLIOLF


CLIMATE REPORT
NATIONAL WEATHER SERVICE GLASGOW MT
1240 AM MST MON DEC 22 2014


...................................

...THE WOLF POINT MT CLIMATE SUMMARY FOR DECEMBER 21 2014...

CLIMATE NORMAL PERIOD 1981 TO 2010
CLIMATE RECORD PERIOD 9999 TO 9999


WEATHER ITEM   OBSERVED RECORD YEAR NORMAL DEPARTURE
                VALUE   VALUE       VALUE  FROM
                                           NORMAL
........................................................
TEMPERATURE (F)
 YESTERDAY
  MAXIMUM         37     MM      MM  25
  MINIMUM         16     MM      MM   2
  AVERAGE         27

PRECIPITATION (IN)
  YESTERDAY        0.05  MM      MM   0.01   0.04
  MONTH TO DATE    0.07               0.19  -0.12
  SINCE OCT 1      0.49               1.39  -0.90
  SINCE JAN 1     13.27              12.07   1.20

SNOWFALL (IN)
  YESTERDAY       MM     MM      MM  MM
  MONTH TO DATE    0.0               MM
  SINCE DEC 1      0.0               MM
  SINCE JUL 1      0.0               MM

DEGREE DAYS
 HEATING
  YESTERDAY       38

 COOLING
  YESTERDAY        0
........................................................







THE WOLF POINT MT CLIMATE NORMALS FOR TODAY
                         NORMAL    RECORD    YEAR
 MAXIMUM TEMPERATURE (F)   25        MM        MM
 MINIMUM TEMPERATURE (F)    2        MM        MM


SUNRISE AND SUNSET
DECEMBER 22 2014......SUNRISE   750 AM MST   SUNSET   412 PM MST
DECEMBER 23 2014......SUNRISE   751 AM MST   SUNSET   412 PM MST


-  INDICATES NEGATIVE NUMBERS.
R  INDICATES RECORD WAS SET OR TIED.
MM INDICATES DATA IS MISSING.
T  INDICATES TRACE AMOUNT.




$$





U.S. Dept. of Commerce
NOAA National Weather Service
1325 East West Highway
Silver Spring, MD 20910
E-mail: w-nws.webmaster@noaa.gov
Page last modified: May 16, 2007
NATIONAL WEATHER SERVICE: for Safety, for Work, for Fun - FOR LIFE