826
CDUS45 KGGW 241231
CLIOLF


CLIMATE REPORT
NATIONAL WEATHER SERVICE GLASGOW MT
630 AM MDT THU APR 24 2014


...................................

...THE WOLF POINT MT CLIMATE SUMMARY FOR APRIL 24 2014...
VALID AS OF 0600 AM LOCAL TIME.

CLIMATE NORMAL PERIOD 1981 TO 2010
CLIMATE RECORD PERIOD 9999 TO 9999


WEATHER ITEM   OBSERVED RECORD YEAR NORMAL DEPARTURE
                VALUE   VALUE       VALUE  FROM
                                           NORMAL
........................................................
TEMPERATURE (F)
 TODAY
  MAXIMUM         39     MM      MM  63
  MINIMUM         33     MM      MM  31
  AVERAGE         36

PRECIPITATION (IN)
  TODAY            0.00  MM      MM   0.04  -0.04
  MONTH TO DATE    0.18               0.65  -0.47
  SINCE OCT 1      1.12               3.13  -2.01
  SINCE JAN 1      0.56               1.63  -1.07

SNOWFALL (IN)
  TODAY            0.0   MM      MM  MM
  MONTH TO DATE    0.0               MM
  SINCE MAR 1      0.0               MM
  SINCE JUL 1      0.0               MM

DEGREE DAYS
 HEATING
  TODAY           29

 COOLING
  TODAY            0
........................................................







THE WOLF POINT MT CLIMATE NORMALS FOR TOMORROW
                         NORMAL    RECORD    YEAR
 MAXIMUM TEMPERATURE (F)   63        MM        MM
 MINIMUM TEMPERATURE (F)   31        MM        MM


SUNRISE AND SUNSET
APRIL 24 2014.........SUNRISE   556 AM MDT   SUNSET   806 PM MDT
APRIL 25 2014.........SUNRISE   554 AM MDT   SUNSET   807 PM MDT


-  INDICATES NEGATIVE NUMBERS.
R  INDICATES RECORD WAS SET OR TIED.
MM INDICATES DATA IS MISSING.
T  INDICATES TRACE AMOUNT.




$$





U.S. Dept. of Commerce
NOAA National Weather Service
1325 East West Highway
Silver Spring, MD 20910
E-mail: w-nws.webmaster@noaa.gov
Page last modified: May 16, 2007
NATIONAL WEATHER SERVICE: for Safety, for Work, for Fun - FOR LIFE