983
CDUS45 KGGW 260019
CLIOLF


CLIMATE REPORT
NATIONAL WEATHER SERVICE GLASGOW MT
619 PM MDT FRI JUL 25 2014


...................................

...THE WOLF POINT MT CLIMATE SUMMARY FOR JULY 25 2014...
VALID TODAY AS OF 0500 PM LOCAL TIME.

CLIMATE NORMAL PERIOD 1981 TO 2010
CLIMATE RECORD PERIOD 9999 TO 9999


WEATHER ITEM   OBSERVED RECORD YEAR NORMAL DEPARTURE
                VALUE   VALUE       VALUE  FROM
                                           NORMAL
........................................................
TEMPERATURE (F)
 TODAY
  MAXIMUM         87     MM      MM  88
  MINIMUM         48     MM      MM  56
  AVERAGE         68

PRECIPITATION (IN)
  TODAY            0.00  MM      MM   0.06  -0.06
  MONTH TO DATE    0.65               1.61  -0.96
  SINCE OCT 1      5.73               9.52  -3.79
  SINCE JAN 1      5.17               8.02  -2.85

SNOWFALL (IN)
  TODAY            0.0   MM      MM  MM
  MONTH TO DATE    0.0               MM
  SINCE JUN 1      0.0               MM
  SINCE JUL 1      0.0               MM

DEGREE DAYS
 HEATING
  TODAY            0

 COOLING
  TODAY            3
........................................................







THE WOLF POINT MT CLIMATE NORMALS FOR TOMORROW
                         NORMAL    RECORD    YEAR
 MAXIMUM TEMPERATURE (F)   88        MM        MM
 MINIMUM TEMPERATURE (F)   56        MM        MM


SUNRISE AND SUNSET
JULY 25 2014..........SUNRISE   529 AM MDT   SUNSET   847 PM MDT
JULY 26 2014..........SUNRISE   531 AM MDT   SUNSET   846 PM MDT


-  INDICATES NEGATIVE NUMBERS.
R  INDICATES RECORD WAS SET OR TIED.
MM INDICATES DATA IS MISSING.
T  INDICATES TRACE AMOUNT.




$$





U.S. Dept. of Commerce
NOAA National Weather Service
1325 East West Highway
Silver Spring, MD 20910
E-mail: w-nws.webmaster@noaa.gov
Page last modified: May 16, 2007
NATIONAL WEATHER SERVICE: for Safety, for Work, for Fun - FOR LIFE