570
CDUS44 KOUN 280654
CLIOKC

CLIMATE REPORT
NATIONAL WEATHER SERVICE NORMAN OK
1253 AM CST FRI NOV 28 2014


...................................

...THE OKLAHOMA CITY CLIMATE SUMMARY FOR NOVEMBER 27 2014...

CLIMATE NORMAL PERIOD 1981 TO 2010
CLIMATE RECORD PERIOD 1890 TO 2014


WEATHER ITEM   OBSERVED TIME   RECORD YEAR NORMAL DEPARTURE LAST
                VALUE   (LST)  VALUE       VALUE  FROM      YEAR
                                                  NORMAL
..................................................................
TEMPERATURE (F)
 YESTERDAY
  MAXIMUM         52    411 PM  82    1905  56     -4       42
  MINIMUM         30    235 AM  16    1976  35     -5       20
  AVERAGE         41                        46     -5       31

PRECIPITATION (IN)
  YESTERDAY        0.00          1.30 1908   0.06  -0.06     0.00
  MONTH TO DATE    2.38                      1.81   0.57     0.96
  SINCE JAN 1     27.68                     34.47  -6.79    51.52

SNOWFALL (IN)
  YESTERDAY        0.0           1.5  2001   0.0    0.0      0.0
  MONTH TO DATE    2.5                       0.3    2.2      0.6
  SINCE JUL 1      2.5                       0.3    2.2      0.6
  SNOW DEPTH       0

DEGREE DAYS
 HEATING
  YESTERDAY       24                        19      5       34
  MONTH TO DATE  513                       373    140      441
  SINCE JUL 1    599                       537     62      605

 COOLING
  YESTERDAY        0                         0      0        0
  MONTH TO DATE    0                         7     -7        3
  SINCE JAN 1   2126                      2099     27     2072
..................................................................


WIND (MPH)
  HIGHEST WIND SPEED    15   HIGHEST WIND DIRECTION     S (180)
  HIGHEST GUST SPEED    18   HIGHEST GUST DIRECTION     S (180)
  AVERAGE WIND SPEED     7.7


SKY COVER
  AVERAGE SKY COVER 0.3


WEATHER CONDITIONS
 THE FOLLOWING WEATHER WAS RECORDED YESTERDAY.
  NO SIGNIFICANT WEATHER WAS OBSERVED.


RELATIVE HUMIDITY (PERCENT)
 HIGHEST    69           700 AM
 LOWEST     28           200 PM
 AVERAGE    49

..........................................................


THE OKLAHOMA CITY CLIMATE NORMALS FOR TODAY
                         NORMAL    RECORD    YEAR
 MAXIMUM TEMPERATURE (F)   56        79      1949
 MINIMUM TEMPERATURE (F)   35        14      1896


SUNRISE AND SUNSET
NOVEMBER 28 2014......SUNRISE   718 AM CST   SUNSET   518 PM CST
NOVEMBER 29 2014......SUNRISE   719 AM CST   SUNSET   518 PM CST


-  INDICATES NEGATIVE NUMBERS.
R  INDICATES RECORD WAS SET OR TIED.
MM INDICATES DATA IS MISSING.
T  INDICATES TRACE AMOUNT.




$$




U.S. Dept. of Commerce
NOAA National Weather Service
1325 East West Highway
Silver Spring, MD 20910
E-mail: w-nws.webmaster@noaa.gov
Page last modified: May 16, 2007
NATIONAL WEATHER SERVICE: for Safety, for Work, for Fun - FOR LIFE