889
CDUS44 KOUN 180635
CLIOKC

CLIMATE REPORT
NATIONAL WEATHER SERVICE NORMAN OK
131 AM CDT THU SEP 18 2014


...................................

...THE OKLAHOMA CITY CLIMATE SUMMARY FOR SEPTEMBER 17 2014...

CLIMATE NORMAL PERIOD 1981 TO 2010
CLIMATE RECORD PERIOD 1890 TO 2014


WEATHER ITEM   OBSERVED TIME   RECORD YEAR NORMAL DEPARTURE LAST
                VALUE   (LST)  VALUE       VALUE  FROM      YEAR
                                                  NORMAL
..................................................................
TEMPERATURE (F)
 YESTERDAY
  MAXIMUM         92    255 PM  99    1972  84      8       90
                                      1931
                                      1896
  MINIMUM         69    630 AM  44    1903  63      6       71
  AVERAGE         81                        73      8       81

PRECIPITATION (IN)
  YESTERDAY        0.00          2.49 2006   0.13  -0.13     0.05
  MONTH TO DATE    2.06                      2.29  -0.23     0.16
  SINCE JAN 1     22.79                     27.18  -4.39    45.35

DEGREE DAYS
 HEATING
  YESTERDAY        0                         1     -1        0
  MONTH TO DATE   11                         2      9        0
  SINCE JUL 1     11                         2      9        0

 COOLING
  YESTERDAY       16                         9      7       16
  MONTH TO DATE  204                       198      6      273
  SINCE JAN 1   1877                      1935    -58     1896
..................................................................


WIND (MPH)
  HIGHEST WIND SPEED    17   HIGHEST WIND DIRECTION    SW (240)
  HIGHEST GUST SPEED    23   HIGHEST GUST DIRECTION    SW (220)
  AVERAGE WIND SPEED     7.6


SKY COVER
  AVERAGE SKY COVER 0.8


WEATHER CONDITIONS
 THE FOLLOWING WEATHER WAS RECORDED YESTERDAY.
  FOG


RELATIVE HUMIDITY (PERCENT)
 HIGHEST    97           700 AM
 LOWEST     41           300 PM
 AVERAGE    69

..........................................................


THE OKLAHOMA CITY CLIMATE NORMALS FOR TODAY
                         NORMAL    RECORD    YEAR
 MAXIMUM TEMPERATURE (F)   84        98      1997
                                             1972
                                             1952
 MINIMUM TEMPERATURE (F)   62        42      1981


SUNRISE AND SUNSET
SEPTEMBER 18 2014.....SUNRISE   715 AM CDT   SUNSET   733 PM CDT
SEPTEMBER 19 2014.....SUNRISE   716 AM CDT   SUNSET   732 PM CDT


-  INDICATES NEGATIVE NUMBERS.
R  INDICATES RECORD WAS SET OR TIED.
MM INDICATES DATA IS MISSING.
T  INDICATES TRACE AMOUNT.




$$




U.S. Dept. of Commerce
NOAA National Weather Service
1325 East West Highway
Silver Spring, MD 20910
E-mail: w-nws.webmaster@noaa.gov
Page last modified: May 16, 2007
NATIONAL WEATHER SERVICE: for Safety, for Work, for Fun - FOR LIFE