003
CDUS44 KOUN 290644
CLIOKC

CLIMATE REPORT
NATIONAL WEATHER SERVICE NORMAN OK
144 AM CDT FRI AUG 29 2014

...................................

...THE OKLAHOMA CITY CLIMATE SUMMARY FOR AUGUST 28 2014...

CLIMATE NORMAL PERIOD 1981 TO 2010
CLIMATE RECORD PERIOD 1890 TO 2014


WEATHER ITEM   OBSERVED TIME   RECORD YEAR NORMAL DEPARTURE LAST
                VALUE   (LST)  VALUE       VALUE  FROM      YEAR
                                                  NORMAL
..................................................................
TEMPERATURE (F)
 YESTERDAY
  MAXIMUM         95    313 PM 108    2011  91      4       94
  MINIMUM         68   1041 PM  56    1906  70     -2       70
                                      1893
  AVERAGE         82                        80      2       82

PRECIPITATION (IN)
  YESTERDAY        0.17          1.44 1900   0.11   0.06     0.00
  MONTH TO DATE    0.82                      2.94  -2.12     3.50
  SINCE JAN 1     20.73                     24.55  -3.82    45.19

DEGREE DAYS
 COOLING
  YESTERDAY       17                        15      2       17
  MONTH TO DATE  487                       493     -6      455
  SINCE JAN 1   1626                      1692    -66     1560
..................................................................


WIND (MPH)
  HIGHEST WIND SPEED    23   HIGHEST WIND DIRECTION     W (250)
  HIGHEST GUST SPEED    29   HIGHEST GUST DIRECTION     W (250)
  AVERAGE WIND SPEED     9.9


SKY COVER
  AVERAGE SKY COVER 0.6


WEATHER CONDITIONS
 THE FOLLOWING WEATHER WAS RECORDED YESTERDAY.
  THUNDERSTORM
  RAIN
  LIGHT RAIN


RELATIVE HUMIDITY (PERCENT)
 HIGHEST    90           800 PM
 LOWEST     33           100 PM
 AVERAGE    62

..........................................................


THE OKLAHOMA CITY CLIMATE NORMALS FOR TODAY
                         NORMAL    RECORD    YEAR
 MAXIMUM TEMPERATURE (F)   91       106      1984
 MINIMUM TEMPERATURE (F)   69        50      1893


SUNRISE AND SUNSET
AUGUST 29 2014........SUNRISE   700 AM CDT   SUNSET   801 PM CDT
AUGUST 30 2014........SUNRISE   701 AM CDT   SUNSET   800 PM CDT


-  INDICATES NEGATIVE NUMBERS.
R  INDICATES RECORD WAS SET OR TIED.
MM INDICATES DATA IS MISSING.
T  INDICATES TRACE AMOUNT.




$$




U.S. Dept. of Commerce
NOAA National Weather Service
1325 East West Highway
Silver Spring, MD 20910
E-mail: w-nws.webmaster@noaa.gov
Page last modified: May 16, 2007
NATIONAL WEATHER SERVICE: for Safety, for Work, for Fun - FOR LIFE