938
CDUS44 KOUN 280637
CLIOKC

CLIMATE REPORT
NATIONAL WEATHER SERVICE NORMAN OK
136 AM CDT MON JUL 28 2014


...................................

...THE OKLAHOMA CITY CLIMATE SUMMARY FOR JULY 27 2014...

CLIMATE NORMAL PERIOD 1981 TO 2010
CLIMATE RECORD PERIOD 1890 TO 2014


WEATHER ITEM   OBSERVED TIME   RECORD YEAR NORMAL DEPARTURE LAST
                VALUE   (LST)  VALUE       VALUE  FROM      YEAR
                                                  NORMAL
..................................................................
TEMPERATURE (F)
 YESTERDAY
  MAXIMUM         96    237 PM 107    2011  95      1       88
  MINIMUM         71    608 AM  59    2004  73     -2       69
                                      1994
  AVERAGE         84                        84      0       79

PRECIPITATION (IN)
  YESTERDAY        0.00          5.60 1981   0.09  -0.09     0.00
  MONTH TO DATE    2.44                      2.57  -0.13     8.62
  SINCE JAN 1     18.17                     21.25  -3.08    40.47

DEGREE DAYS
 COOLING
  YESTERDAY       19                        19      0       14
  MONTH TO DATE  403                       486    -83      458
  SINCE JAN 1   1093                      1126    -33     1037
..................................................................


WIND (MPH)
  HIGHEST WIND SPEED    26   HIGHEST WIND DIRECTION    NE (40)
  HIGHEST GUST SPEED    33   HIGHEST GUST DIRECTION    NE (40)
  AVERAGE WIND SPEED     9.4


SKY COVER
  AVERAGE SKY COVER 0.5


WEATHER CONDITIONS
 THE FOLLOWING WEATHER WAS RECORDED YESTERDAY.
  NO SIGNIFICANT WEATHER WAS OBSERVED.


RELATIVE HUMIDITY (PERCENT)
 HIGHEST    84           600 AM
 LOWEST     37           600 PM
 AVERAGE    61

..........................................................


THE OKLAHOMA CITY CLIMATE NORMALS FOR TODAY
                         NORMAL    RECORD    YEAR
 MAXIMUM TEMPERATURE (F)   95       108      1986
 MINIMUM TEMPERATURE (F)   73        58      1994


SUNRISE AND SUNSET
JULY 28 2014..........SUNRISE   636 AM CDT   SUNSET   837 PM CDT
JULY 29 2014..........SUNRISE   637 AM CDT   SUNSET   837 PM CDT


-  INDICATES NEGATIVE NUMBERS.
R  INDICATES RECORD WAS SET OR TIED.
MM INDICATES DATA IS MISSING.
T  INDICATES TRACE AMOUNT.




$$




U.S. Dept. of Commerce
NOAA National Weather Service
1325 East West Highway
Silver Spring, MD 20910
E-mail: w-nws.webmaster@noaa.gov
Page last modified: May 16, 2007
NATIONAL WEATHER SERVICE: for Safety, for Work, for Fun - FOR LIFE