820
CDUS44 KOUN 310628
CLIOKC

CLIMATE REPORT
NATIONAL WEATHER SERVICE NORMAN OK
1226 AM CST SAT JAN 31 2015


...................................

...THE OKLAHOMA CITY CLIMATE SUMMARY FOR JANUARY 30 2015...

CLIMATE NORMAL PERIOD 1981 TO 2010
CLIMATE RECORD PERIOD 1890 TO 2015


WEATHER ITEM   OBSERVED TIME   RECORD YEAR NORMAL DEPARTURE LAST
                VALUE   (LST)  VALUE       VALUE  FROM      YEAR
                                                  NORMAL
..................................................................
TEMPERATURE (F)
 YESTERDAY
  MAXIMUM         49    351 PM  74    1917  51     -2       57
  MINIMUM         35    619 AM  -1    1895  30      5       32
  AVERAGE         42                        40      2       45

PRECIPITATION (IN)
  YESTERDAY        0.00          2.13 2002   0.06  -0.06     0.00
  MONTH TO DATE    1.22                      1.34  -0.12     0.07
  SINCE JAN 1      1.22                      1.34  -0.12     0.07

SNOWFALL (IN)
  YESTERDAY        0.0           1.2  1942   0.1   -0.1      0.0
  MONTH TO DATE    T                         2.7   -2.7      0.6
  SINCE JUL 1      6.0                       5.2    0.8      4.7
  SNOW DEPTH       0

DEGREE DAYS
 HEATING
  YESTERDAY       23                        25     -2       20
  MONTH TO DATE  733                       772    -39      797
  SINCE JUL 1   2037                      2127    -90     2325
..................................................................


WIND (MPH)
  HIGHEST WIND SPEED    12   HIGHEST WIND DIRECTION    SE (130)
  HIGHEST GUST SPEED    16   HIGHEST GUST DIRECTION     E (80)
  AVERAGE WIND SPEED     6.7


SKY COVER
  AVERAGE SKY COVER 0.8


WEATHER CONDITIONS
 THE FOLLOWING WEATHER WAS RECORDED YESTERDAY.
  NO SIGNIFICANT WEATHER WAS OBSERVED.


RELATIVE HUMIDITY (PERCENT)
 HIGHEST    70           400 AM
 LOWEST     34           300 PM
 AVERAGE    52

..........................................................


THE OKLAHOMA CITY CLIMATE NORMALS FOR TODAY
                         NORMAL    RECORD    YEAR
 MAXIMUM TEMPERATURE (F)   51        83      1911
 MINIMUM TEMPERATURE (F)   30        -1      1979


SUNRISE AND SUNSET
JANUARY 31 2015.......SUNRISE   731 AM CST   SUNSET   557 PM CST
FEBRUARY  1 2015......SUNRISE   730 AM CST   SUNSET   558 PM CST


-  INDICATES NEGATIVE NUMBERS.
R  INDICATES RECORD WAS SET OR TIED.
MM INDICATES DATA IS MISSING.
T  INDICATES TRACE AMOUNT.




$$




U.S. Dept. of Commerce
NOAA National Weather Service
1325 East West Highway
Silver Spring, MD 20910
E-mail: w-nws.webmaster@noaa.gov
Page last modified: May 16, 2007
NATIONAL WEATHER SERVICE: for Safety, for Work, for Fun - FOR LIFE