772
CDUS44 KOUN 230638
CLIOKC

OUNCLIOKC 000
TTAA00 KOUN 230635


CLIMATE REPORT
NATIONAL WEATHER SERVICE NORMAN OK
135 AM CDT WED APR 23 2014


...................................

...THE OKLAHOMA CITY CLIMATE SUMMARY FOR APRIL 22 2014...

CLIMATE NORMAL PERIOD 1981 TO 2010
CLIMATE RECORD PERIOD 1890 TO 2014


WEATHER ITEM   OBSERVED TIME   RECORD YEAR NORMAL DEPARTURE LAST
                VALUE   (LST)  VALUE       VALUE  FROM      YEAR
                                                  NORMAL
..................................................................
TEMPERATURE (F)
 YESTERDAY
  MAXIMUM         81    437 PM  95    1955  74      7       77
  MINIMUM         52    616 AM  34    1959  52      0       49
  AVERAGE         67                        63      4       63

PRECIPITATION (IN)
  YESTERDAY        0.00          1.98 1915   0.10  -0.10     0.02
  MONTH TO DATE    0.73                      2.05  -1.32     6.61
  SINCE JAN 1      2.42                      8.08  -5.66    11.56

SNOWFALL (IN)
  YESTERDAY        0.0           T    1955   0.0    0.0      0.0
  MONTH TO DATE    T                         0.0    0.0       T
  SINCE JUL 1     10.2                       7.6    2.6      7.7
  SNOW DEPTH       0

DEGREE DAYS
 HEATING
  YESTERDAY        0                         4     -4        2
  MONTH TO DATE  136                       146    -10      243
  SINCE JUL 1   3738                      3305    433     3288

 COOLING
  YESTERDAY        2                         2      0        0
  MONTH TO DATE   32                        32      0       10
  SINCE JAN 1     43                        45     -2       14
..................................................................


WIND (MPH)
  HIGHEST WIND SPEED    15   HIGHEST WIND DIRECTION     E (80)
  HIGHEST GUST SPEED    20   HIGHEST GUST DIRECTION     E (70)
  AVERAGE WIND SPEED     7.9


SKY COVER
  AVERAGE SKY COVER 0.1


WEATHER CONDITIONS
 THE FOLLOWING WEATHER WAS RECORDED YESTERDAY.
  NO SIGNIFICANT WEATHER WAS OBSERVED.


RELATIVE HUMIDITY (PERCENT)
 HIGHEST    87           100 AM
 LOWEST     18           200 PM
 AVERAGE    53

..........................................................


THE OKLAHOMA CITY CLIMATE NORMALS FOR TODAY
                         NORMAL    RECORD    YEAR
 MAXIMUM TEMPERATURE (F)   74        91      2006
 MINIMUM TEMPERATURE (F)   52        33      1909


SUNRISE AND SUNSET
APRIL 23 2014.........SUNRISE   648 AM CDT   SUNSET   810 PM CDT
APRIL 24 2014.........SUNRISE   647 AM CDT   SUNSET   811 PM CDT


-  INDICATES NEGATIVE NUMBERS.
R  INDICATES RECORD WAS SET OR TIED.
MM INDICATES DATA IS MISSING.
T  INDICATES TRACE AMOUNT.




$$




U.S. Dept. of Commerce
NOAA National Weather Service
1325 East West Highway
Silver Spring, MD 20910
E-mail: w-nws.webmaster@noaa.gov
Page last modified: May 16, 2007
NATIONAL WEATHER SERVICE: for Safety, for Work, for Fun - FOR LIFE