975
CDUS44 KOUN 190635
CLIOKC

CLIMATE REPORT
NATIONAL WEATHER SERVICE NORMAN OK
1234 AM CST FRI DEC 19 2014


...................................

...THE OKLAHOMA CITY CLIMATE SUMMARY FOR DECEMBER 18 2014...

CLIMATE NORMAL PERIOD 1981 TO 2010
CLIMATE RECORD PERIOD 1890 TO 2014


WEATHER ITEM   OBSERVED TIME   RECORD YEAR NORMAL DEPARTURE LAST
                VALUE   (LST)  VALUE       VALUE  FROM      YEAR
                                                  NORMAL
..................................................................
TEMPERATURE (F)
 YESTERDAY
  MAXIMUM         43    609 PM  69    2013  50     -7       69
                                      1982
  MINIMUM         38    111 AM   4    1924  30      8       32
  AVERAGE         41                        40      1       51

PRECIPITATION (IN)
  YESTERDAY        0.02          2.20 1898   0.06  -0.04     0.00
  MONTH TO DATE    0.53                      1.16  -0.63     0.23
  SINCE JAN 1     28.21                     35.80  -7.59    51.75

SNOWFALL (IN)
  YESTERDAY        0.0           3.4  1995   0.1   -0.1      0.0
  MONTH TO DATE    0.0                       1.1   -1.1      3.5
  SINCE JUL 1      2.5                       1.5    1.0      4.1
  SNOW DEPTH       0

DEGREE DAYS
 HEATING
  YESTERDAY       24                        25     -1       14
  MONTH TO DATE  339                       421    -82      507
  SINCE JUL 1    966                      1020    -54     1167
..................................................................


WIND (MPH)
  HIGHEST WIND SPEED    12   HIGHEST WIND DIRECTION    NE (30)
  HIGHEST GUST SPEED    15   HIGHEST GUST DIRECTION     S (170)
  AVERAGE WIND SPEED     5.1


SKY COVER
  AVERAGE SKY COVER 1.0


WEATHER CONDITIONS
 THE FOLLOWING WEATHER WAS RECORDED YESTERDAY.
  LIGHT RAIN
  FOG
  HAZE


RELATIVE HUMIDITY (PERCENT)
 HIGHEST    92           100 AM
 LOWEST     82          1100 AM
 AVERAGE    87

..........................................................


THE OKLAHOMA CITY CLIMATE NORMALS FOR TODAY
                         NORMAL    RECORD    YEAR
 MAXIMUM TEMPERATURE (F)   50        75      1978
 MINIMUM TEMPERATURE (F)   30        -2      1924


SUNRISE AND SUNSET
DECEMBER 19 2014......SUNRISE   734 AM CST   SUNSET   521 PM CST
DECEMBER 20 2014......SUNRISE   735 AM CST   SUNSET   521 PM CST


-  INDICATES NEGATIVE NUMBERS.
R  INDICATES RECORD WAS SET OR TIED.
MM INDICATES DATA IS MISSING.
T  INDICATES TRACE AMOUNT.




$$




U.S. Dept. of Commerce
NOAA National Weather Service
1325 East West Highway
Silver Spring, MD 20910
E-mail: w-nws.webmaster@noaa.gov
Page last modified: May 16, 2007
NATIONAL WEATHER SERVICE: for Safety, for Work, for Fun - FOR LIFE