083
CDUS44 KOUN 220628
CLIOKC

CLIMATE REPORT
NATIONAL WEATHER SERVICE NORMAN OK
127 AM CDT TUE JUL 22 2014


...................................

...THE OKLAHOMA CITY CLIMATE SUMMARY FOR JULY 21 2014...

CLIMATE NORMAL PERIOD 1981 TO 2010
CLIMATE RECORD PERIOD 1890 TO 2014


WEATHER ITEM   OBSERVED TIME   RECORD YEAR NORMAL DEPARTURE LAST
                VALUE   (LST)  VALUE       VALUE  FROM      YEAR
                                                  NORMAL
..................................................................
TEMPERATURE (F)
 YESTERDAY
  MAXIMUM         95    435 PM 107    1939  95      0       96
  MINIMUM         71    617 AM  54    1970  73     -2       74
  AVERAGE         83                        84     -1       85

PRECIPITATION (IN)
  YESTERDAY        0.00          1.58 1997   0.09  -0.09     0.00
  MONTH TO DATE    2.44                      2.04   0.40     4.35
  SINCE JAN 1     18.17                     20.72  -2.55    36.20

DEGREE DAYS
 COOLING
  YESTERDAY       18                        19     -1       20
  MONTH TO DATE  283                       372    -89      358
  SINCE JAN 1    973                      1012    -39      937
..................................................................


WIND (MPH)
  HIGHEST WIND SPEED    16   HIGHEST WIND DIRECTION    SE (140)
  HIGHEST GUST SPEED    22   HIGHEST GUST DIRECTION    SE (130)
  AVERAGE WIND SPEED     8.9


SKY COVER
  AVERAGE SKY COVER 0.3


WEATHER CONDITIONS
 THE FOLLOWING WEATHER WAS RECORDED YESTERDAY.
  FOG
  HAZE


RELATIVE HUMIDITY (PERCENT)
 HIGHEST    93           400 AM
 LOWEST     46           300 PM
 AVERAGE    70

..........................................................


THE OKLAHOMA CITY CLIMATE NORMALS FOR TODAY
                         NORMAL    RECORD    YEAR
 MAXIMUM TEMPERATURE (F)   95       107      1974
 MINIMUM TEMPERATURE (F)   73        57      1970


SUNRISE AND SUNSET
JULY 22 2014..........SUNRISE   632 AM CDT   SUNSET   842 PM CDT
JULY 23 2014..........SUNRISE   632 AM CDT   SUNSET   841 PM CDT


-  INDICATES NEGATIVE NUMBERS.
R  INDICATES RECORD WAS SET OR TIED.
MM INDICATES DATA IS MISSING.
T  INDICATES TRACE AMOUNT.




$$




U.S. Dept. of Commerce
NOAA National Weather Service
1325 East West Highway
Silver Spring, MD 20910
E-mail: w-nws.webmaster@noaa.gov
Page last modified: May 16, 2007
NATIONAL WEATHER SERVICE: for Safety, for Work, for Fun - FOR LIFE