407
CDUS44 KOUN 292209
CLIOKC

CLIMATE REPORT
NATIONAL WEATHER SERVICE NORMAN OK
508 PM CDT MON SEP 29 2014


...................................

...THE OKLAHOMA CITY CLIMATE SUMMARY FOR SEPTEMBER 29 2014...
VALID TODAY AS OF 0500 PM LOCAL TIME.

CLIMATE NORMAL PERIOD 1981 TO 2010
CLIMATE RECORD PERIOD 1890 TO 2014


WEATHER ITEM   OBSERVED TIME   RECORD YEAR NORMAL DEPARTURE LAST
                VALUE   (LST)  VALUE       VALUE  FROM      YEAR
                                                  NORMAL
..................................................................
TEMPERATURE (F)
 TODAY
  MAXIMUM         88    324 PM  96    1977  79      9       74
  MINIMUM         60    608 AM  39    1916  58      2       49
                                      1895
  AVERAGE         74                        68      6       62

PRECIPITATION (IN)
  TODAY            0.00          2.90 1986   0.12  -0.12     0.00
  MONTH TO DATE    2.13                      3.94  -1.81     1.95
  SINCE JAN 1     22.86                     28.83  -5.97    47.14

DEGREE DAYS
 HEATING
  TODAY            0                         2     -2        3
  MONTH TO DATE   11                        17     -6        3
  SINCE JUL 1     11                        17     -6        3

 COOLING
  TODAY            9                         5      4        0
  MONTH TO DATE  310                       281     29      359
  SINCE JAN 1   1983                      2018    -35     1982
..................................................................


WIND (MPH)
  HIGHEST WIND SPEED    14   HIGHEST WIND DIRECTION    SE (130)
  HIGHEST GUST SPEED    17   HIGHEST GUST DIRECTION    SE (120)
  AVERAGE WIND SPEED     3.4


SKY COVER
  AVERAGE SKY COVER 0.3


WEATHER CONDITIONS
 THE FOLLOWING WEATHER WAS RECORDED TODAY.
  NO SIGNIFICANT WEATHER WAS OBSERVED.


RELATIVE HUMIDITY (PERCENT)
 HIGHEST    93           800 AM
 LOWEST     35           300 PM
 AVERAGE    64

..........................................................


THE OKLAHOMA CITY CLIMATE NORMALS FOR TOMORROW
                         NORMAL    RECORD    YEAR
 MAXIMUM TEMPERATURE (F)   79       100      1977
 MINIMUM TEMPERATURE (F)   57        36      1895


SUNRISE AND SUNSET
SEPTEMBER 29 2014.....SUNRISE   724 AM CDT   SUNSET   717 PM CDT
SEPTEMBER 30 2014.....SUNRISE   724 AM CDT   SUNSET   716 PM CDT


-  INDICATES NEGATIVE NUMBERS.
R  INDICATES RECORD WAS SET OR TIED.
MM INDICATES DATA IS MISSING.
T  INDICATES TRACE AMOUNT.

$$




U.S. Dept. of Commerce
NOAA National Weather Service
1325 East West Highway
Silver Spring, MD 20910
E-mail: w-nws.webmaster@noaa.gov
Page last modified: May 16, 2007
NATIONAL WEATHER SERVICE: for Safety, for Work, for Fun - FOR LIFE