090
CDUS43 KEAX 181251
CLIOJC


CLIMATE REPORT
NATIONAL WEATHER SERVICE KANSAS CITY/PLEASANT HILL MO
750 AM CDT FRI APR 18 2014


...................................

...THE JOHNSON COUNTY EXECUTIVE KS CLIMATE SUMMARY FOR APRIL 18 2014...
VALID AS OF 0700 AM LOCAL TIME.

CLIMATE NORMAL PERIOD 1981 TO 2010
CLIMATE RECORD PERIOD 9999 TO 9999


WEATHER ITEM   OBSERVED TIME   NORMAL DEPARTURE LAST
                VALUE   (LST)  VALUE  FROM      YEAR
                                      NORMAL
......................................................
TEMPERATURE (F)
 TODAY
  MAXIMUM         38    148 AM  66    -28       46
  MINIMUM         32    435 AM  46    -14       35
  AVERAGE         35            56    -21       41

PRECIPITATION (IN)
  TODAY            0.00          0.13  -0.13     0.29
  MONTH TO DATE    1.76          2.04  -0.28     2.56
  SINCE MAR 1      2.55          4.67  -2.12     3.85
  SINCE JAN 1      3.04          7.36  -4.32     7.76

DEGREE DAYS
 HEATING
  TODAY           30            10     20       24
  MONTH TO DATE  284           221     63      291
  SINCE MAR 1   1040           845    195     1116
  SINCE JUL 1   5521          4738    783     4769

 COOLING
  TODAY            0             1     -1        0
  MONTH TO DATE    3            10     -7        0
  SINCE MAR 1      3            11     -8        0
  SINCE JAN 1      3            11     -8        1
......................................................


WIND (MPH)
  HIGHEST WIND SPEED     3   HIGHEST WIND DIRECTION     E (100)
  HIGHEST GUST SPEED     4   HIGHEST GUST DIRECTION    NW (310)
  AVERAGE WIND SPEED     0.0


SKY COVER
  AVERAGE SKY COVER 0.0


WEATHER CONDITIONS
 THE FOLLOWING WEATHER WAS RECORDED TODAY.
  FOG
  HAZE


RELATIVE HUMIDITY (PERCENT)
 HIGHEST    92           200 AM
 LOWEST     85          1200 AM
 AVERAGE    89

..........................................................


THE JOHNSON COUNTY EXECUTIVE KS CLIMATE NORMALS FOR TOMORROW
                         NORMAL
 MAXIMUM TEMPERATURE (F)   66
 MINIMUM TEMPERATURE (F)   46


SUNRISE AND SUNSET
APRIL 18 2014.........SUNRISE   638 AM CDT   SUNSET   759 PM CDT
APRIL 19 2014.........SUNRISE   637 AM CDT   SUNSET   800 PM CDT


-  INDICATES NEGATIVE NUMBERS.
R  INDICATES RECORD WAS SET OR TIED.
MM INDICATES DATA IS MISSING.
T  INDICATES TRACE AMOUNT.




$$





U.S. Dept. of Commerce
NOAA National Weather Service
1325 East West Highway
Silver Spring, MD 20910
E-mail: w-nws.webmaster@noaa.gov
Page last modified: May 16, 2007
NATIONAL WEATHER SERVICE: for Safety, for Work, for Fun - FOR LIFE